000
CXUS53 KUNR 011621
CLM2WX
CLIMATE REPORT
NATIONAL WEATHER SERVICE RAPID CITY SD
921 AM MST FRI MAR 01 2024
...................................
...THE BUFFALO SD CLIMATE SUMMARY FOR THE MONTH OF FEBRUARY 2024...
CLIMATE NORMAL PERIOD 1991 TO 2020
CLIMATE RECORD PERIOD 9999 TO 9999
WEATHER OBSERVED NORMAL DEPART LAST YEAR`S
VALUE DATE(S) VALUE FROM VALUE DATE(S)
NORMAL
................................................................
TEMPERATURE (F)
HIGHEST 65 02/26 60 02/13
LOWEST -3 02/28 -18 02/24
AVG. MAXIMUM 43.4 33.8 9.6 37.2
AVG. MINIMUM 22.5 12.9 9.6 15.4
MEAN 33.0 23.3 9.7 26.3
DAYS MAX >= 90 0 0
DAYS MAX <= 32 7 6
DAYS MIN <= 32 26 28
DAYS MIN <= 0 3 5
PRECIPITATION (INCHES)
TOTALS 0.19 0.41 -0.22 0.55
DAILY AVG. 0.01 NAN NAN 0.02
DAYS >= .01 7 6
DAYS >= .10 0 2
DAYS >= .50 0 0
DAYS >= 1.00 0 0
GREATEST
24 HR. TOTAL 0.07 02/12 TO 02/13 0.27
DEGREE DAYS
HEATING TOTAL 922 1166 -244 1075
SINCE 7/1 4783 5677 -894 MM
COOLING TOTAL 0 0 0 0
SINCE 1/1 0 0 0 MM
................................................................
WIND (MPH)
AVERAGE WIND SPEED 12.3
HIGHEST WIND SPEED/DIRECTION 43/320 DATE 02/27
HIGHEST GUST SPEED/DIRECTION 53/320 DATE 02/27
AVERAGE RH (PERCENT) 67
- INDICATES NEGATIVE NUMBERS.
R INDICATES RECORD WAS SET OR TIED.
MM INDICATES DATA IS MISSING.
T INDICATES TRACE AMOUNT.
$$