000
CXUS52 KTAE 081424 CCA
CLMAAF

CLIMATE REPORT
NATIONAL WEATHER SERVICE TALLAHASSEE FL
855 AM EDT FRI JUL 1 2016

...................................

...THE APALACHICOLA CLIMATE SUMMARY FOR THE MONTH OF JUNE 2016...

CLIMATE NORMAL PERIOD 1981 TO 2010
CLIMATE RECORD PERIOD 1931 TO 2016

WEATHER         OBSERVED                   LAST YEAR`S
                 VALUE   DATE(S)           VALUE  DATE(S)

.........................................................
TEMPERATURE (F)
HIGHEST            96   06/08                  96  06/17
LOWEST             67   06/22                  71  06/05
                                                   06/04
                                                   06/03
AVG. MAXIMUM     89.9                        91.6
AVG. MINIMUM     73.3                        75.6
MEAN             81.6                        83.6
DAYS MAX >= 90     18                          24
DAYS MAX <= 32      0                           0
DAYS MIN <= 32      0                           0
DAYS MIN <= 0       0                           0

PRECIPITATION (INCHES)
TOTALS           4.13                        6.88
DAILY AVG.       0.14                        0.24
DAYS >= .01         6                          12
DAYS >= .10         5                           9
DAYS >= .50         4                           6
DAYS >= 1.00        2                           2
GREATEST
 24 HR. TOTAL    1.14   06/30 TO 06/30       2.89

DEGREE_DAYS
HEATING TOTAL       0                           0
 SINCE 7/1        917                        1022
COOLING TOTAL     507                         546
 SINCE 1/1       1031                        1452
..........................................................

WIND (MPH)
AVERAGE WIND SPEED              6.9
HIGHEST WIND SPEED/DIRECTION    26/180    DATE  06/06
HIGHEST GUST SPEED/DIRECTION    34/180    DATE  06/06

SKY COVER
AVERAGE SKY COVER           0.20

AVERAGE RH (PERCENT)     79

WEATHER CONDITIONS. NUMBER OF DAYS WITH
THUNDERSTORM              0     MIXED PRECIP               0
HEAVY RAIN                4     RAIN                       6
LIGHT RAIN                9     FREEZING RAIN              0
LT FREEZING RAIN          0     HAIL                       0
HEAVY SNOW                0     SNOW                       0
LIGHT SNOW                0     SLEET                      0
FOG                      10     FOG W/VIS <= 1/4 MILE      2
HAZE                      0

-  INDICATES NEGATIVE NUMBERS.
R  INDICATES RECORD WAS SET OR TIED.
MM INDICATES DATA IS MISSING.
T  INDICATES TRACE AMOUNT.

$$
MIACLMAAF 000
TTAA00 KTAE 011239


CLIMATE REPORT
NATIONAL WEATHER SERVICE TALLAHASSEE FL
839 AM EDT MON MAY 1 2017

...................................

...THE APALACHICOLA CLIMATE SUMMARY FOR THE MONTH OF APRIL 2017...

CLIMATE NORMAL PERIOD 1981 TO 2010
CLIMATE RECORD PERIOD 1931 TO 2017

WEATHER         OBSERVED                   LAST YEAR`S
                 VALUE   DATE(S)           VALUE  DATE(S)

.........................................................
TEMPERATURE (F)
HIGHEST            84   04/29                  85  04/23
                        04/18
LOWEST             44   04/09                  48  04/09
AVG. MAXIMUM     78.8                        78.1
AVG. MINIMUM     60.1                        59.7
MEAN             69.4                        68.9
DAYS MAX >= 90      0                           0
DAYS MAX <= 32      0                           0
DAYS MIN <= 32      0                           0
DAYS MIN <= 0       0                           0

PRECIPITATION (INCHES)
TOTALS           0.50                        4.96
DAILY AVG.       0.02                        0.17
DAYS >= .01         2                           5
DAYS >= .10         1                           4
DAYS >= .50         0                           3
DAYS >= 1.00        0                           3
GREATEST
 24 HR. TOTAL    0.45   04/04 TO 04/04       3.65

DEGREE_DAYS
HEATING TOTAL      22                          10
 SINCE 7/1        675                         917
COOLING TOTAL     165                         137
 SINCE 1/1        308                         234
..........................................................

WIND (MPH)
AVERAGE WIND SPEED              8.0
HIGHEST WIND SPEED/DIRECTION    28/310    DATE  04/06
HIGHEST GUST SPEED/DIRECTION    36/310    DATE  04/06

SKY COVER
AVERAGE SKY COVER           0.20

AVERAGE RH (PERCENT)     78

WEATHER CONDITIONS. NUMBER OF DAYS WITH
THUNDERSTORM              0     MIXED PRECIP               0
HEAVY RAIN                0     RAIN                       1
LIGHT RAIN                4     FREEZING RAIN              0
LT FREEZING RAIN          0     HAIL                       0
HEAVY SNOW                0     SNOW                       0
LIGHT SNOW                0     SLEET                      0
FOG                      13     FOG W/VIS <= 1/4 MILE      3
HAZE                      0

-  INDICATES NEGATIVE NUMBERS.
R  INDICATES RECORD WAS SET OR TIED.
MM INDICATES DATA IS MISSING.
T  INDICATES TRACE AMOUNT.

$$
