000
CXAK58 PADQ 020828
CLMADQ


CLIMATE REPORT
NATIONAL WEATHER SERVICE ANCHORAGE, AK
1058 PM AKST THU FEB 1 2018

...................................

...THE KODIAK CLIMATE SUMMARY FOR THE MONTH OF JANUARY 2018...

CLIMATE NORMAL PERIOD 1981 TO 2010
CLIMATE RECORD PERIOD 1913 TO 2018

WEATHER         OBSERVED          NORMAL  DEPART  LAST YEAR`S
                 VALUE   DATE(S)  VALUE   FROM    VALUE  DATE(S)
                                          NORMAL
................................................................
TEMPERATURE (F)
RECORD
 HIGH              54   01/31/1963
 LOW              -16   01/28/1989
HIGHEST            44                MM      MM       44
LOWEST              6                MM      MM        7
AVG. MAXIMUM     36.3              35.0     1.3     35.1
AVG. MINIMUM     26.7              25.9     0.8     21.3
MEAN             31.5              30.5     1.0     28.2
DAYS MAX >= 90      0               0.0     0.0        0
DAYS MAX <= 32      9               7.5     1.5        7
DAYS MIN <= 32     24              21.0     3.0       25
DAYS MIN <= 0       0               0.2    -0.2        0

PRECIPITATION (INCHES)
RECORD
 MAXIMUM           MM   MM
 MINIMUM           MM   MM
TOTALS           6.27              8.29   -2.02     2.95
DAILY AVG.       0.20              0.27   -0.07     0.10
DAYS >= .01        16              19.4    -3.4        9
DAYS >= .10        11              13.4    -2.4        7
DAYS >= .50         5               6.7    -1.7        2
DAYS >= 1.00        1               2.4    -1.4        0
GREATEST
 24 HR. TOTAL    1.18   01/16 TO 01/16           01/25 TO 01/26
                                                          01/23 TO 01/23
                                                          01/23 TO 01/23
 STORM TOTAL       MM                                 MM
 (MM/DD(HH))            MM                    01/26(00) TO 01/26(00)
                                                 01/23(00) TO 01/23(00)3
                                                 01/23(00) TO 01/23(00)3

SNOWFALL (INCHES)
RECORDS
 TOTAL             MM   MM
 24 HR TOTAL       MM
 SNOW DEPTH        MM   MM
TOTALS            1.7              13.0   -11.3      7.4
SINCE 7/1        11.6              34.3   -22.7     13.0
SNOWDEPTH AVG.      0                 3      -3        1
DAYS >= TRACE      10               8.8     1.2       10
DAYS >= 1.0         1               3.8    -2.8
GREATEST
 SNOW DEPTH         1   01/25                          6  01/23
                        01/24
                        01/23
 24 HR TOTAL      1.5   01/16 TO 01/16           01/23 TO 01/23
                                                          01/23 TO 01/23
                                                          01/23 TO 01/23
 STORM TOTAL       MM                                 MM
 (MM/DD(HH))            MM

DEGREE_DAYS
HEATING TOTAL    1030              1071     -41     1132
 SINCE 7/1       4478              4914    -436     4367
COOLING TOTAL       0                 0       0        0
 SINCE 1/1          0                 0       0        0

FREEZE DATES
RECORD
 EARLIEST     MM
 LATEST       MM
EARLIEST                        MM
LATEST                          MM
....................................................

WIND (MPH)
AVERAGE WIND SPEED              12.9
RESULTANT WIND SPEED/DIRECTION   6/316
HIGHEST WIND SPEED/DIRECTION    48/050    DATE  01/13
HIGHEST GUST SPEED/DIRECTION    73/050    DATE  01/13

SKY COVER
POSSIBLE SUNSHINE (PERCENT)   MM
AVERAGE SKY COVER           0.70
NUMBER OF DAYS FAIR            8
NUMBER OF DAYS PC              8
NUMBER OF DAYS CLOUDY         15

AVERAGE RH (PERCENT)     80

WEATHER CONDITIONS. NUMBER OF DAYS WITH
THUNDERSTORM              0     MIXED PRECIP               0
HEAVY RAIN                1     RAIN                       9
LIGHT RAIN               16     FREEZING RAIN              0
LT FREEZING RAIN          0     HAIL                       0
HEAVY SNOW                0     SNOW                       2
LIGHT SNOW               13     SLEET                      0
FOG                      19     FOG W/VIS <= 1/4 MILE      2
HAZE                      6

-  INDICATES NEGATIVE NUMBERS.
R  INDICATES RECORD WAS SET OR TIED.
MM INDICATES DATA IS MISSING.
T  INDICATES TRACE AMOUNT.

$$
