000
CXUS42 KFFC 011712
CLMAHN


CLIMATE REPORT
NATIONAL WEATHER SERVICE PEACHTREE CITY GA
111 PM EDT MON AUG 1 2016

...................................

...THE ATHENS CLIMATE SUMMARY FOR THE MONTH OF JULY 2016...

CLIMATE NORMAL PERIOD 1981 TO 2010
CLIMATE RECORD PERIOD 1898 TO 2016

WEATHER         OBSERVED          NORMAL  DEPART  LAST YEAR`S
                 VALUE   DATE(S)  VALUE   FROM    VALUE  DATE(S)
                                          NORMAL
................................................................
TEMPERATURE (F)
RECORD
 HIGH             108   07/01/2012
                        07/12/1930
                        07/21/1926
 LOW               55   07/15/1967
                        07/02/1885
HIGHEST           101   07/26        MM      MM       98  07/28
                        07/25
LOWEST             68   07/22        MM      MM       66  07/01
                        07/12
AVG. MAXIMUM     96.3              91.4     4.9     92.9
AVG. MINIMUM     71.8              69.8     2.0     71.1
MEAN             84.0              80.6     3.4     82.0
DAYS MAX >= 90     31              19.4    11.6       25
DAYS MAX <= 32      0               0.0     0.0        0
DAYS MIN <= 32      0               0.0     0.0        0
DAYS MIN <= 0       0               0.0     0.0        0

PRECIPITATION (INCHES)
RECORD
 MAXIMUM        11.79   1919
 MINIMUM         0.99   1947
TOTALS           1.60              4.47   -2.87     5.08
DAILY AVG.       0.05              0.14   -0.09     0.16
GREATEST
 24 HR. TOTAL    1.17   07/31 TO 07/31           07/02 TO 07/03
                                                          07/31 TO 07/31
                                                          07/31 TO 07/31

DEGREE_DAYS
COOLING TOTAL     596               484     112      536
 SINCE 1/1       1377              1102     275     1331
..................................................

WIND (MPH)
AVERAGE WIND SPEED              3.3
HIGHEST WIND SPEED/DIRECTION    22/280    DATE  07/28
HIGHEST GUST SPEED/DIRECTION    33/270    DATE  07/28

SKY COVER
POSSIBLE SUNSHINE (PERCENT)   MM
AVERAGE SKY COVER           0.20
NUMBER OF DAYS FAIR           28
NUMBER OF DAYS PC              3
NUMBER OF DAYS CLOUDY          0

AVERAGE RH (PERCENT)     69

WEATHER CONDITIONS. NUMBER OF DAYS WITH
THUNDERSTORM              0     MIXED PRECIP               0
HEAVY RAIN                4     RAIN                       2
LIGHT RAIN               14     FREEZING RAIN              0
LT FREEZING RAIN          0     HAIL                       0
HEAVY SNOW                0     SNOW                       0
LIGHT SNOW                0     SLEET                      0
FOG                      10     FOG W/VIS <= 1/4 MILE      0
HAZE                      0

-  INDICATES NEGATIVE NUMBERS.
R  INDICATES RECORD WAS SET OR TIED.
MM INDICATES DATA IS MISSING.
T  INDICATES TRACE AMOUNT.

$$
