000
CXUS42 KFFC 011229
CLMAHN


CLIMATE REPORT
NATIONAL WEATHER SERVICE PEACHTREE CITY GA
826 AM EDT TUE NOV 1 2016

...................................

...THE ATHENS CLIMATE SUMMARY FOR THE MONTH OF OCTOBER 2016...

CLIMATE NORMAL PERIOD 1981 TO 2010
CLIMATE RECORD PERIOD 1898 TO 2016

WEATHER         OBSERVED          NORMAL  DEPART  LAST YEAR`S
                 VALUE   DATE(S)  VALUE   FROM    VALUE  DATE(S)
                                          NORMAL
................................................................
TEMPERATURE (F)
RECORD
 HIGH              98   10/06/1954
                        10/05/1954
 LOW               24   10/30/1952
HIGHEST            92   10/08        80      12       82  10/23
                                                          10/16
                                                          10/08
LOWEST             44   10/23        57     -13       35  10/20
                        10/22
AVG. MAXIMUM     82.1              74.4     7.7     72.9
AVG. MINIMUM     53.5              51.5     2.0     51.5
MEAN             67.8              63.0     4.8     62.2
DAYS MAX >= 90      3               0.2     2.8        0
DAYS MAX <= 32      0               0.0     0.0        0
DAYS MIN <= 32      0               0.4    -0.4        0
DAYS MIN <= 0       0               0.0     0.0        0

PRECIPITATION (INCHES)
RECORD
 MAXIMUM        11.23   1937
 MINIMUM         0.00   1963
TOTALS           0.03              3.55   -3.52     5.00
DAILY AVG.       0.00              0.11   -0.11     0.16
GREATEST
 24 HR. TOTAL    0.02   10/15 TO 10/15           10/03 TO 10/04
                        10/14 TO 10/15                    10/31 TO 10/31
                        10/15 TO 10/15                    10/31 TO 10/31

SNOWFALL (INCHES)
RECORDS
 TOTAL            0.0   2002
                        2001
 24 HR TOTAL      0.0   10/31/2002 TO 10/31/2002
                        10/01/2001 TO 10/01/2001
TOTALS            0.0               0.0     0.0      0.0
SINCE 7/1         0.0               0.0     0.0      0.0
SNOWDEPTH AVG.      0                MM      MM        0
DAYS >= TRACE       0               0.0     0.0        0
DAYS >= 1.0         0               0.0     0.0        0
GREATEST
 24 HR TOTAL      0.0   10/31 TO 10/31           10/31 TO 10/31
                                                          10/31 TO 10/31
                                                          10/31 TO 10/31

DEGREE_DAYS
HEATING TOTAL      31               125     -94      109
 SINCE 7/1         31               135    -104      111
COOLING TOTAL     128                62      66       29
 SINCE 1/1       2428              1877     551     2085
..................................................

WIND (MPH)
AVERAGE WIND SPEED              4.0
HIGHEST WIND SPEED/DIRECTION    23/310    DATE  10/21
HIGHEST GUST SPEED/DIRECTION    36/330    DATE  10/21

SKY COVER
POSSIBLE SUNSHINE (PERCENT)   MM
AVERAGE SKY COVER           0.10
NUMBER OF DAYS FAIR           28
NUMBER OF DAYS PC              1
NUMBER OF DAYS CLOUDY          2

AVERAGE RH (PERCENT)     65

WEATHER CONDITIONS. NUMBER OF DAYS WITH
THUNDERSTORM              0     MIXED PRECIP               0
HEAVY RAIN                0     RAIN                       0
LIGHT RAIN                2     FREEZING RAIN              0
LT FREEZING RAIN          0     HAIL                       0
HEAVY SNOW                0     SNOW                       0
LIGHT SNOW                0     SLEET                      0
FOG                       9     FOG W/VIS <= 1/4 MILE      0
HAZE                      3

-  INDICATES NEGATIVE NUMBERS.
R  INDICATES RECORD WAS SET OR TIED.
MM INDICATES DATA IS MISSING.
T  INDICATES TRACE AMOUNT.

$$
