000
CXAK58 PAKN 020052
CLMAKN

CLIMATE REPORT
NATIONAL WEATHER SERVICE KING SALMON, AK
352 PM AKST MON FEB 1 2016

...................................

...THE KING SALMON AP CLIMATE SUMMARY FOR THE MONTH OF JANUARY 2016...

CLIMATE NORMAL PERIOD 1981 TO 2010
CLIMATE RECORD PERIOD 1917 TO 2016

WEATHER         OBSERVED          NORMAL  DEPART  LAST YEAR`S
                 VALUE   DATE(S)  VALUE   FROM    VALUE  DATE(S)
                                          NORMAL
................................................................
TEMPERATURE (F)
RECORD
 HIGH              53   1/30/2007
 LOW              -48   1/28/1989
HIGHEST            45   1/31         40       5      48  1/08
LOWEST             10               -23      33     -12  1/25
AVG. MAXIMUM       38.3              23.6    14.7    27.8
AVG. MINIMUM       26.5               8.8    17.7    14.5
MEAN               32.4              16.2    16.2    21.1
DAYS MAX >= 90      0                 0.0     0.0     0
DAYS MAX <= 32      4                16.3   -12.3    21
DAYS MAX >= 80      0                 0.0     0.0     0
DAYS MAX >= 70      0                 0.0     0.0     0
DAYS MIN <= 32     17                26.0    -9.0    25
DAYS MIN <= 0       0                 9.2    -9.2     6

PRECIPITATION (INCHES)
RECORD
 MAXIMUM            3.02   1957
 MINIMUM            0.16   1959
TOTALS              0.48              1.02   -0.54    0.52
DAILY AVG.          0.02              0.03   -0.01    0.02
DAYS >= .01         9                10.5    -1.5     7
DAYS >= .10         2                 3.3    -1.3     2
DAYS >= .50         0                 0.1    -0.1     0
DAYS >= 1.0         0                 0.0    -0.0     0
GREATEST
 24 HR TOTAL        0.17   1/28                       0.15  1/08

SNOWFALL (INCHES)
RECORDS
 TOTAL             30.6   1993
 24 HR TOTAL       17.8   1-26-1993
 SNOW DEPTH        20     1-17-2000
TOTALS              0.6              10.2    -9.6     0.7
SINCE 7/1          29.9              29.5     0.4    11.7
SNOWDEPTH AVG.      0                 2      -2       0
DAYS >= TRACE       7                14.7    -7.7     7
DAYS >= 1.0         0                 3.2    -3.2     0
DAYS >= 6.0         0                 0.1    -0.1     0
GREATEST
 SNOW DEPTH         0   1/29                          2  1/07
 24 HR TOTAL      0.5   1/28                        0.4  1/22

DEGREE_DAYS
HEATING TOTAL    1002              1513    -511    1355
 SINCE 7/1       5067              6326   -1259    5134
COOLING TOTAL       0                 0       0       0
 SINCE 1/1          0                 0       0       0
................................................................

WIND (MPH)
AVERAGE WIND SPEED               12.7
HIGHEST WIND SPEED/DIRECTION     39/160    DATE    01/5
HIGHEST GUST SPEED/DIRECTION     49/080    DATE    01/1

SKY COVER
POSSIBLE SUNSHINE (PERCENT)   MM
AVERAGE SKY COVER             MM
NUMBER OF DAYS FAIR           MM
NUMBER OF DAYS PC             MM
NUMBER OF DAYS CLOUDY         MM

AVERAGE RH (PERCENT)     MM

WEATHER CONDITIONS. NUMBER OF DAYS WITH
THUNDERSTORM              0     ICE PELLETS                 0
RAIN                     14     GLAZE                       0
DRIZZLE                   1     HAIL                        0
SNOW                      7     HAZE                        0
FOG                      10     FOG W/VIS <= 1/4 MILE       0
BLOWING SNOW              0


-  INDICATES NEGATIVE NUMBERS.
R  INDICATES RECORD WAS SET OR TIED.
MM INDICATES DATA IS MISSING.
T  INDICATES TRACE AMOUNT.

&&

...A WARM AND DRY START FOR THE BRISTOL BAY AREA...

THE KING SALMON AREA EXPERIENCED A VERY WARM JANUARY 2016.
THE AVERAGE TEMPERATURE OF 32.4 DEGREES WAS A WHOPPING
16.2 DEGREES WARMER THAN THE AVERAGE MONTHLY TEMPERATURE
OF 16.2 DEGREES. IT WAS THE FOURTH WARMEST JANUARY RECORDED
AT KING SALMON. THE AVERAGE DAILY MAXIMUM TEMPERATURE WAS
38.3 DEGREES WHILE THE DAILY MINIMUM WAS 26.5. THE HIGHEST
DAILY TEMPERATURE RECORDED DURING THE MONTH WAS 45 DEGREES ON
THE 4TH AND THE 31ST. THE LOWEST DAILY TEMPERATURE RECORDED
DURING THE MONTH WAS 10 ON THE 13TH 14TH AND THE 21ST.  TWO
NEW RECORDS WERE SET FOR DAILY HIGH TEMPERATURE. 42 DEGREES
ON THE 2ND TIED THE PREVIOUS RECORD HIGH SET IN 1995. A HIGH
TEMPERATURE OF 45 DEGREES ON THE 4TH REPLACED THE PREVIOUS
RECORD OF 43 DEGREES HELD SINCE 1995.

A TOTAL OF ONLY 0.48 INCHES OF PRECIPITATION WAS MEASURED
DURING THE MONTH AT THE KING SALMON NATIONAL WEATHER SERVICE
OFFICE. THIS IS 0.54 INCHES LOWER THAN THE NORMAL MONTHLY
AVERAGE OF 1.02 INCHES. THE HIGHEST AMOUNT OF DAILY
PRECIPITATION WAS MEASURED ON THE 28TH WITH 0.17 INCHES . 16
DAYS OF THE MONTH RECEIVED A TRACE OR MORE OF PRECIPITATION.
JANUARY WAS THE 3RD DRIEST RECORDED SINCE CLIMATE RECORDS
STARTED IN 1917. 0.5 INCHES WAS RECORDED DURING JANUARY 1929
AND 0.0 WAS MEASURED IN 1930.

THE AVERAGE WIND SPEED FOR THE MONTH WAS 12.7 MPH. THE
HIGHEST SUSTAINED WIND OF THE MONTH WAS RECORDED ON THE 5TH WITH
A SOUTH WIND TO 39 MPH. THE HIGHEST SINGLE GUST OF WIND WAS
MEASURED ON THE 1ST OF THE MONTH WITH A SOUTH WIND TO 49 MPH.

ONLY 2 NEW RECORDS WERE SET DURING THE MONTH.  42 DEGREES ON THE
2ND TIES THE PREVIOUS RECORD SET IN 1995. 45 DEGREES ON THE 4TH
REPLACES THE PREVIOUS RECORD OF 43 DEGREES SET IN 1995.

$$
FS FEB 16
