000
CXUS55 KPUB 011428
CLMALS


CLIMATE REPORT
NATIONAL WEATHER SERVICE PUEBLO
727 AM MST SUN JAN 1 2017

...................................

...THE ALAMOSA CO CLIMATE SUMMARY FOR THE MONTH OF DECEMBER 2016...

CLIMATE NORMAL PERIOD 1981 TO 2010
CLIMATE RECORD PERIOD 1932 TO 2016

WEATHER         OBSERVED          NORMAL  DEPART  LAST YEAR`S
                 VALUE   DATE(S)  VALUE   FROM    VALUE  DATE(S)
                                          NORMAL
................................................................
TEMPERATURE (F)
RECORD
 HIGH              62   12/03/2010
 LOW              -42   12/08/1978
                        12/14/1964
HIGHEST            60   12/15        39      21       56  12/10
LOWEST            -18   12/27        -4     -14       -6  12/31
AVG. MAXIMUM     34.9              35.2    -0.3     38.5
AVG. MINIMUM      1.5               0.5     1.0      5.0
MEAN             18.2              17.9     0.3     21.7
DAYS MAX >= 90      0               0.0     0.0
DAYS MAX <= 32     16              11.0     5.0
DAYS MIN <= 32     30              30.9    -0.9
DAYS MIN <= 0      17              14.4     2.6

PRECIPITATION (INCHES)
RECORD
 MAXIMUM         1.52   1964
 MINIMUM            T   1996
                        1980
                        1956
TOTALS           1.08              0.35    0.73     0.25
DAILY AVG.       0.03              0.01    0.02
DAYS >= .01         7               4.5     2.5
DAYS >= .10         5               1.2     3.8
DAYS >= .50         0               0.0     0.0
DAYS >= 1.00        0               0.0     0.0
GREATEST
 24 HR. TOTAL    0.36   12/22 TO 12/22

SNOWFALL (INCHES)
RECORDS
 TOTAL           27.7   1967
TOTALS           10.2               4.5     5.7      3.4
SINCE 7/1        11.2              10.3     0.9      7.7
SNOWDEPTH AVG.      1
DAYS >= 1.0         5               1.6     3.4
GREATEST
 SNOW DEPTH         5   12/31                          3
                        12/25
 24 HR TOTAL      4.2   12/22 TO 12/22               2.5

DEGREE_DAYS
HEATING TOTAL    1444              1462     -18     1333
 SINCE 7/1       3308              3637    -329     3111
COOLING TOTAL       0                 0       0        0
 SINCE 1/1        115                51      64       74
.................................................................

WIND (MPH)
AVERAGE WIND SPEED              5.8
HIGHEST WIND SPEED/DIRECTION    47/240    DATE  12/16
HIGHEST GUST SPEED/DIRECTION    60/240    DATE  12/16

SKY COVER
POSSIBLE SUNSHINE (PERCENT)   MM
AVERAGE SKY COVER           0.30
NUMBER OF DAYS FAIR           22
NUMBER OF DAYS PC              5
NUMBER OF DAYS CLOUDY          4

AVERAGE RH (PERCENT)     71

WEATHER CONDITIONS. NUMBER OF DAYS WITH
THUNDERSTORM              0     MIXED PRECIP               0
HEAVY RAIN                0     RAIN                       1
LIGHT RAIN                2     FREEZING RAIN              0
LT FREEZING RAIN          0     HAIL                       0
HEAVY SNOW                0     SNOW                       3
LIGHT SNOW                6     SLEET                      0
FOG                      12     FOG W/VIS <= 1/4 MILE      7
HAZE                      5

-  INDICATES NEGATIVE NUMBERS.
R  INDICATES RECORD WAS SET OR TIED.
MM INDICATES DATA IS MISSING.
T  INDICATES TRACE AMOUNT.

$$
