000
CXUS54 KAMA 011648
CLMAMA


CLIMATE REPORT
NATIONAL WEATHER SERVICE AMARILLO TX
1145 AM CDT SUN OCT 1 2017

...................................

...THE AMARILLO CLIMATE SUMMARY FOR THE MONTH OF SEPTEMBER 2017...

CLIMATE NORMAL PERIOD 1981 TO 2010
CLIMATE RECORD PERIOD 1892 TO 2017

WEATHER         OBSERVED          NORMAL  DEPART  LAST YEAR`S
                 VALUE   DATE(S)  VALUE   FROM    VALUE  DATE(S)
                                          NORMAL
................................................................
TEMPERATURE (F)
RECORD
 HIGH             103   09/05/1995
 LOW               30   09/30/1984
HIGHEST            94   09/21                         93  09/19
                        09/14                             09/18
LOWEST             50   09/06                         46  09/27
                                                          09/26
AVG. MAXIMUM     81.7              82.6    -0.9     83.9
AVG. MINIMUM     57.6              56.4     1.2     59.3
MEAN             69.7              69.5     0.2     71.6
DAYS MAX >= 90      8               6.5     1.5        4
DAYS MAX <= 32      0               0.0     0.0        0
DAYS MIN <= 32      0               0.1    -0.1        0
DAYS MIN <= 0       0               0.0     0.0        0

PRECIPITATION (INCHES)
RECORD
 MAXIMUM         6.42   1923
 MINIMUM         0.03   2000
                        1977
TOTALS           3.40              1.92    1.48     0.82
DAILY AVG.       0.11              0.06    0.05     0.03
DAYS >= .01         8               6.3     1.7        3
DAYS >= .10         6               3.8     2.2        1
DAYS >= .50         2               1.3     0.7        1
DAYS >= 1.00        1               0.4     0.6        0
GREATEST
 24 HR. TOTAL    1.49   09/25 TO 09/25

SNOWFALL (INCHES)
RECORDS
 TOTAL            0.3   1984
TOTALS            0.0                 T     0.0      0.0
SINCE 7/1           T                 T     0.0        T
DAYS >= TRACE       0               0.0     0.0        0
DAYS >= 1.0         0               0.0     0.0        0
GREATEST
 SNOW DEPTH         0   MM
 24 HR TOTAL      0.0   09/30 TO 09/30

DEGREE_DAYS
HEATING TOTAL      44                43       1        9
 SINCE 7/1         44                44       0        9
COOLING TOTAL     191               178      13      212
 SINCE 1/1       1438              1370      68     1586
.................................................................

WIND (MPH)
AVERAGE WIND SPEED              12.0
HIGHEST WIND SPEED/DIRECTION    33/220    DATE  09/19
HIGHEST GUST SPEED/DIRECTION    45/240    DATE  09/19

SKY COVER
POSSIBLE SUNSHINE (PERCENT)   MM
NUMBER OF DAYS FAIR           22
NUMBER OF DAYS PC              1
NUMBER OF DAYS CLOUDY          6

AVERAGE RH (PERCENT)     62

WEATHER CONDITIONS. NUMBER OF DAYS WITH
THUNDERSTORM              0     MIXED PRECIP               0
HEAVY RAIN                3     RAIN                       4
LIGHT RAIN                9     FREEZING RAIN              0
LT FREEZING RAIN          0     HAIL                       0
HEAVY SNOW                0     SNOW                       0
LIGHT SNOW                0     SLEET                      0
FOG                       6     FOG W/VIS <= 1/4 MILE      1
HAZE                      0

-  INDICATES NEGATIVE NUMBERS.
R  INDICATES RECORD WAS SET OR TIED.
MM INDICATES DATA IS MISSING.
T  INDICATES TRACE AMOUNT.

$$
