745
CXUS54 KBMX 011517
CLMANB


CLIMATE REPORT
NATIONAL WEATHER SERVICE BIRMINGHAM, AL
917 AM CST THU FEB 1 2018

...................................

...THE ANNISTON CLIMATE SUMMARY FOR THE MONTH OF JANUARY 2018...

CLIMATE NORMAL PERIOD 1981 TO 2010
CLIMATE RECORD PERIOD 1903 TO 2018

WEATHER         OBSERVED          NORMAL  DEPART  LAST YEAR`S
                 VALUE   DATE(S)  VALUE   FROM    VALUE  DATE(S)
                                          NORMAL
................................................................
TEMPERATURE (F)
RECORD
 HIGH              80   01/25/1950
                        01/11/1949
                        01/10/1949
 LOW               -5   01/21/1985
HIGHEST            71   01/21        MM      MM       76  01/14
                        01/11
LOWEST              9   01/17        MM      MM       17  01/08
AVG. MAXIMUM     51.3              53.7    -2.4     62.0
AVG. MINIMUM     28.6              33.0    -4.4     40.9
MEAN             40.0                               51.5
DAYS MAX >= 90      0               0.0     0.0        0
DAYS MAX <= 32      3               0.6     2.4        1
DAYS MIN <= 32     21              15.0     6.0       10
DAYS MIN <= 0       0               0.0     0.0        0

PRECIPITATION (INCHES)
RECORD
 MAXIMUM        12.69   1972
 MINIMUM         0.95   1986
TOTALS           1.89              4.52   -2.63     7.55
DAILY AVG.       0.06              0.15   -0.09
DAYS >= .01         8              10.6    -2.6
DAYS >= .10         6               7.2    -1.2
DAYS >= .50         1               3.0    -2.0
DAYS >= 1.00        0               1.3    -1.3

DEGREE_DAYS
HEATING TOTAL     772               671     101      413
 SINCE 7/1       1843              1773      70     1180
.................................................................

WIND (MPH)
AVERAGE WIND SPEED              5.7
HIGHEST WIND SPEED/DIRECTION    24/230    DATE  01/12
HIGHEST GUST SPEED/DIRECTION    32/240    DATE  01/12

AVERAGE RH (PERCENT)     62

WEATHER CONDITIONS. NUMBER OF DAYS WITH
THUNDERSTORM              0     MIXED PRECIP               0
HEAVY RAIN                0     RAIN                       3
LIGHT RAIN                6     FREEZING RAIN              0
LT FREEZING RAIN          0     HAIL                       0
HEAVY SNOW                0     SNOW                       0
LIGHT SNOW                2     SLEET                      0
FOG                       9     FOG W/VIS <= 1/4 MILE      0
HAZE                      1

-  INDICATES NEGATIVE NUMBERS.
R  INDICATES RECORD WAS SET OR TIED.
MM INDICATES DATA IS MISSING.
T  INDICATES TRACE AMOUNT.

$$
