567
CXAK57 PAJK 042036
CLMANN
CLIMATE REPORT
NATIONAL WEATHER SERVICE JUNEAU, AK
1117 AM AKST MON DEC 4 2017

...................................

...THE ANNETTE ISLAND CLIMATE SUMMARY FOR THE MONTH OF NOVEMBER 2017...

CLIMATE NORMAL PERIOD 1981 TO 2010
CLIMATE RECORD PERIOD 1941 TO 2017

WEATHER         OBSERVED          NORMAL  DEPART  LAST YEAR`S
                 VALUE   DATE(S)  VALUE   FROM    VALUE
                                          NORMAL
.............................................................
TEMPERATURE (F)
RECORD
 HIGH              67   11/01/1970
 LOW               -3   12/31/1999
HIGHEST            50   11/01
LOWEST             24   11/06
                        11/05
AVG. MAXIMUM     44.1              44.6    -0.5
AVG. MINIMUM     33.8              35.4    -1.6
MEAN             39.0              40.0    -1.0
DAYS MAX >= 90      0               0.0     0.0
DAYS MAX <= 32      0               1.1    -1.1
DAYS MIN <= 32     11               8.4     2.6
DAYS MIN <= 0       0               0.0     0.0

PRECIPITATION (INCHES)
RECORD
 MAXIMUM        28.09   1959
 MINIMUM         3.61   1970
TOTALS           6.81             12.29   -5.48
DAILY AVG.       0.23              0.41   -0.18
DAYS >= .01        19              23.6    -4.6
DAYS >= .10        15              18.7    -3.7
DAYS >= .50         4               9.0    -5.0
DAYS >= 1.00        0               3.8    -3.8
GREATEST
 24 HR. TOTAL    0.94   11/17 TO 11/17

SNOWFALL (INCHES)
RECORDS
 TOTAL           24.8   1994
 24 HR TOTAL      8.6   11/30/1004
 SNOW DEPTH        10   11/23/1973
TOTALS            0.0               3.5    -3.5
SINCE 7/1         0.0               3.6    -3.6
SNOWDEPTH AVG.      0               1.0    -1.0
DAYS >= TRACE       0               2.9    -2.9
DAYS >= 1.0         0               1.1    -1.1        0
GREATEST
 SNOW DEPTH         0
 24 HR TOTAL      0.0

DEGREE_DAYS
HEATING TOTAL     775               750      25
 SINCE 7/1       1848              2044    -196
COOLING TOTAL       0                 0       0
 SINCE 1/1         44                17      27

FREEZE DATES
EARLIEST      11/02             10/29
LATEST                          04/12
..............................................................

WIND (MPH)
AVERAGE WIND SPEED              7.3
HIGHEST WIND SPEED/DIRECTION    30/140    DATE  11/12
HIGHEST GUST SPEED/DIRECTION    44/130    DATE  11/12


WEATHER CONDITIONS. NUMBER OF DAYS WITH
THUNDERSTORM              0     MIXED PRECIP               0
HEAVY RAIN                8     RAIN                      16
LIGHT RAIN               23     FREEZING RAIN              0
LT FREEZING RAIN          0     HAIL                       0
HEAVY SNOW                0     SNOW                       0
LIGHT SNOW                1     SLEET                      0
FOG                      15     FOG W/VIS <= 1/4 MILE      0
HAZE                      0

-  INDICATES NEGATIVE NUMBERS.
R  INDICATES RECORD WAS SET OR TIED.
MM INDICATES DATA IS MISSING.
T  INDICATES TRACE AMOUNT.

$$
...Below normal temperatures and well below normal precipitation for
November 2017...

November started out  decidedly colder than October and generally
below normal across all of Southeast Alaska. Departures from normal
ranged from less than a degree to more than 6 degrees below normal
with the coldest values over the norhtern Panhandle. This was
largely due to an extended outflow event. High pressure set up over
western Canada early in the month and, with the routine presence of
lows in the gulf, strong norhterly or northeasterly winds dominated
the wind regime over the northern two thirds of the panhandle for
much of the month.

With cold surface air in place earlier than normal, November snow
totals were generally above normal and, in some cases, more than a
foot above normal. In spite of the excellent start to the snow
season, most locations reported lower than normal monthly
precipitation with at least 11 climate sites that are routinely
monitored with regular daily data reporting record low precipitation
totals for the month.

$$
