000
CXUS52 KMFL 011128
CLMAPF


CLIMATE REPORT
NATIONAL WEATHER SERVICE MIAMI, FL
725 AM EDT SAT APR 1 2017

...................................

...THE NAPLES CLIMATE SUMMARY FOR THE MONTH OF MARCH 2017...

CLIMATE NORMAL PERIOD 1981 TO 2010
CLIMATE RECORD PERIOD 1942 TO 2017

WEATHER         OBSERVED          NORMAL  DEPART  LAST YEAR`S
                 VALUE   DATE(S)  VALUE   FROM    VALUE  DATE(S)
                                          NORMAL
................................................................
TEMPERATURE (F)
RECORD
 HIGH              91   03/31/2008
                        03/28/1975
                        03/09/1974
 LOW               33   03/04/1980
HIGHEST            87   03/23                         87  03/26
                        03/11
LOWEST             47   03/16                         50  03/22
AVG. MAXIMUM     80.7              79.9     0.8     81.5
AVG. MINIMUM     60.7              60.0     0.7     64.5
MEAN             70.7              70.0     0.7     73.0
DAYS MAX >= 90      0                                  0
DAYS MAX <= 32      0                                  0
DAYS MIN <= 32      0                                  0
DAYS MIN <= 0       0                                  0

PRECIPITATION (INCHES)
RECORD
 MAXIMUM        13.56   1970
 MINIMUM         0.00   1974
                        1945
TOTALS           0.14              2.38   -2.24     0.45
DAILY AVG.       0.00              0.08   -0.08     0.01
DAYS >= .01         3                                  4
DAYS >= .10         1                                  1
DAYS >= .50         0                                  0
DAYS >= 1.00        0                                  0
GREATEST
 24 HR. TOTAL    0.10   03/13 TO 03/13              0.37

DEGREE_DAYS
HEATING TOTAL      11                23     -12        4
 SINCE 7/1         67               256    -189      142
COOLING TOTAL     197               176      21      260
 SINCE 1/1        520               367     153      422
.................................................................

WIND (MPH)
AVERAGE WIND SPEED              8.8
HIGHEST WIND SPEED/DIRECTION    28/090    DATE  03/05
HIGHEST GUST SPEED/DIRECTION    36/080    DATE  03/05

SKY COVER
POSSIBLE SUNSHINE (PERCENT)   MM
AVERAGE SKY COVER           0.30
NUMBER OF DAYS FAIR           21
NUMBER OF DAYS PC             10
NUMBER OF DAYS CLOUDY          0

AVERAGE RH (PERCENT)     69

WEATHER CONDITIONS. NUMBER OF DAYS WITH
THUNDERSTORM              1     MIXED PRECIP               0
HEAVY RAIN                0     RAIN                       1
LIGHT RAIN                4     FREEZING RAIN              0
LT FREEZING RAIN          0     HAIL                       0
HEAVY SNOW                0     SNOW                       0
LIGHT SNOW                0     SLEET                      0
FOG                       6     FOG W/VIS <= 1/4 MILE      0
HAZE                      6

-  INDICATES NEGATIVE NUMBERS.
R  INDICATES RECORD WAS SET OR TIED.
MM INDICATES DATA IS MISSING.
T  INDICATES TRACE AMOUNT.

$$
