000
CXUS53 KAPX 011321
CLMAPN


CLIMATE REPORT
NATIONAL WEATHER SERVICE GAYLORD MI
921 AM EDT WED NOV 1 2017

...................................

...THE ALPENA MI CLIMATE SUMMARY FOR THE MONTH OF OCTOBER 2017...

CLIMATE NORMAL PERIOD 1981 TO 2010
CLIMATE RECORD PERIOD 1916 TO 2017

WEATHER         OBSERVED          NORMAL  DEPART  LAST YEAR`S
                 VALUE   DATE(S)  VALUE   FROM    VALUE  DATE(S)
                                          NORMAL
................................................................
TEMPERATURE (F)
RECORD
 HIGH              90   10/08/2007
 LOW               12   10/28/1933
                        10/30/1925
HIGHEST            81   10/03        MM      MM       80  10/07
LOWEST             27   10/30        MM      MM       26  10/28
AVG. MAXIMUM     63.6              55.9     7.7     60.8
AVG. MINIMUM     41.9              36.4     5.5     40.7
MEAN             52.8              46.2     6.6     50.8
DAYS MAX >= 90      0               0.0     0.0        0
DAYS MAX <= 32      0               0.1    -0.1        0
DAYS MIN <= 32      3               9.6    -6.6        7
DAYS MIN <= 0       0               0.0     0.0        0

PRECIPITATION (INCHES)
RECORD
 MAXIMUM           MM   MM
 MINIMUM           MM   MM
TOTALS           5.32              2.61    2.71     2.54
DAILY AVG.       0.17              0.08    0.09     0.08
DAYS >= .01        14              13.4     0.6       15
DAYS >= .10         6               6.3    -0.3        7
DAYS >= .50         2               1.5     0.5        1
DAYS >= 1.00        1               0.3     0.7        0
GREATEST
 24 HR. TOTAL    3.16   10/23 TO 10/23
 STORM TOTAL       MM
 (MM/DD(HH))            MM

SNOWFALL (INCHES)
RECORDS
 TOTAL             MM   MM
 SNOW DEPTH        MM   MM
TOTALS              T               0.4    -0.4      0.0
SINCE 7/1           T               0.4    -0.4      0.0
SNOWDEPTH AVG.      0                MM      MM        0
DAYS >= TRACE       1               0.8     0.2        0
DAYS >= 1.0         0               0.1    -0.1        0
GREATEST
 SNOW DEPTH         0   MM                             0  MM
 24 HR TOTAL        T   10/31 TO 10/31               0.0

DEGREE_DAYS
HEATING TOTAL     377               587    -210      437
 SINCE 7/1        607               944    -337      560
COOLING TOTAL       6                 2       4        2
 SINCE 1/1        358               291      67      549

FREEZE DATES
RECORD
 EARLIEST     MM
 LATEST       MM
EARLIEST      10/26             MM
LATEST                          MM
.................................................................

WIND (MPH)
AVERAGE WIND SPEED              7.4
HIGHEST WIND SPEED/DIRECTION    25/160    DATE  10/22
HIGHEST GUST SPEED/DIRECTION    36/160    DATE  10/23

SKY COVER
POSSIBLE SUNSHINE (PERCENT)   MM
AVERAGE SKY COVER           0.40
NUMBER OF DAYS FAIR           15
NUMBER OF DAYS PC              6
NUMBER OF DAYS CLOUDY         10

AVERAGE RH (PERCENT)     77

WEATHER CONDITIONS. NUMBER OF DAYS WITH
THUNDERSTORM              0     MIXED PRECIP               0
HEAVY RAIN                3     RAIN                       7
LIGHT RAIN               17     FREEZING RAIN              0
LT FREEZING RAIN          0     HAIL                       0
HEAVY SNOW                0     SNOW                       0
LIGHT SNOW                1     SLEET                      0
FOG                      20     FOG W/VIS <= 1/4 MILE      4
HAZE                      8

-  INDICATES NEGATIVE NUMBERS.
R  INDICATES RECORD WAS SET OR TIED.
MM INDICATES DATA IS MISSING.
T  INDICATES TRACE AMOUNT.

$$
