081
CXUS43 KLOT 011303
CLMARR


CLIMATE REPORT
NATIONAL WEATHER SERVICE CHICAGO IL
659 AM CST MON FEB 1 2016

...................................

...THE AURORA MUNICIPAL AIRPORT CLIMATE SUMMARY FOR THE MONTH OF JANUARY 2016...

CLIMATE NORMAL PERIOD 1981 TO 2010
CLIMATE RECORD PERIOD 1998 TO 2016

WEATHER         OBSERVED          NORMAL  DEPART  LAST YEAR`S
                 VALUE   DATE(S)  VALUE   FROM    VALUE
                                          NORMAL
.............................................................
TEMPERATURE (F)
RECORD
 HIGH              64   01/29/2013
 LOW              -17   01/06/2014
HIGHEST            49   01/31        MM      MM       42
LOWEST             -3   01/18        MM      MM      -16
AVG. MAXIMUM     31.9              29.1     2.8     29.5
AVG. MINIMUM     17.0              12.6     4.4     12.7
MEAN             24.5              20.8     3.7     21.1

PRECIPITATION (INCHES)
RECORD
 MAXIMUM         3.30   2013
 MINIMUM         0.15   2004
TOTALS           0.51              1.47   -0.96     0.68

DEGREE_DAYS
HEATING TOTAL    1249              1368    -119     1355
 SINCE 7/1       3122              4017    -895     3964
COOLING TOTAL       0                 0       0        0
 SINCE 1/1          0                 0       0        0
..............................................................

WIND (MPH)
AVERAGE WIND SPEED              10.7
HIGHEST WIND SPEED/DIRECTION    36/270    DATE  01/11
HIGHEST GUST SPEED/DIRECTION    44/270    DATE  01/11

AVERAGE RH (PERCENT)     77


-  INDICATES NEGATIVE NUMBERS.
R  INDICATES RECORD WAS SET OR TIED.
MM INDICATES DATA IS MISSING.
T  INDICATES TRACE AMOUNT.

$$
