775
CXUS53 KABR 011231
CLMATY


CLIMATE REPORT
NATIONAL WEATHER SERVICE ABERDEEN SD
724 AM CDT FRI JUL 1 2016

...................................

...THE WATERTOWN SD CLIMATE SUMMARY FOR THE MONTH OF JUNE 2016...

CLIMATE NORMAL PERIOD 1981 TO 2010
CLIMATE RECORD PERIOD 1898 TO 2016

WEATHER         OBSERVED          NORMAL  DEPART  LAST YEAR`S
                 VALUE   DATE(S)  VALUE   FROM    VALUE  DATE(S)
                                          NORMAL
................................................................
TEMPERATURE (F)
RECORD
 HIGH             107   06/28/1931
 LOW               30   06/02/1946
                        06/09/1915
HIGHEST            96   06/19        MM      MM       96  06/09
                        06/12
LOWEST             44   06/02        MM      MM       45  06/12
AVG. MAXIMUM     83.0              76.7     6.3     78.2
AVG. MINIMUM     58.1              54.5     3.6     56.0
MEAN             70.5              65.6     4.9     67.1
DAYS MAX >= 90      6               1.5     4.5        1
DAYS MAX <= 32      0               0.0     0.0        0
DAYS MIN <= 32      0               0.0     0.0        0
DAYS MIN <= 0       0               0.0     0.0        0

PRECIPITATION (INCHES)
RECORD
 MAXIMUM        11.37   1991
 MINIMUM         0.33   1950
TOTALS           1.53              3.58   -2.05     2.93
DAYS >= .01         5              11.2    -6.2        9
DAYS >= .10         3               7.0    -4.0        7
DAYS >= .50         1               2.4    -1.4        3
DAYS >= 1.00        1               1.0     0.0        0

SNOWFALL (INCHES)
RECORDS
 TOTAL             MM   MM
 SNOW DEPTH        MM   MM
TOTALS            0.0               0.0     0.0      0.0
SINCE 7/1        28.7              35.9    -7.2     25.3
SNOWDEPTH AVG.      0                MM      MM        0
DAYS >= TRACE       0               0.0     0.0        0
DAYS >= 1.0         0               0.0     0.0        0
GREATEST
 SNOW DEPTH         0   MM                             0  MM

DEGREE_DAYS
HEATING TOTAL      25                78     -53       27
 SINCE 7/1       6913              8525   -1612     8223
COOLING TOTAL     199                96     103       97
 SINCE 1/1        223               118     105      105

FREEZE DATES
RECORD
 EARLIEST     MM
 LATEST       MM
EARLIEST      10/16             MM
LATEST        05/15             MM
.................................................................

WIND (MPH)
AVERAGE WIND SPEED              10.9
RESULTANT WIND SPEED/DIRECTION   1/295
HIGHEST WIND SPEED/DIRECTION    36/320    DATE  06/03
HIGHEST GUST SPEED/DIRECTION    46/320    DATE  06/03

SKY COVER
POSSIBLE SUNSHINE (PERCENT)   MM
AVERAGE SKY COVER           0.20
NUMBER OF DAYS FAIR           26
NUMBER OF DAYS PC              3
NUMBER OF DAYS CLOUDY          1

AVERAGE RH (PERCENT)     61

WEATHER CONDITIONS. NUMBER OF DAYS WITH
THUNDERSTORM              0     MIXED PRECIP               0
HEAVY RAIN                4     RAIN                       3
LIGHT RAIN                7     FREEZING RAIN              0
LT FREEZING RAIN          0     HAIL                       0
HEAVY SNOW                0     SNOW                       0
LIGHT SNOW                0     SLEET                      0
FOG                       3     FOG W/VIS <= 1/4 MILE      0
HAZE                      3

-  INDICATES NEGATIVE NUMBERS.
R  INDICATES RECORD WAS SET OR TIED.
MM INDICATES DATA IS MISSING.
T  INDICATES TRACE AMOUNT.

$$
