000
CXUS51 KGYX 021127
CLMAUG

PWMCLMAUG 000
TTAA00 KGYX 020922


CLIMATE REPORT
NATIONAL WEATHER SERVICE GRAY ME
727 AM EDT THU JUL 2 2015

...................................

...THE AUGUSTA CLIMATE SUMMARY FOR THE MONTH OF JUNE 2015...

CLIMATE NORMAL PERIOD 1981 TO 2010
CLIMATE RECORD PERIOD 1948 TO 2015

WEATHER         OBSERVED          NORMAL  DEPART  LAST YEAR`S
                 VALUE   DATE(S)  VALUE   FROM    VALUE  DATE(S)
                                          NORMAL
................................................................
TEMPERATURE (F)
RECORD
 HIGH              98   06/19/1995
 LOW               36   06/09/1955
HIGHEST            85   06/11        89      -4       87  06/30
                                                          06/09
LOWEST             41   06/05        44      -3       45  06/01
AVG. MAXIMUM     69.3              73.8    -4.5     74.7
AVG. MINIMUM     52.3              54.2    -1.9     53.8
MEAN             60.8              64.0    -3.2     64.2
DAYS MAX >= 90      0               0.7    -0.7        0
DAYS MAX <= 32      0               0.0     0.0        0
DAYS MIN <= 32      0               0.0     0.0        0
DAYS MIN <= 0       0               0.0     0.0        0

PRECIPITATION (INCHES)
RECORD
 MAXIMUM        10.32   1998
 MINIMUM         0.48   1979
TOTALS           5.46              3.56    1.90     4.91
DAILY AVG.       0.18              0.12    0.06     0.16
DAYS >= .01        13              12.9     0.1        9
DAYS >= .10         9               7.1     1.9        6
DAYS >= .50         4               2.1     1.9        4
DAYS >= 1.00        2               0.7     1.3        2
GREATEST
 24 HR. TOTAL    1.30   06/28

DEGREE_DAYS
HEATING TOTAL     151                94      57       76
 SINCE 7/1       7816              7420     396     7772
COOLING TOTAL      33                64     -31       59
 SINCE 1/1         67                73      -6       59
.................................................................

WIND (MPH)
AVERAGE WIND SPEED              6.7
HIGHEST WIND SPEED/DIRECTION    25/360    DATE  06/06
HIGHEST GUST SPEED/DIRECTION    32/350    DATE  06/06

SKY COVER
AVERAGE SKY COVER           0.50

AVERAGE RH (PERCENT)     72

WEATHER CONDITIONS. NUMBER OF DAYS WITH
THUNDERSTORM              0     HEAVY RAIN                 3
RAIN                      8     LIGHT RAIN                15
FREEZING RAIN             0     LT FREEZING RAIN           0
HEAVY SNOW                0     SNOW                       0
LIGHT SNOW                0     FOG                       17
FOG W/VIS <= 1/4 MILE     3     HAZE                       1

-  INDICATES NEGATIVE NUMBERS.
R  INDICATES RECORD WAS SET OR TIED.
MM INDICATES DATA IS MISSING.
T  INDICATES TRACE AMOUNT.

$$
