000
CXUS51 KGYX 030916
CLMAUG

PWMCLMAUG 000
TTAA00 KGYX 021021


CLIMATE REPORT
NATIONAL WEATHER SERVICE GRAY ME
515 AM EDT SUN SEP 3 2017

...................................

...THE AUGUSTA CLIMATE SUMMARY FOR THE MONTH OF AUGUST 2017...

CLIMATE NORMAL PERIOD 1981 TO 2010
CLIMATE RECORD PERIOD 1948 TO 2017

WEATHER         OBSERVED          NORMAL  DEPART  LAST YEAR`S
                 VALUE   DATE(S)  VALUE   FROM    VALUE  DATE(S)
                                          NORMAL
................................................................
TEMPERATURE (F)
RECORD
 HIGH             100   08/05/1955
 LOW               39   08/27/1954
HIGHEST            88   08/02        90      -2       94  08/11
LOWEST             47   08/28        48      -1       54  08/23
AVG. MAXIMUM     77.2              78.0    -0.8     81.7
AVG. MINIMUM     57.7              58.5    -0.8     60.5
MEAN             67.5              68.3    -0.8     71.1
DAYS MAX >= 90      0               1.0    -1.0        3
DAYS MAX <= 32      0               0.0     0.0        0
DAYS MIN <= 32      0               0.0     0.0        0
DAYS MIN <= 0       0               0.0     0.0        0

PRECIPITATION (INCHES)
RECORD
 MAXIMUM         9.08   1991
 MINIMUM         0.19   2001
TOTALS           2.67              3.31   -0.64     2.31
DAILY AVG.       0.09              0.11   -0.02     0.07
DAYS >= .01        10              10.2    -0.2        8
DAYS >= .10         5               5.8    -0.8        4
DAYS >= .50         2               2.2    -0.2        2
DAYS >= 1.00        1               0.7     0.3        1
GREATEST
 24 HR. TOTAL    1.12   08/18

DEGREE_DAYS
HEATING TOTAL      30                26       4        4
 SINCE 7/1         41                42      -1       25
COOLING TOTAL     115               127     -12      201
 SINCE 1/1        360               357       3      457
.................................................................

WIND (MPH)
AVERAGE WIND SPEED              5.7
HIGHEST WIND SPEED/DIRECTION    22/320    DATE  08/31
HIGHEST GUST SPEED/DIRECTION    33/280    DATE  08/06

SKY COVER
AVERAGE SKY COVER           0.30

AVERAGE RH (PERCENT)     69

WEATHER CONDITIONS. NUMBER OF DAYS WITH
THUNDERSTORM              1     HEAVY RAIN                 3
RAIN                      4     LIGHT RAIN                 9
FREEZING RAIN             0     LT FREEZING RAIN           0
HEAVY SNOW                0     SNOW                       0
LIGHT SNOW                0     FOG                       17
FOG W/VIS <= 1/4 MILE     5     HAZE                       0

-  INDICATES NEGATIVE NUMBERS.
R  INDICATES RECORD WAS SET OR TIED.
MM INDICATES DATA IS MISSING.
T  INDICATES TRACE AMOUNT.

&&

AUGUST BEGAN WITH SOME WARM, HUMID WEATHER, WITH THE TEMPERATURE
REACHING 88 DEGREES ON THE 2ND, THE HOTTEST TEMPERATURE IN THE
ENTIRE MONTH. SOME COOLER WEATHER ARRIVED A FEW DAYS LATER, ALONG
WITH SOME RAINFALL. TEMPERATURES WERE WITHIN A FEW DEGREES ON EITHER
SIDE OF NORMAL FOR MOST OF THE MIDDLE OF AUGUST, WITH ONE NOTABLE
EXCEPTION. ON AUGUST 18, A FRONTAL SYSTEM BROUGHT MORE THAN AN INCH
OF RAINFALL AND THE HIGH TEMPERATURE THAT DAY WAS ONLY 63 DEGREES.
BY THE END OF AUGUST, A SHIFT TOWARD COOLER, DRIER WEATHER HAD
OCCURRED, WITH THE LAST 8 DAYS OF THE MONTH EXPERIENCING BELOW
NORMAL TEMPERATURES.

THE AVERAGE TEMPERATURE FOR THE MONTH WAS 67.5 DEGREES WHICH WAS 0.8
DEGREES BELOW NORMAL. THE COOLEST AUGUST ON RECORD WAS IN 1964 WHEN
THE AVERAGE TEMPERATURE WAS 62.2 DEGREES. THE WARMEST WAS IN 1973
WHEN THE AVERAGE TEMPERATURE WAS 72.9 DEGREES.

A TOTAL OF 2.67 INCHES OF RAIN FELL WHICH WAS 0.64 INCHES BELOW
NORMAL. ALMOST HALF OF THAT RAIN FELL IN ONE DAY WHEN 1.12 INCHES OF
RAIN FELL ON THE 18TH. THE DRIEST AUGUST ON RECORD WAS IN 2001 WHEN
ONLY 0.19 INCHES OF RAIN FELL. THE WETTEST WAS IN 1991 WHEN 9.08
INCHES WAS RECORDED.

THE FOLLOWING DAILY RECORDS WERE SET OR TIED IN AUGUST 2017..
DATE  RECORD                                PREVIOUS
18    63 - COOLEST HIGH TEMPERATURE         65 IN 1979

$$

KIMBLE
