000
CXUS53 KGRB 011041
CLMAUW


CLIMATE REPORT
NATIONAL WEATHER SERVICE GREEN BAY
437 AM CST FRI DEC 1 2017

...................................

...THE WAUSAU WI CLIMATE SUMMARY FOR THE MONTH OF NOVEMBER 2017...

CLIMATE NORMAL PERIOD 1981 TO 2010
CLIMATE RECORD PERIOD 1896 TO 2017

WEATHER         OBSERVED          NORMAL  DEPART  LAST YEAR`S
                 VALUE   DATE(S)  VALUE   FROM    VALUE  DATE(S)
                                          NORMAL
................................................................
TEMPERATURE (F)
RECORD
 HIGH              73   11/09/1999
 LOW              -15   11/25/1950
HIGHEST            60   11/24        59       1       69  11/05
LOWEST              5   11/10         6      -1       19  11/22
AVG. MAXIMUM     38.7              40.1    -1.4     50.1
AVG. MINIMUM     23.5              24.9    -1.4     32.2
MEAN             31.1              32.5    -1.4     41.2
DAYS MAX >= 90      0               0.0     0.0        0
DAYS MAX <= 32      4               6.9    -2.9        2
DAYS MIN <= 32     26              23.0     3.0       13
DAYS MIN <= 0       0               0.3    -0.3        0

PRECIPITATION (INCHES)
RECORD
 MAXIMUM         6.34   1934
 MINIMUM         0.02   1976
TOTALS           1.23              2.00   -0.77     1.89
DAILY AVG.       0.04              0.07   -0.03     0.06
DAYS >= .01        10              10.3    -0.3        9
DAYS >= .10         5               5.0     0.0        4
DAYS >= .50         0               1.1    -1.1
DAYS >= 1.00        0               0.3    -0.3        1
GREATEST
 STORM TOTAL       MM
 (MM/DD(HH))            MM

SNOWFALL (INCHES)
RECORDS
 TOTAL           22.6   1991
 24 HR TOTAL      5.8   MM
TOTALS            8.3               6.9     1.4      3.1
SINCE 7/1         8.3               8.3     0.0      3.1
DAYS >= TRACE       8               5.7     2.3
DAYS >= 1.0         3               2.1     0.9        2
GREATEST
 SNOW DEPTH         3   11/11                          2  11/22
 24 HR TOTAL      2.8   11/04 TO 11/04

DEGREE_DAYS
HEATING TOTAL    1012               975      37      707
 SINCE 7/1       1685              1859    -174     1278
COOLING TOTAL       0                 0       0        0
 SINCE 1/1        339               407     -68      512
.................................................................

WIND (MPH)
AVERAGE WIND SPEED              8.8
HIGHEST WIND SPEED/DIRECTION    29/290    DATE  11/21
HIGHEST GUST SPEED/DIRECTION    39/300    DATE  11/21

SKY COVER
POSSIBLE SUNSHINE (PERCENT)   MM
AVERAGE SKY COVER           0.50
NUMBER OF DAYS FAIR           10
NUMBER OF DAYS PC             12
NUMBER OF DAYS CLOUDY          8

AVERAGE RH (PERCENT)     74

WEATHER CONDITIONS. NUMBER OF DAYS WITH
THUNDERSTORM              0     MIXED PRECIP               0
HEAVY RAIN                2     RAIN                       2
LIGHT RAIN                5     FREEZING RAIN              0
LT FREEZING RAIN          0     HAIL                       0
HEAVY SNOW                0     SNOW                       2
LIGHT SNOW                9     SLEET                      0
FOG                      15     FOG W/VIS <= 1/4 MILE      2
HAZE                      3

-  INDICATES NEGATIVE NUMBERS.
R  INDICATES RECORD WAS SET OR TIED.
MM INDICATES DATA IS MISSING.
T  INDICATES TRACE AMOUNT.

$$
