000
CXUS53 KLBF 011050
CLMBBW


CLIMATE REPORT
NATIONAL WEATHER SERVICE NORTH PLATTE
542 AM CDT TUE JUL 1 2014

...................................

...THE BROKEN BOW NE CLIMATE SUMMARY FOR THE MONTH OF JUNE 2014...

CLIMATE NORMAL PERIOD 1981 TO 2010
CLIMATE RECORD PERIOD 1894 TO 2014

WEATHER         OBSERVED          NORMAL  DEPART  LAST YEAR`S
                 VALUE   DATE(S)  VALUE   FROM    VALUE  DATE(S)
                                          NORMAL
................................................................
TEMPERATURE (F)
RECORD
 HIGH             107   06/15/1946
                        06/23/1937
 LOW               30   06/04/1954
                        06/04/1950
HIGHEST            93   06/03        95      -2       94  06/22
                                                          06/21
LOWEST             46   06/13        40       6       37  06/02
AVG. MAXIMUM     80.9              80.7     0.2     81.1
AVG. MINIMUM     58.1              56.4     1.7     56.7
MEAN             69.5              68.5     1.0     68.9
DAYS MAX >= 90      3               4.7    -1.7        6
DAYS MAX <= 32      0               0.0     0.0        0
DAYS MIN <= 32      0               0.0     0.0        0
DAYS MIN <= 0       0               0.0     0.0        0

PRECIPITATION (INCHES)
RECORD
 MAXIMUM        10.33   1975
 MINIMUM         0.13   2012
TOTALS           7.76              4.00    3.76     2.10
DAILY AVG.       0.26              0.13    0.13     0.07
DAYS >= .01        15                MM      MM       10
DAYS >= .10        12                MM      MM        5
DAYS >= .50         7                MM      MM        1
DAYS >= 1.00        2                MM      MM        0
GREATEST
 24 HR. TOTAL    2.61   06/08 TO 06/09           06/08 TO 06/08
                                                          06/07 TO 06/08
                                                          06/08 TO 06/08

SNOWFALL (INCHES)
TOTALS             MM
SINCE 7/1          MM
SNOWDEPTH AVG.     MM
DAYS >= TRACE       0
DAYS >= 1.0         0
GREATEST
 SNOW DEPTH        MM

DEGREE_DAYS
HEATING TOTAL      25                46     -21       41
 SINCE 7/1       6989              6651     338     6930
COOLING TOTAL     165               152      13      167
 SINCE 1/1        243               186      57      202
.........................................................

WIND (MPH)
AVERAGE WIND SPEED              10.1
HIGHEST WIND SPEED/DIRECTION    41/300    DATE  06/19
HIGHEST GUST SPEED/DIRECTION    55/300    DATE  06/19

AVERAGE RH (PERCENT)     71

WEATHER CONDITIONS. NUMBER OF DAYS WITH
THUNDERSTORM              0     MIXED PRECIP               0
HEAVY RAIN               11     RAIN                      11
LIGHT RAIN               17     FREEZING RAIN              0
LT FREEZING RAIN          0     HAIL                       0
HEAVY SNOW                0     SNOW                       0
LIGHT SNOW                0     SLEET                      0
FOG                      17     FOG W/VIS <= 1/4 MILE      1
HAZE                      2

-  INDICATES NEGATIVE NUMBERS.
R  INDICATES RECORD WAS SET OR TIED.
MM INDICATES DATA IS MISSING.
T  INDICATES TRACE AMOUNT.

$$
