000
CXUS51 KBOX 020450
CLMBDL


CLIMATE REPORT
NATIONAL WEATHER SERVICE TAUNTON MA
1234 AM EDT MON OCT 2 2017

...................................

...THE HARTFORD CT CLIMATE SUMMARY FOR THE MONTH OF SEPTEMBER 2017...

CLIMATE NORMAL PERIOD 1981 TO 2010
CLIMATE RECORD PERIOD 1904 TO 2017

WEATHER         OBSERVED          NORMAL  DEPART
                 VALUE   DATE(S)  VALUE   FROM
                                          NORMAL
................................................
TEMPERATURE (F)
RECORD
 HIGH             101   09/02/1953
 LOW               30   09/29/2000
HIGHEST            92   09/24
LOWEST             41   09/02
AVG. MAXIMUM     78.3              74.9     3.4
AVG. MINIMUM     56.9              52.7     4.2
MEAN             67.6              63.8     3.8
DAYS MAX >= 90      2               0.8     1.2
DAYS MAX <= 32      0               0.0     0.0
DAYS MIN <= 32      0               0.1    -0.1
DAYS MIN <= 0       0               0.0     0.0

PRECIPITATION (INCHES)
RECORD
 MAXIMUM        14.59   1938
 MINIMUM         0.20   1914
TOTALS           2.25              3.88   -1.63
DAYS >= .01         8               9.8    -1.8
DAYS >= .10         4               6.0    -2.0
DAYS >= .50         2               2.5    -0.5
DAYS >= 1.00        0               1.0    -1.0
GREATEST
 24 HR. TOTAL    0.91   09/06 TO 09/06

SNOWFALL (INCHES)
RECORDS
 TOTAL             MM   MM
 SNOW DEPTH        MM   MM
TOTALS            0.0               0.0     0.0
SINCE 7/1         0.0               0.0     0.0
SNOWDEPTH AVG.      0
GREATEST
 SNOW DEPTH         0   MM
 24 HR TOTAL      0.0   09/30 TO 09/30

DEGREE_DAYS
HEATING TOTAL      59               110     -51
 SINCE 7/1         75               122     -47
COOLING TOTAL     142                74      68
 SINCE 1/1        829               749      80
.................................................

WIND (MPH)
AVERAGE WIND SPEED              6.7
RESULTANT WIND SPEED/DIRECTION   2/344
HIGHEST WIND SPEED/DIRECTION    26/010    DATE  09/22
HIGHEST GUST SPEED/DIRECTION    40/350    DATE  09/22

SKY COVER
POSSIBLE SUNSHINE (PERCENT)   MM
AVERAGE SKY COVER           0.50
NUMBER OF DAYS FAIR            9
NUMBER OF DAYS PC             14
NUMBER OF DAYS CLOUDY          7

AVERAGE RH (PERCENT)     72

WEATHER CONDITIONS. NUMBER OF DAYS WITH
THUNDERSTORM              0     MIXED PRECIP               0
HEAVY RAIN                3     RAIN                       3
LIGHT RAIN               10     FREEZING RAIN              0
LT FREEZING RAIN          0     HAIL                       0
HEAVY SNOW                0     SNOW                       0
LIGHT SNOW                0     SLEET                      0
FOG                      15     FOG W/VIS <= 1/4 MILE      4
HAZE                      3

-  INDICATES NEGATIVE NUMBERS.
R  INDICATES RECORD WAS SET OR TIED.
MM INDICATES DATA IS MISSING.
T  INDICATES TRACE AMOUNT.

$$
