963
CXUS51 KOKX 011428 RRA
CLMBDR

NYCCLMBDR 000
TTAA00 KOKX 011136


CLIMATE REPORT
NATIONAL WEATHER SERVICE NEW YORK NY
735 AM EDT SAT JUL 1 2017

...................................

...THE BRIDGEPORT CT CLIMATE SUMMARY FOR THE MONTH OF JUNE 2017...

CLIMATE NORMAL PERIOD 1981 TO 2010
CLIMATE RECORD PERIOD 1948 TO 2017

WEATHER         OBSERVED          NORMAL  DEPART  LAST YEAR`S
                 VALUE   DATE(S)  VALUE   FROM    VALUE  DATE(S)
                                          NORMAL
................................................................
TEMPERATURE (F)
RECORD
 HIGH              97   06/09/2008
 LOW               41   06/01/1967
HIGHEST            94   06/13        MM      MM       89  06/22
LOWEST             50   06/09        MM      MM       52  06/11
AVG. MAXIMUM     79.7              77.0     2.7     78.7
AVG. MINIMUM     62.2              60.4     1.8     62.0
MEAN             71.0              68.7     2.3     70.3
DAYS MAX >= 90      4               1.1     2.9        0
DAYS MAX <= 32      0               0.0     0.0        0
DAYS MIN <= 32      0               0.0     0.0        0
DAYS MIN <= 0       0               0.0     0.0        0

PRECIPITATION (INCHES)
RECORD
 MAXIMUM        17.70   1972
 MINIMUM         0.07   1949
TOTALS           2.40              3.61   -1.21     1.26
DAILY AVG.       0.08              0.12   -0.04     0.04
DAYS >= .01        13              11.1     1.9        7
DAYS >= .10         5               6.8    -1.8        2
DAYS >= .50         2               2.3    -0.3        1
DAYS >= 1.00        0               0.8    -0.8        0
GREATEST
 24 HR. TOTAL    0.84   06/19 TO 06/19           06/05 TO 06/05
                                                          06/04 TO 06/05
                                                          06/05 TO 06/05
 STORM TOTAL       MM                                 MM
 (MM/DD(HH))            MM                    06/05(00) TO 06/05(00)
                                                 06/05(00) TO 06/05(00)5
                                                 06/05(00) TO 06/05(00)5

DEGREE_DAYS
HEATING TOTAL      25                32      -7        4
 SINCE 7/1       4565              5392    -827     4421
COOLING TOTAL     214               143      71      172
 SINCE 1/1        258               167      91      230
......................................................

WIND (MPH)
AVERAGE WIND SPEED              8.2
HIGHEST WIND SPEED/DIRECTION    26/230    DATE  06/19
HIGHEST GUST SPEED/DIRECTION    36/290    DATE  06/30


WEATHER CONDITIONS. NUMBER OF DAYS WITH
THUNDERSTORM              0     MIXED PRECIP               0
HEAVY RAIN                2     RAIN                       4
LIGHT RAIN               12     FREEZING RAIN              0
LT FREEZING RAIN          0     HAIL                       0
HEAVY SNOW                0     SNOW                       0
LIGHT SNOW                0     SLEET                      0
FOG                      12     FOG W/VIS <= 1/4 MILE      2
HAZE                      6

-  INDICATES NEGATIVE NUMBERS.
R  INDICATES RECORD WAS SET OR TIED.
MM INDICATES DATA IS MISSING.
T  INDICATES TRACE AMOUNT.

$$
