370
CXUS46 KHNX 031127
CLMBFL


CLIMATE REPORT
NATIONAL WEATHER SERVICE SAN JOAQUIN VALLEY, CA
427 AM PDT FRI NOV 3 2017

...................................

...THE BAKERSFIELD CLIMATE SUMMARY FOR THE MONTH OF OCTOBER 2017...

CLIMATE NORMAL PERIOD 1981 TO 2010
CLIMATE RECORD PERIOD 1889 TO 2017

WEATHER         OBSERVED          NORMAL  DEPART  LAST YEAR`S
                 VALUE   DATE(S)  VALUE   FROM    VALUE  DATE(S)
                                          NORMAL
................................................................
TEMPERATURE (F)
RECORD
 HIGH             104   10/05/1933
                        10/04/1933
 LOW               29   10/30/1971
HIGHEST            94   10/26        MM      MM       92  10/09
LOWEST             47   10/15        MM      MM       50  10/31
                                                          10/18
AVG. MAXIMUM     82.5              79.4     3.1     80.0
AVG. MINIMUM     53.8              55.0    -1.2     56.1
MEAN             68.2              67.2     1.0     68.0
DAYS MAX >= 90      4               3.5     0.5        3
DAYS MIN <= 32      0               0.0     0.0        0

PRECIPITATION (INCHES)
RECORD
 MAXIMUM         2.04   1889
TOTALS              T              0.30   -0.30     0.24
DAYS >= .01         0               1.8    -1.8        4
DAYS >= .10         0               0.9    -0.9        1
DAYS >= .50         0               0.1    -0.1        0
DAYS >= 1.00        0               0.0     0.0        0
GREATEST
 24 HR. TOTAL       T   10/20 TO 10/20
                        10/09 TO 10/09

SNOWFALL (INCHES)
RECORDS
 TOTAL             MM   5
TOTALS            0.0               0.0

DEGREE_DAYS
HEATING TOTAL      28                56     -28       17
 SINCE 7/1         29                58     -29       17
COOLING TOTAL     135               124      11      118
 SINCE 1/1       2938              2254     684     2723
.................................................................

WIND (MPH)
AVERAGE WIND SPEED              5.2
HIGHEST WIND SPEED/DIRECTION    35/140    DATE  10/09
HIGHEST GUST SPEED/DIRECTION    40/150    DATE  10/09

AVERAGE RH (PERCENT)     40

WEATHER CONDITIONS. NUMBER OF DAYS WITH
THUNDERSTORM              0     RAIN                       0
HAIL                      0     FOG                        0
FOG W/VIS <= 1/4 MILE     0     HAZE                      19

-  INDICATES NEGATIVE NUMBERS.
R  INDICATES RECORD WAS SET OR TIED.
MM INDICATES DATA IS MISSING.
T  INDICATES TRACE AMOUNT.

$$
