000
CXUS54 KAMA 011532
CLMBGD


CLIMATE REPORT
NATIONAL WEATHER SERVICE AMARILLO TX
932 AM CST WED MAR 1 2017

...................................

...THE BORGER CLIMATE SUMMARY FOR THE MONTH OF FEBRUARY 2017...

CLIMATE NORMAL PERIOD 1981 TO 2010
CLIMATE RECORD PERIOD 1949 TO 2017

WEATHER         OBSERVED          NORMAL  DEPART  LAST YEAR`S
                 VALUE   DATE(S)  VALUE   FROM    VALUE  DATE(S)
                                          NORMAL
................................................................
TEMPERATURE (F)
HIGHEST            90R  02/10                         88  02/18
LOWEST             17   02/03                         20  02/04
                                                          02/03
AVG. MAXIMUM     65.0              54.8    10.2     62.9
AVG. MINIMUM     34.6              29.4     5.2     33.9
MEAN             49.8              42.1     7.7     48.4
DAYS MAX >= 90      1               0.0     1.0        0
DAYS MAX <= 32      0               1.2    -1.2        0
DAYS MIN <= 32     13              17.2    -4.2       13
DAYS MIN <= 0       0               0.0     0.0        0

PRECIPITATION (INCHES)
TOTALS           0.37              0.62   -0.25     0.64
DAILY AVG.       0.01              0.02   -0.01     0.02
DAYS >= .01         2               4.1    -2.1        2
DAYS >= .10         2               1.8     0.2        2
DAYS >= .50         0               0.4    -0.4        0
DAYS >= 1.00        0               0.0     0.0        0
GREATEST
 24 HR. TOTAL    0.36   02/13 TO 02/14

SNOWFALL (INCHES)
TOTALS              T                MM      MM        T
SINCE 7/1         0.1                MM      MM      6.2
DAYS >= TRACE       1                MM      MM        1
DAYS >= 1.0         0                MM      MM        0
GREATEST
 SNOW DEPTH         0   MM
 24 HR TOTAL        T   02/14 TO 02/14

DEGREE_DAYS
HEATING TOTAL     433               641    -208      482
 SINCE 7/1       2335              2993    -658     2495
COOLING TOTAL      14                 0      14        6
 SINCE 1/1         14                 0      14        6
.................................................................

WIND (MPH)
AVERAGE WIND SPEED              11.0
HIGHEST WIND SPEED/DIRECTION    38/240    DATE  02/28
HIGHEST GUST SPEED/DIRECTION    54/230    DATE  02/28

SKY COVER
POSSIBLE SUNSHINE (PERCENT)   MM
NUMBER OF DAYS FAIR           26
NUMBER OF DAYS PC              1
NUMBER OF DAYS CLOUDY          1

AVERAGE RH (PERCENT)     46

WEATHER CONDITIONS. NUMBER OF DAYS WITH
THUNDERSTORM              0     MIXED PRECIP               0
HEAVY RAIN                0     RAIN                       1
LIGHT RAIN                3     FREEZING RAIN              0
LT FREEZING RAIN          0     HEAVY SNOW                 0
SNOW                      0     LIGHT SNOW                 1
SLEET                     0     FOG                        2
FOG W/VIS <= 1/4 MILE     0     HAZE                       0

-  INDICATES NEGATIVE NUMBERS.
R  INDICATES RECORD WAS SET OR TIED.
MM INDICATES DATA IS MISSING.
T  INDICATES TRACE AMOUNT.

$$
