000
CXUS51 KCAR 010919
CLMBGR

CLIMATE REPORT...PRELIMINARY
NATIONAL WEATHER SERVICE CARIBOU, ME
435 AM EDT TUE AUG 1 2017

...................................

...THE BANGOR ME CLIMATE SUMMARY FOR THE MONTH OF JULY 2017...

CLIMATE NORMAL PERIOD 1981 TO 2010
CLIMATE RECORD PERIOD 1925 TO 2017

WEATHER         OBSERVED          NORMAL  DEPART  LAST YEAR`S
                 VALUE   DATE(S)  VALUE   FROM    VALUE  DATE(S)
                                          NORMAL
................................................................
TEMPERATURE (F)
RECORD
 HIGH              99   07/14/1995
                        07/30/1949
                        07/04/1949
 LOW               37   07/16/1946
HIGHEST            87   07/21        MM      MM       89  07/27
                        07/20                             07/22
                                                          07/15
LOWEST             47   07/14        MM      MM       53  07/07
AVG. MAXIMUM     78.9              79.4    -0.5     80.6
AVG. MINIMUM     56.4              57.7    -1.3     60.1
MEAN             67.7              68.5    -0.8     70.4
DAYS MAX >= 90      0               1.5    -1.5        0
DAYS MAX <= 32      0               0.0     0.0        0
DAYS MIN <= 32      0               0.0     0.0        0
DAYS MIN <= 0       0               0.0     0.0        0

PRECIPITATION (INCHES)
RECORD
 MAXIMUM         7.25   1983
 MINIMUM         0.27   1952
TOTALS           1.91                     -1.55
DAILY AVG.       0.06              0.11   -0.05     0.09
DAYS >= .01         9              11.2    -2.2       13
DAYS >= .10         7               7.2    -0.2        7
DAYS >= .50         1               2.3    -1.3        3
DAYS >= 1.00        0               0.7    -0.7        0
GREATEST
 24 HR. TOTAL    0.52   07/13 TO 07/13           07/01 TO 07/02
                                                          07/31 TO 07/31
                                                          07/31 TO 07/31

SNOWFALL (INCHES)
RECORDS
 TOTAL             MM   MM
TOTALS            0.0               0.0     0.0      0.0
SINCE 7/1         0.0               0.0     0.0      0.0
SNOWDEPTH AVG.      0                MM      MM        0
DAYS >= 1.0         0               0.0     0.0        0
GREATEST
 SNOW DEPTH         0   MM                             0  MM
 24 HR TOTAL      0.0   07/31 TO 07/31           07/31 TO 07/31
                                                          07/31 TO 07/31
                                                          07/31 TO 07/31

DEGREE_DAYS
HEATING TOTAL      14                23      -9       23
 SINCE 7/1         14                23      -9       23
COOLING TOTAL     104               132     -28      198
 SINCE 1/1        164               190     -26      230
..................................................

WIND (MPH)
AVERAGE WIND SPEED              6.5
HIGHEST WIND SPEED/DIRECTION    23/180    DATE  07/06
HIGHEST GUST SPEED/DIRECTION    30/180    DATE  07/06

SKY COVER
POSSIBLE SUNSHINE (PERCENT)   MM
AVERAGE SKY COVER           0.60
NUMBER OF DAYS FAIR            4
NUMBER OF DAYS PC             18
NUMBER OF DAYS CLOUDY          9

AVERAGE RH (PERCENT)     71

WEATHER CONDITIONS. NUMBER OF DAYS WITH
THUNDERSTORM              0     MIXED PRECIP               0
HEAVY RAIN                1     RAIN                       3
LIGHT RAIN               12     FREEZING RAIN              0
LT FREEZING RAIN          0     HAIL                       0
HEAVY SNOW                0     SNOW                       0
LIGHT SNOW                0     SLEET                      0
FOG                      20     FOG W/VIS <= 1/4 MILE      4
HAZE                      3

-  INDICATES NEGATIVE NUMBERS.
R  INDICATES RECORD WAS SET OR TIED.
MM INDICATES DATA IS MISSING.
T  INDICATES TRACE AMOUNT.

&&

...NORTHERN AND EASTERN MAINE JULY 2017 CLIMATE NARRATIVE...

JULY 2017 ACROSS NORTHERN AND EASTERN MAINE FINISHED WITH AT OR
SLIGHTLY BELOW AVERAGE TEMPERATURES FOR THE MONTH AND SIGNIFICANTLY
BELOW AVERAGE RAINFALL.

AVERAGE TEMPERATURES FOR THE MONTH RANGED FROM NEAR NORMAL TO JUST 1
DEGREE BELOW AVERAGE. THERE WERE NO DAYS WITH MAX TEMPS AT OR ABOVE
90 DEGREES AT THE MAJOR CLIMATE STATIONS. THE WARMEST STRETCHES FOR
MOST LOCATIONS OCCURRED BETWEEN 9TH AND 12TH THE 16TH AND 22ND WHICH
FEATURED CONSECUTIVE DAYS OF AT OR JUST ABOVE 80 DEGREE HIGHS. THE
COOLEST STRETCH EXTENDING FROM THE 22ND TO 30TH, NORMALLY A PERIOD
IN SUMMER MOST IMMUNE FROM VERY COOL SPELLS, FEATURED SEVERAL COOL,
FALL LIKE, MORNINGS WITH LOWS IN THE 40S AND EVEN 30S AT THE
TYPICALLY COOL NORTHWEST VALLEY LOCATIONS. THE COOLEST MORNING WAS
THE 23RD WHERE RECORD LOWS OF 42 AND 38 OCCURRED AT CARIBOU AND
HOULTON RESPECTFULLY, AND AN UNOFFICIAL LOW OF 31 DEGREES WAS
REPORTED AT ESCOURT STATION, THE NORTHWEST MOST LOCATION IN MAINE.
LOW TEMPERATURES ACROSS THE REGION ON THE 24TH, 29TH, AND 30TH WERE
NOT FAR BEHIND.

TOTAL RAINFALL ONLY AVERAGED 40 TO 70 PERCENT OF AVERAGE ACROSS THE
REGION. OF ALL THE MAJOR CLIMATE LOCATIONS IN OUR AREA, ONLY
CARIBOU HAD AN ABOVE 1 INCH RAIN TOTAL FOR AN INDIVIDUAL DAY OF 1.08
INCHES ON THE 7TH. MONTHLY TOTALS OF 2.62 INCHES AT CARIBOU, 1.79
INCHES AT HOULTON, AND 1.91 INCHES AT BANGOR FINISHED 12TH, 8TH, AND
15TH DRIEST RESPECTFULLY AGAINST EACH LOCATIONS LENGTH OF RECORD.
THE LATTER PORTION OF THE MONTH WHEN TEMPERATURES WERE COOLER WAS
THE DRIEST TIME WITH FEW MEASURABLE RAIN DAYS.

THE OFFICIAL OUTLOOK FOR THE MONTH OF AUGUST FOR THE REGION IS
TILTED TOWARDS ABOVE AVERAGE TEMPS WITH EQUAL CHANCE OF ABOVE,
NEAR NORMAL, OR BELOW NORMAL RAINFALL. AVERAGE HIGH/LOW TEMPS
RANGE FROM LOWER TO MID 70S/LOWER TO MID 50S FAR NORTH TO 75 TO
80/MID TO UPPER 50S OVER INTERIOR DOWNEAST AREAS. AVERAGE RAINFALL
FOR THE MONTH OF AUGUST IS GENERALLY BETWEEN 3.00 AND 3.65 INCHES.

$$

VJN
