000
CXUS53 KBIS 011152
CLMBIS


CLIMATE REPORT
NATIONAL WEATHER SERVICE BISMARCK ND
652 AM CDT WED JUL 1 2015

...................................

...THE BISMARCK ND CLIMATE SUMMARY FOR THE MONTH OF JUNE 2015...

CLIMATE NORMAL PERIOD 1981 TO 2010
CLIMATE RECORD PERIOD 1875 TO 2015

WEATHER         OBSERVED          NORMAL  DEPART  LAST YEAR`S
                 VALUE   DATE(S)  VALUE   FROM    VALUE  DATE(S)
                                          NORMAL
................................................................
TEMPERATURE (F)
RECORD
 HIGH             111   06/29/2002
 LOW               30   06/02/1969
HIGHEST            92   06/29                         90  06/21
LOWEST             45   06/04                         41  06/13
AVG. MAXIMUM     78.3              77.3     1.0     74.4
AVG. MINIMUM     54.4              52.0     2.4     52.4
MEAN             66.4              64.7     1.7     63.4
DAYS MAX >= 90      2               2.5    -0.5        1
DAYS MAX <= 32      0               0.0     0.0        0
DAYS MIN <= 32      0               0.0     0.0        0
DAYS MIN <= 0       0               0.0     0.0        0

PRECIPITATION (INCHES)
RECORD
 MAXIMUM         9.90   1914
 MINIMUM         0.47   1936
TOTALS           4.98              3.17    1.81     3.02
DAILY AVG.       0.17              0.11    0.06     0.10
DAYS >= .01        14              11.2     2.8       16
DAYS >= .10        11               6.2     4.8        7
DAYS >= .50         4               2.1     1.9        2
DAYS >= 1.00        0               0.7    -0.7        0
GREATEST
 24 HR. TOTAL    1.21   06/21 TO 06/22              0.91

DEGREE_DAYS
COOLING TOTAL      94                83      11
 SINCE 1/1        100               100       0
.................................................................

WIND (MPH)
HIGHEST WIND SPEED/DIRECTION    61/330    DATE  06/19
HIGHEST GUST SPEED/DIRECTION    82/250    DATE  06/19

SKY COVER
POSSIBLE SUNSHINE (PERCENT)   MM
NUMBER OF DAYS FAIR           19
NUMBER OF DAYS PC              8
NUMBER OF DAYS CLOUDY          3


WEATHER CONDITIONS. NUMBER OF DAYS WITH
THUNDERSTORM              0     MIXED PRECIP               0
HEAVY RAIN                8     RAIN                       9
LIGHT RAIN               15     FREEZING RAIN              0
LT FREEZING RAIN          0     HAIL                       0
HEAVY SNOW                0     SNOW                       0
LIGHT SNOW                0     SLEET                      0
FOG                      17     FOG W/VIS <= 1/4 MILE      2
HAZE                      3

-  INDICATES NEGATIVE NUMBERS.
R  INDICATES RECORD WAS SET OR TIED.
MM INDICATES DATA IS MISSING.
T  INDICATES TRACE AMOUNT.

$$
