000
CXUS56 KSEW 011033
CLMBLI


CLIMATE REPORT
NATIONAL WEATHER SERVICE SEATTLE WA
333 AM PDT TUE JUL 1 2014

...................................

...THE BELLINGHAM WA AIRPORT CLIMATE SUMMARY FOR THE MONTH OF JUNE 2014...

CLIMATE NORMAL PERIOD 1981 TO 2010
CLIMATE RECORD PERIOD 1949 TO 2014

WEATHER         OBSERVED          NORMAL  DEPART  LAST YEAR`S
                 VALUE   DATE(S)  VALUE   FROM    VALUE  DATE(S)
                                          NORMAL
................................................................
TEMPERATURE (F)
RECORD
 HIGH              93   06/09/1955
 LOW               37   06/02/1999
                        06/02/1954
                        06/13/1952
HIGHEST            76   06/25        MM      MM       87  06/30
LOWEST             44   06/21        MM      MM       41  06/10
AVG. MAXIMUM     68.1              66.6     1.5     69.5
AVG. MINIMUM     52.5              50.3     2.2     52.0
MEAN             60.3              58.5     1.8     60.8
DAYS MAX >= 90      0               0.0     0.0        0
DAYS MAX <= 32      0               0.0     0.0        0
DAYS MIN <= 32      0               0.0     0.0        0
DAYS MIN <= 0       0               0.0     0.0        0

PRECIPITATION (INCHES)
RECORD
 MAXIMUM         4.78   1971
 MINIMUM         0.25   1977
TOTALS           1.08              1.86   -0.78     1.62
DAILY AVG.       0.04              0.06   -0.02     0.05
DAYS >= .01         9              10.0    -1.0       11
DAYS >= .10         3               5.4    -2.4        4
DAYS >= .50         0               0.9    -0.9        1
DAYS >= 1.00        0               0.1    -0.1        0
GREATEST
 24 HR. TOTAL    0.38   06/13 TO 06/13

DEGREE_DAYS
HEATING TOTAL     136               201     -65      135
COOLING TOTAL       1                 4      -3       14
 SINCE 1/1          2                 4      -2       14
.................................................................

WIND (MPH)
AVERAGE WIND SPEED              6.5
HIGHEST WIND SPEED/DIRECTION    22/150    DATE  06/13
HIGHEST GUST SPEED/DIRECTION    32/140    DATE  06/13

SKY COVER
POSSIBLE SUNSHINE (PERCENT)   MM
AVERAGE SKY COVER           0.50
NUMBER OF DAYS FAIR           13
NUMBER OF DAYS PC             10
NUMBER OF DAYS CLOUDY          7

AVERAGE RH (PERCENT)     70

WEATHER CONDITIONS. NUMBER OF DAYS WITH
THUNDERSTORM              0     MIXED PRECIP               0
HEAVY RAIN                0     RAIN                       3
LIGHT RAIN               14     FREEZING RAIN              0
LT FREEZING RAIN          0     HAIL                       0
HEAVY SNOW                0     SNOW                       0
LIGHT SNOW                0     SLEET                      0
FOG                      11     FOG W/VIS <= 1/4 MILE      1
HAZE                      0

-  INDICATES NEGATIVE NUMBERS.
R  INDICATES RECORD WAS SET OR TIED.
MM INDICATES DATA IS MISSING.
T  INDICATES TRACE AMOUNT.

$$
