311
CXUS53 KIND 011511
CLMBMG


CLIMATE REPORT
NATIONAL WEATHER SERVICE INDIANAPOLIS IN
1109 AM EDT SAT OCT 1 2016

...................................

...THE BLOOMINGTON IN CLIMATE SUMMARY FOR THE MONTH OF SEPTEMBER 2016...

CLIMATE NORMAL PERIOD 1981 TO 2010
CLIMATE RECORD PERIOD 9999 TO 9999

WEATHER         OBSERVED          NORMAL  DEPART  LAST YEAR`S
                 VALUE   DATE(S)  VALUE   FROM    VALUE  DATE(S)
                                          NORMAL
................................................................
TEMPERATURE (F)
HIGHEST            89   09/07                         93  09/06
                        09/05
LOWEST             49   09/27                         44  09/21
                                                          09/14
                                                          09/13
AVG. MAXIMUM     81.9              78.1     3.8     81.5
AVG. MINIMUM     59.0              53.1     5.9     56.3
MEAN             70.5              65.6     4.9     68.9
DAYS MAX >= 90      0               1.7    -1.7        6
DAYS MAX <= 32      0               0.0     0.0        0
DAYS MIN <= 32      0               0.1    -0.1        0
DAYS MIN <= 0       0               0.0     0.0        0

PRECIPITATION (INCHES)
TOTALS           5.13              3.35    1.78     1.26
DAILY AVG.       0.17              0.11    0.06     0.04
DAYS >= .01         9                MM      MM        7
DAYS >= .10         7                MM      MM        4
DAYS >= .50         3                MM      MM        0
DAYS >= 1.00        1                MM      MM        0
GREATEST
 24 HR. TOTAL    2.64   09/08 TO 09/08

DEGREE_DAYS
HEATING TOTAL      16                78     -62       26
 SINCE 7/1         19                85     -66       29
COOLING TOTAL     188                96      92      154
 SINCE 1/1       1263               913     350     1032
.................................................................

WIND (MPH)
AVERAGE WIND SPEED              4.1
HIGHEST WIND SPEED/DIRECTION    22/250    DATE  09/16
HIGHEST GUST SPEED/DIRECTION    31/270    DATE  09/16

SKY COVER
POSSIBLE SUNSHINE (PERCENT)   MM
AVERAGE SKY COVER           0.20
NUMBER OF DAYS FAIR           22
NUMBER OF DAYS PC              6
NUMBER OF DAYS CLOUDY          2

AVERAGE RH (PERCENT)     72

WEATHER CONDITIONS. NUMBER OF DAYS WITH
THUNDERSTORM              6     MIXED PRECIP               0
HEAVY RAIN                6     RAIN                       6
LIGHT RAIN               10     FREEZING RAIN              0
LT FREEZING RAIN          0     HAIL                       1
HEAVY SNOW                0     SNOW                       0
LIGHT SNOW                0     SLEET                      0
FOG                      23     FOG W/VIS <= 1/4 MILE      4
HAZE                      1

-  INDICATES NEGATIVE NUMBERS.
R  INDICATES RECORD WAS SET OR TIED.
MM INDICATES DATA IS MISSING.
T  INDICATES TRACE AMOUNT.

$$
