000
CXUS56 KBOI 011806
CLMBNO


CLIMATE REPORT
NATIONAL WEATHER SERVICE BOISE ID
1205 PM MDT SAT APR 1 2017

...................................

...THE BURNS OR CLIMATE SUMMARY FOR THE MONTH OF MARCH 2017...

CLIMATE NORMAL PERIOD 1981 TO 2010
CLIMATE RECORD PERIOD 1938 TO 2017

WEATHER         OBSERVED          NORMAL  DEPART
                 VALUE   DATE(S)  VALUE   FROM
                                          NORMAL
................................................
TEMPERATURE (F)
HIGHEST            63   03/14        MM      MM
LOWEST              8   03/06        MM      MM
AVG. MAXIMUM     49.6              49.3     0.3
AVG. MINIMUM     28.6              25.4     3.2
MEAN             39.1              37.3     1.8
DAYS MAX >= 90      0
DAYS MAX <= 32      1
DAYS MIN <= 32     20
DAYS MIN <= 0       0

PRECIPITATION (INCHES)
RECORD
 MAXIMUM         3.66   1983
TOTALS           1.70              1.09    0.61
DAYS >= .01        17
DAYS >= .10         8
DAYS >= .50         0
DAYS >= 1.00        0
GREATEST
 24 HR. TOTAL    0.33   03/21 TO 03/21

DEGREE_DAYS
HEATING TOTAL     795               857     -62
 SINCE 7/1       6669              6385     284
COOLING TOTAL       0                 0       0
 SINCE 1/1          0                 0       0
.................................................

WIND (MPH)
AVERAGE WIND SPEED              6.5
RESULTANT WIND SPEED/DIRECTION   3/237
HIGHEST WIND SPEED/DIRECTION    33/280    DATE  03/30
HIGHEST GUST SPEED/DIRECTION    43/280    DATE  03/30

AVERAGE RH (PERCENT)     72


-  INDICATES NEGATIVE NUMBERS.
R  INDICATES RECORD WAS SET OR TIED.
MM INDICATES DATA IS MISSING.
T  INDICATES TRACE AMOUNT.

$$
