000
CXUS56 KBOI 011820
CLMBNO


CLIMATE REPORT
NATIONAL WEATHER SERVICE BOISE ID
1216 PM MDT MON JUN 1 2015

...................................

...THE BURNS OR CLIMATE SUMMARY FOR THE MONTH OF MAY 2015...

CLIMATE NORMAL PERIOD 1981 TO 2010
CLIMATE RECORD PERIOD 1938 TO 2015

WEATHER         OBSERVED          NORMAL  DEPART
                 VALUE   DATE(S)  VALUE   FROM
                                          NORMAL
................................................
TEMPERATURE (F)
HIGHEST            84   05/29        MM      MM
LOWEST             24   05/01        MM      MM
AVG. MAXIMUM     68.6              66.1     2.5
AVG. MINIMUM     39.7              36.4     3.3
MEAN             54.1              51.2     2.9
DAYS MAX >= 90      0
DAYS MAX <= 32      0
DAYS MIN <= 32      5
DAYS MIN <= 0       0

PRECIPITATION (INCHES)
RECORD
 MAXIMUM         3.26   2005
TOTALS           1.81              1.23    0.58
DAYS >= .01        11
DAYS >= .10         7
DAYS >= .50         1
DAYS >= 1.00        0
GREATEST
 24 HR. TOTAL    0.54   05/14 TO 05/15

DEGREE_DAYS
HEATING TOTAL     333               430     -97
 SINCE 7/1       6168              7470   -1302
COOLING TOTAL       3                 3       0
 SINCE 1/1          3                 3       0
.................................................

WIND (MPH)
AVERAGE WIND SPEED              7.6
RESULTANT WIND SPEED/DIRECTION   4/287
HIGHEST WIND SPEED/DIRECTION    30/230    DATE  05/11
HIGHEST GUST SPEED/DIRECTION    37/260    DATE  05/30

AVERAGE RH (PERCENT)     56


-  INDICATES NEGATIVE NUMBERS.
R  INDICATES RECORD WAS SET OR TIED.
MM INDICATES DATA IS MISSING.
T  INDICATES TRACE AMOUNT.

$$
