000
CXUS56 KBOI 011732
CLMBNO


CLIMATE REPORT
NATIONAL WEATHER SERVICE BOISE ID
1031 AM MST THU DEC 1 2016

...................................

...THE BURNS OR CLIMATE SUMMARY FOR THE MONTH OF NOVEMBER 2016...

CLIMATE NORMAL PERIOD 1981 TO 2010
CLIMATE RECORD PERIOD 1938 TO 2016

WEATHER         OBSERVED          NORMAL  DEPART
                 VALUE   DATE(S)  VALUE   FROM
                                          NORMAL
................................................
TEMPERATURE (F)
HIGHEST            69   11/11        MM      MM
LOWEST             15   11/17        MM      MM
AVG. MAXIMUM     51.4              45.1     6.3
AVG. MINIMUM     25.7              21.5     4.2
MEAN             38.6              33.3     5.3
DAYS MAX >= 90      0
DAYS MAX <= 32      0
DAYS MIN <= 32     24
DAYS MIN <= 0       0

PRECIPITATION (INCHES)
RECORD
 MAXIMUM         3.45   1942
TOTALS           0.69              1.17   -0.48
DAYS >= .01        13
DAYS >= .10         2
DAYS >= .50         0
DAYS >= 1.00        0
GREATEST
 24 HR. TOTAL    0.33   11/14 TO 11/15

DEGREE_DAYS
HEATING TOTAL     785               951    -166
 SINCE 7/1       1813              2001    -188
COOLING TOTAL       0                 0       0
 SINCE 1/1        226               215      11
.................................................

WIND (MPH)
AVERAGE WIND SPEED              5.7
RESULTANT WIND SPEED/DIRECTION   1/295
HIGHEST WIND SPEED/DIRECTION    33/270    DATE  11/28
HIGHEST GUST SPEED/DIRECTION    44/280    DATE  11/28

AVERAGE RH (PERCENT)     70


-  INDICATES NEGATIVE NUMBERS.
R  INDICATES RECORD WAS SET OR TIED.
MM INDICATES DATA IS MISSING.
T  INDICATES TRACE AMOUNT.

$$
