000
CXUS54 KLCH 011451
CLMBPT


CLIMATE REPORT
NATIONAL WEATHER SERVICE LAKE CHARLES, LA
951 AM CDT MON JUN 1 2015

...................................

...THE BEAUMONT PORT ARTHUR CLIMATE SUMMARY FOR THE MONTH OF MAY 2015...

CLIMATE NORMAL PERIOD 1981 TO 2010
CLIMATE RECORD PERIOD 1901 TO 2015

WEATHER         OBSERVED          NORMAL  DEPART  LAST YEAR`S
                 VALUE   DATE(S)  VALUE   FROM    VALUE  DATE(S)
                                          NORMAL
................................................................
TEMPERATURE (F)
RECORD
 HIGH             101   05/28/1905
 LOW               42   05/04/2013
HIGHEST            90   05/28        MM      MM       MM  MM
                        05/20
LOWEST             59   05/03        MM      MM       MM  MM
                        05/02
                        05/01
AVG. MAXIMUM     85.9              84.8     1.1       MM
AVG. MINIMUM     69.8              67.0     2.8       MM
MEAN             77.9              75.9     2.0       MM
DAYS MAX >= 90      2               2.4    -0.4       MM
DAYS MAX <= 32      0               0.0     0.0       MM
DAYS MIN <= 32      0               0.0     0.0       MM
DAYS MIN <= 0       0               0.0     0.0       MM

PRECIPITATION (INCHES)
RECORD
 MAXIMUM        20.58   1923
 MINIMUM         0.01   2003
TOTALS           7.77              5.23    2.54       MM
DAILY AVG.       0.25              0.17    0.08       MM
DAYS >= .01        12               6.6     5.4       MM
DAYS >= .10         8               4.7     3.3       MM
DAYS >= .50         4               2.8     1.2       MM
DAYS >= 1.00        4               1.8     2.2       MM
GREATEST
 24 HR. TOTAL    2.59   05/25 TO 05/26

DEGREE_DAYS
COOLING TOTAL     406               339      67       MM
 SINCE 1/1        725               566     159       MM
.................................................................

WIND (MPH)
AVERAGE WIND SPEED              9.9
HIGHEST WIND SPEED/DIRECTION    33/210    DATE  05/03
HIGHEST GUST SPEED/DIRECTION    39/310    DATE  05/27

SKY COVER
POSSIBLE SUNSHINE (PERCENT)   MM
AVERAGE SKY COVER           0.50
NUMBER OF DAYS FAIR           10
NUMBER OF DAYS PC             14
NUMBER OF DAYS CLOUDY          6

AVERAGE RH (PERCENT)     77

WEATHER CONDITIONS. NUMBER OF DAYS WITH
THUNDERSTORM              0     MIXED PRECIP               0
HEAVY RAIN                6     RAIN                       7
LIGHT RAIN               19     FREEZING RAIN              0
LT FREEZING RAIN          0     HAIL                       0
HEAVY SNOW                0     SNOW                       0
LIGHT SNOW                0     SLEET                      0
FOG                      21     FOG W/VIS <= 1/4 MILE      3
HAZE                      4

-  INDICATES NEGATIVE NUMBERS.
R  INDICATES RECORD WAS SET OR TIED.
MM INDICATES DATA IS MISSING.
T  INDICATES TRACE AMOUNT.

$$
