000
CXUS53 KDVN 011127
CLMBRL


CLIMATE REPORT
NATIONAL WEATHER SERVICE QUAD CITIES IA IL
624 AM CDT THU SEP 1 2016

...................................

...THE BURLINGTON IA CLIMATE SUMMARY FOR THE MONTH OF AUGUST 2016...

CLIMATE NORMAL PERIOD 1981 TO 2010
CLIMATE RECORD PERIOD 1897 TO 2016

WEATHER         OBSERVED          NORMAL  DEPART
                 VALUE   DATE(S)  VALUE   FROM
                                          NORMAL
................................................
TEMPERATURE (F)
RECORD
 HIGH             110   08/08/1934
 LOW               41   08/20/1950
HIGHEST            90   08/29        86       4
                        08/10
                        08/04
LOWEST             54   08/22        63      -9
AVG. MAXIMUM     83.5              85.0    -1.5
AVG. MINIMUM     66.3              65.1     1.2
MEAN             74.9              75.1    -0.2
DAYS MAX >= 90      3
DAYS MAX <= 32      0
DAYS MIN <= 32      0
DAYS MIN <= 0       0

PRECIPITATION (INCHES)
TOTALS           5.03              4.27    0.76
DAILY AVG.       0.16              0.14    0.02
DAYS >= .01        11
DAYS >= .10        10
DAYS >= .50         2
DAYS >= 1.00        2
GREATEST
 24 HR. TOTAL    2.09   08/04 TO 08/05

DEGREE_DAYS
HEATING TOTAL       0                 3      -3
 SINCE 7/1          6                 4       2
COOLING TOTAL     316               314       2
 SINCE 1/1       1033              1043     -10
.................................................

WIND (MPH)
AVERAGE WIND SPEED              6.1
HIGHEST WIND SPEED/DIRECTION    37/040    DATE  08/04
HIGHEST GUST SPEED/DIRECTION    43/040    DATE  08/04

SKY COVER
POSSIBLE SUNSHINE (PERCENT)   MM
AVERAGE SKY COVER           0.30
NUMBER OF DAYS FAIR           19
NUMBER OF DAYS PC             11
NUMBER OF DAYS CLOUDY          1

AVERAGE RH (PERCENT)     82

WEATHER CONDITIONS. NUMBER OF DAYS WITH
THUNDERSTORM             12     HAIL                       0
SLEET                     0     FOG                       23
FOG W/VIS <= 1/4 MILE     2     HAZE                       4

-  INDICATES NEGATIVE NUMBERS.
R  INDICATES RECORD WAS SET OR TIED.
MM INDICATES DATA IS MISSING.
T  INDICATES TRACE AMOUNT.

$$
