000
CXUS53 KDVN 011500
CLMBRL


CLIMATE REPORT
NATIONAL WEATHER SERVICE QUAD CITIES IA IL
937 AM CDT FRI APR 1 2016

...................................

...THE BURLINGTON IA CLIMATE SUMMARY FOR THE MONTH OF MARCH 2016...

CLIMATE NORMAL PERIOD 1981 TO 2010
CLIMATE RECORD PERIOD 1897 TO 2016

WEATHER         OBSERVED          NORMAL  DEPART
                 VALUE   DATE(S)  VALUE   FROM
                                          NORMAL
................................................
TEMPERATURE (F)
RECORD
 HIGH              88   03/29/1986
                        03/23/1910
                        03/21/1907
 LOW              -13   03/05/1960
HIGHEST            74   03/15        59      15
                        03/08
LOWEST             14   03/02        26     -12
AVG. MAXIMUM     55.1              51.5     3.6
AVG. MINIMUM     36.8              31.7     5.1
MEAN             45.9              41.6     4.3
DAYS MAX >= 90      0
DAYS MAX <= 32      0
DAYS MIN <= 32     12
DAYS MIN <= 0       0

PRECIPITATION (INCHES)
TOTALS           3.21              2.79    0.42
DAILY AVG.       0.10              0.09    0.01
DAYS >= .01        13
DAYS >= .10         8
DAYS >= .50         2
DAYS >= 1.00        0
GREATEST
 24 HR. TOTAL    0.82   03/12 TO 03/13

DEGREE_DAYS
HEATING TOTAL     582               728    -146
 SINCE 7/1       4464              5106    -642
COOLING TOTAL       1                 2      -1
 SINCE 1/1          1                 2      -1
.................................................

WIND (MPH)
AVERAGE WIND SPEED              9.2
HIGHEST WIND SPEED/DIRECTION    30/270    DATE  03/16
HIGHEST GUST SPEED/DIRECTION    43/270    DATE  03/16

SKY COVER
POSSIBLE SUNSHINE (PERCENT)   MM
AVERAGE SKY COVER           0.50
NUMBER OF DAYS FAIR           11
NUMBER OF DAYS PC             15
NUMBER OF DAYS CLOUDY          5

AVERAGE RH (PERCENT)     74

WEATHER CONDITIONS. NUMBER OF DAYS WITH
THUNDERSTORM              6     HAIL                       0
SLEET                     0     FOG                       19
FOG W/VIS <= 1/4 MILE     2     HAZE                       9

-  INDICATES NEGATIVE NUMBERS.
R  INDICATES RECORD WAS SET OR TIED.
MM INDICATES DATA IS MISSING.
T  INDICATES TRACE AMOUNT.

$$
