290
CXUS53 KDVN 012024
CLMBRL


CLIMATE REPORT
NATIONAL WEATHER SERVICE QUAD CITIES IA IL
321 PM CDT MON AUG 1 2016

...................................

...THE BURLINGTON IA CLIMATE SUMMARY FOR THE MONTH OF JULY 2016...

CLIMATE NORMAL PERIOD 1981 TO 2010
CLIMATE RECORD PERIOD 1897 TO 2016

WEATHER         OBSERVED          NORMAL  DEPART
                 VALUE   DATE(S)  VALUE   FROM
                                          NORMAL
................................................
TEMPERATURE (F)
RECORD
 HIGH             111   07/15/1936
                        07/14/1936
 LOW               46   07/30/1971
HIGHEST            92   07/24        87       5
                        07/23
                        07/21
LOWEST             59   07/03        66      -7
AVG. MAXIMUM     82.9              86.8    -3.9
AVG. MINIMUM     66.2              66.8    -0.6
MEAN             74.5              76.8    -2.3
DAYS MAX >= 90      4
DAYS MAX <= 32      0
DAYS MIN <= 32      0
DAYS MIN <= 0       0

PRECIPITATION (INCHES)
TOTALS           7.31              4.25    3.06
DAILY AVG.       0.24              0.14    0.10
DAYS >= .01        14
DAYS >= .10        11
DAYS >= .50         7
DAYS >= 1.00        2
GREATEST
 24 HR. TOTAL    1.48   07/07 TO 07/07

DEGREE_DAYS
HEATING TOTAL       6                 1       5
 SINCE 7/1          6                 1       5
COOLING TOTAL     307               366     -59
 SINCE 1/1        717               729     -12
.................................................

WIND (MPH)
AVERAGE WIND SPEED              6.6
HIGHEST WIND SPEED/DIRECTION    30/350    DATE  07/17
HIGHEST GUST SPEED/DIRECTION    38/050    DATE  07/22

SKY COVER
POSSIBLE SUNSHINE (PERCENT)   MM
AVERAGE SKY COVER           0.30
NUMBER OF DAYS FAIR           20
NUMBER OF DAYS PC              9
NUMBER OF DAYS CLOUDY          2

AVERAGE RH (PERCENT)     82

WEATHER CONDITIONS. NUMBER OF DAYS WITH
THUNDERSTORM             13     HAIL                       0
SLEET                     0     FOG                       26
FOG W/VIS <= 1/4 MILE     5     HAZE                       5

-  INDICATES NEGATIVE NUMBERS.
R  INDICATES RECORD WAS SET OR TIED.
MM INDICATES DATA IS MISSING.
T  INDICATES TRACE AMOUNT.

$$
