000
CXUS44 KBRO 011142
CLMBRO


CLIMATE REPORT
NATIONAL WEATHER SERVICE BROWNSVILLE TX
639 AM CDT SAT OCT 1 2016

...................................

...THE BROWNSVILLE CLIMATE SUMMARY FOR THE MONTH OF SEPTEMBER 2016...

CLIMATE NORMAL PERIOD 1981 TO 2010
CLIMATE RECORD PERIOD 1878 TO 2016

WEATHER         OBSERVED          NORMAL  DEPART  LAST YEAR`S
                 VALUE   DATE(S)  VALUE   FROM    VALUE  DATE(S)
                                          NORMAL
................................................................
TEMPERATURE (F)
HIGHEST            98   09/19        96       2       95  09/11
                        09/18
                        09/17
LOWEST             71   09/30        63       8       66  09/28
AVG. MAXIMUM     94.7              90.5     4.2     90.5
AVG. MINIMUM     75.9              73.1     2.8     73.3
MEAN             85.3              81.8     3.5     81.9
DAYS MAX >= 90     27              19.3     7.7       20
DAYS MAX <= 32      0               0.0     0.0        0
DAYS MIN <= 32      0               0.0     0.0        0
DAYS MIN <= 0       0               0.0     0.0        0

PRECIPITATION (INCHES)
TOTALS           1.98              5.92   -3.94     3.84
DAILY AVG.       0.07              0.20   -0.13     0.13
DAYS >= .01         9              10.0    -1.0       14
DAYS >= .10         6               6.6    -0.6       10
DAYS >= .50         1               3.2    -2.2        2
DAYS >= 1.00        0               1.7    -1.7        1
GREATEST
 24 HR. TOTAL    0.70   09/11 TO 09/11

DEGREE_DAYS
HEATING TOTAL       0                 0       0        0
 SINCE 7/1          0                 0       0        0
COOLING TOTAL     616               504     112      515
 SINCE 1/1       3721              3411     310     2979
.................................................................

WIND (MPH)
AVERAGE WIND SPEED              7.8
HIGHEST WIND SPEED/DIRECTION    43/170    DATE  09/04
HIGHEST GUST SPEED/DIRECTION    51/150    DATE  09/04

SKY COVER
AVERAGE SKY COVER           0.20
NUMBER OF DAYS FAIR           28
NUMBER OF DAYS PC              2
NUMBER OF DAYS CLOUDY          0

AVERAGE RH (PERCENT)     73

WEATHER CONDITIONS. NUMBER OF DAYS WITH
THUNDERSTORM              0     MIXED PRECIP               0
HEAVY RAIN                4     RAIN                       4
LIGHT RAIN               12     FREEZING RAIN              0
LT FREEZING RAIN          0     HAIL                       0
HEAVY SNOW                0     SNOW                       0
LIGHT SNOW                0     SLEET                      0
FOG                       5     FOG W/VIS <= 1/4 MILE      0
HAZE                      1

-  INDICATES NEGATIVE NUMBERS.
R  INDICATES RECORD WAS SET OR TIED.
MM INDICATES DATA IS MISSING.
T  INDICATES TRACE AMOUNT.

$$
