000
CXUS44 KBRO 011508
CLMBRO


CLIMATE REPORT
NATIONAL WEATHER SERVICE BROWNSVILLE TX
856 AM CST THU FEB 1 2018

...................................

...THE BROWNSVILLE CLIMATE SUMMARY FOR THE MONTH OF JANUARY 2018...

CLIMATE NORMAL PERIOD 1981 TO 2010
CLIMATE RECORD PERIOD 1878 TO 2018

WEATHER         OBSERVED          NORMAL  DEPART  LAST YEAR`S
                 VALUE   DATE(S)  VALUE   FROM    VALUE  DATE(S)
                                          NORMAL
................................................................
TEMPERATURE (F)
HIGHEST            85   01/11        83       2       95  01/21
LOWEST             30   01/17        34      -4       31  01/07
                        01/16
AVG. MAXIMUM     68.9              70.6    -1.7     77.4
AVG. MINIMUM     48.0              51.6    -3.6     55.3
MEAN             58.5              61.1    -2.6     66.3
DAYS MAX >= 90      0               0.0     0.0        1
DAYS MAX <= 32      0               0.0     0.0        0
DAYS MIN <= 32      3               0.3     2.7        1
DAYS MIN <= 0       0               0.0     0.0        0

PRECIPITATION (INCHES)
TOTALS           0.76              1.27   -0.51     0.18
DAILY AVG.       0.02              0.04   -0.02     0.01
DAYS >= .01         9               7.3     1.7        5
DAYS >= .10         2               2.7    -0.7        0
DAYS >= .50         0               0.6    -0.6        0
DAYS >= 1.00        0               0.3    -0.3        0
GREATEST
 24 HR. TOTAL    0.31   01/24 TO 01/24

SNOWFALL (INCHES)
TOTALS              T               0.0     0.0      0.0
SINCE 7/1         0.3               0.0     0.3
SNOWDEPTH AVG.      0                MM      MM

DEGREE_DAYS
HEATING TOTAL     236               180      56       92
 SINCE 7/1        428               399      29      190
COOLING TOTAL      43                59     -16      141
 SINCE 1/1         43                62     -19      141
.................................................................

WIND (MPH)
AVERAGE WIND SPEED              9.6
HIGHEST WIND SPEED/DIRECTION    33/340    DATE  01/11
HIGHEST GUST SPEED/DIRECTION    50/330    DATE  01/11

SKY COVER
POSSIBLE SUNSHINE (PERCENT)   MM
AVERAGE SKY COVER           0.50
NUMBER OF DAYS FAIR           11
NUMBER OF DAYS PC             11
NUMBER OF DAYS CLOUDY          9

AVERAGE RH (PERCENT)     71

-  INDICATES NEGATIVE NUMBERS.
R  INDICATES RECORD WAS SET OR TIED.
MM INDICATES DATA IS MISSING.
T  INDICATES TRACE AMOUNT.

$$
