000
CXUS53 KGRR 011911
CLMBTL


CLIMATE REPORT
NATIONAL WEATHER SERVICE GRAND RAPIDS, MI
206 PM EST WED MAR 1 2017

...................................

...THE BATTLE CREEK MI CLIMATE SUMMARY FOR THE MONTH OF FEBRUARY 2017...

CLIMATE NORMAL PERIOD 1981 TO 2010
CLIMATE RECORD PERIOD 1998 TO 2017

WEATHER         OBSERVED          NORMAL  DEPART  LAST YEAR`S
                 VALUE   DATE(S)  VALUE   FROM    VALUE  DATE(S)
                                          NORMAL
................................................................
TEMPERATURE (F)
HIGHEST            66   02/18        MM      MM       61  02/19
LOWEST              8   02/04        MM      MM       -4  02/14
AVG. MAXIMUM     45.2              35.4     9.8     36.4
AVG. MINIMUM     26.8              17.3     9.5     20.4
MEAN             36.0              26.4     9.6     28.4
DAYS MAX >= 90      0               0.0     0.0        0
DAYS MAX <= 32      5              10.3    -5.3       11
DAYS MIN <= 32     19              26.1    -7.1       26
DAYS MIN <= 0       0               1.8    -1.8        2

PRECIPITATION (INCHES)
TOTALS           2.25              1.34    0.91     0.66
DAILY AVG.       0.08              0.05    0.03     0.02
DAYS >= .01         8              10.3    -2.3        9
DAYS >= .10         4               4.0     0.0        2
DAYS >= .50         2               0.7     1.3        0
DAYS >= 1.00        0               0.1    -0.1        0
GREATEST
 24 HR. TOTAL    0.89   02/07 TO 02/07

DEGREE_DAYS
HEATING TOTAL     807              1082    -275     1054
 SINCE 7/1       3903              4965   -1062     3915
COOLING TOTAL       0                 0       0        0
 SINCE 1/1          0                 0       0        0
.................................................................

WIND (MPH)
AVERAGE WIND SPEED              10.4
RESULTANT WIND SPEED/DIRECTION   6/249
HIGHEST WIND SPEED/DIRECTION    36/310    DATE  02/12
HIGHEST GUST SPEED/DIRECTION    47/310    DATE  02/12

SKY COVER
POSSIBLE SUNSHINE (PERCENT)   MM
AVERAGE SKY COVER           0.50
NUMBER OF DAYS FAIR           10
NUMBER OF DAYS PC              9
NUMBER OF DAYS CLOUDY          9

AVERAGE RH (PERCENT)     72

WEATHER CONDITIONS. NUMBER OF DAYS WITH
THUNDERSTORM              2     MIXED PRECIP               0
HEAVY RAIN                2     RAIN                       3
LIGHT RAIN                9     FREEZING RAIN              0
LT FREEZING RAIN          0     HAIL                       0
HEAVY SNOW                0     SNOW                       1
LIGHT SNOW               10     SLEET                      0
FOG                      13     FOG W/VIS <= 1/4 MILE      3
HAZE                      2

-  INDICATES NEGATIVE NUMBERS.
R  INDICATES RECORD WAS SET OR TIED.
MM INDICATES DATA IS MISSING.
T  INDICATES TRACE AMOUNT.

$$

63
