000
CXUS51 KBUF 021756
CLMBUF


CLIMATE REPORT
NATIONAL WEATHER SERVICE BUFFALO NY
149 PM EDT THU JUL 2 2015

...................................

...THE BUFFALO NY CLIMATE SUMMARY FOR THE MONTH OF JUNE 2015...

CLIMATE NORMAL PERIOD 1981 TO 2010
CLIMATE RECORD PERIOD 1871 TO 2015

WEATHER         OBSERVED          NORMAL  DEPART  LAST YEAR`S
                 VALUE   DATE(S)  VALUE   FROM    VALUE  DATE(S)
                                          NORMAL
................................................................
TEMPERATURE (F)
RECORD
 HIGH              97   06/29/1933
 LOW               36   06/11/1972
HIGHEST            84   06/12                         89  06/28
LOWEST             45   06/03                         48  06/06
                        06/01
AVG. MAXIMUM     73.8              75.3    -1.5     78.3
AVG. MINIMUM     57.4              57.3     0.1     59.2
MEAN             65.6              66.3    -0.7     68.8
DAYS MAX >= 90      0               0.5    -0.5        0
DAYS MAX <= 32      0               0.0     0.0        0
DAYS MIN <= 32      0               0.0     0.0        0
DAYS MIN <= 0       0               0.0     0.0        0

PRECIPITATION (INCHES)
RECORD
 MAXIMUM         9.67   1928
 MINIMUM         0.11   1955
TOTALS           5.03              3.66    1.37     3.80
DAYS >= .01        16                                 10
DAYS >= .10         9                                  8
DAYS >= .50         4                                  3
DAYS >= 1.00        1                                  1
GREATEST
 24 HR. TOTAL    1.78   06/27 TO 06/28

SNOWFALL (INCHES)
RECORDS
 TOTAL             MM   MM
TOTALS            0.0               0.0     0.0      0.0
SINCE 7/1       112.9              94.7    18.2
SNOWDEPTH AVG.      0                MM      MM        0
DAYS >= 1.0         0               0.0     0.0        0
GREATEST
 SNOW DEPTH         0   MM                             0  MM
 24 HR TOTAL      0.0

DEGREE_DAYS
HEATING TOTAL      50                64     -14       28
 SINCE 7/1       7028              6617     411     7125
COOLING TOTAL      76               103     -27      148
 SINCE 1/1        167               129      38      171
....................................................

WIND (MPH)
AVERAGE WIND SPEED              9.2
HIGHEST WIND SPEED/DIRECTION    33/280
HIGHEST GUST SPEED/DIRECTION    47/280    DATE  06/12

SKY COVER
POSSIBLE SUNSHINE (PERCENT)   MM
NUMBER OF DAYS FAIR            2
NUMBER OF DAYS PC             13
NUMBER OF DAYS CLOUDY         15

AVERAGE RH (PERCENT)     72

WEATHER CONDITIONS. NUMBER OF DAYS WITH
THUNDERSTORM              7     MIXED PRECIP               0
HEAVY RAIN                5     RAIN                       8
LIGHT RAIN               19     FREEZING RAIN              0
LT FREEZING RAIN          0     HAIL                       0
HEAVY SNOW                0     SNOW                       0
LIGHT SNOW                0     SLEET                      0
FOG                      18     FOG W/VIS <= 1/4 MILE      3
HAZE                      5

-  INDICATES NEGATIVE NUMBERS.
R  INDICATES RECORD WAS SET OR TIED.
MM INDICATES DATA IS MISSING.
T  INDICATES TRACE AMOUNT.

$$
