000
CXUS51 KBUF 031848
CLMBUF

CLIMATE REPORT
NATIONAL WEATHER SERVICE BUFFALO NY
150 PM EDT SAT JUL 1 2017

...................................

...THE BUFFALO NY CLIMATE SUMMARY FOR THE MONTH OF JUNE 2017...

CLIMATE NORMAL PERIOD 1981 TO 2010
CLIMATE RECORD PERIOD 1871 TO 2017

WEATHER         OBSERVED          NORMAL  DEPART  LAST YEAR`S
                 VALUE   DATE(S)  VALUE   FROM    VALUE  DATE(S)
                                          NORMAL
................................................................
TEMPERATURE (F)
RECORD
 HIGH              97   06/29/1933
 LOW               36   06/11/1972
HIGHEST            89   06/17                         90  06/26
LOWEST             48   06/02                         44  06/10
AVG. MAXIMUM     75.2              75.3    -0.1     77.8
AVG. MINIMUM     59.3              57.3     2.0     57.4
MEAN             67.3              66.3     1.0     67.6
DAYS MAX >= 90      0               0.5    -0.5        1
DAYS MAX <= 32      0               0.0     0.0        0
DAYS MIN <= 32      0               0.0     0.0        0
DAYS MIN <= 0       0               0.0     0.0        0

PRECIPITATION (INCHES)
RECORD
 MAXIMUM         9.67   1928
 MINIMUM         0.11   1955
TOTALS           2.21              3.66   -1.45     1.31
DAYS >= .01        12                                  9
DAYS >= .10         7                                  5
DAYS >= .50         2                                  0
DAYS >= 1.00        0                                  0
GREATEST
 24 HR. TOTAL    0.77   06/18 TO 06/18

SNOWFALL (INCHES)
RECORDS
 TOTAL             MM   MM
TOTALS            0.0               0.0     0.0      0.0
SINCE 7/1        76.1              94.7   -18.6
SNOWDEPTH AVG.      0                MM      MM        0
DAYS >= 1.0         0               0.0     0.0        0
GREATEST
 SNOW DEPTH         0   MM                             0  MM
 24 HR TOTAL      0.0   06/30 TO 06/30

DEGREE_DAYS
HEATING TOTAL      49                64     -15       42
 SINCE 7/1       5643              6617    -974     5637
COOLING TOTAL     123               103      20      128
 SINCE 1/1        150               129      21      187
.................................................

WIND (MPH)
AVERAGE WIND SPEED              10.7
HIGHEST WIND SPEED/DIRECTION    31/250    DATE  06/11
                                                06/20
                                                06/25
HIGHEST GUST SPEED/DIRECTION    43/250    DATE  06/11

SKY COVER
POSSIBLE SUNSHINE (PERCENT)   MM
NUMBER OF DAYS FAIR            5
NUMBER OF DAYS PC             19
NUMBER OF DAYS CLOUDY          6

AVERAGE RH (PERCENT)     64

WEATHER CONDITIONS. NUMBER OF DAYS WITH
THUNDERSTORM              5     MIXED PRECIP               0
HEAVY RAIN                3     RAIN                       5
LIGHT RAIN               17     FREEZING RAIN              0
LT FREEZING RAIN          0     HAIL                       0
HEAVY SNOW                0     SNOW                       0
LIGHT SNOW                0     SLEET                      0
FOG                      11     FOG W/VIS <= 1/4 MILE      0
HAZE                      2

-  INDICATES NEGATIVE NUMBERS.
R  INDICATES RECORD WAS SET OR TIED.
MM INDICATES DATA IS MISSING.
T  INDICATES TRACE AMOUNT.

&&

...A MORE TYPICAL JUNE FOR WESTERN NEW YORK...

AFTER THE SECOND WETTEST SPRING ON RECORD, A MORE TYPICAL JUNE
UNFOLDED, WITH A JUNE GLOOM PROVIDING FOR A COOL START TO THE MONTH.
BY MID MONTH SUMMER`S WARMTH WAS UPON US COUPLED WITH SHOWERS AND
THUNDERSTORMS. A MIX OF COOL AND WARM DAYS CLOSED OUT THE MONTH. THE
BULK OF THE RAIN THIS MONTH FELL THE SECOND HALF OF THE MONTH.

THE AVERAGE TEMPERATURE OF 67.3F WAS A DEGREE ABOVE NORMAL. THE
NUMBER OF DAYS THAT REACHED 70F WAS EXACTLY THE NORMAL OF 24, AND
THE NUMBER OF DAYS THAT REACHED 80F WAS 10 (11 NORMAL). THERE WAS
ONE RECORD WARM MINIMUM TEMPERATURE REACHED, AND THIS WAS 70F ON THE
11TH, TYING THE RECORD FROM 1942. WARM NIGHTS WERE GREATER THAN
NORMAL THIS MONTH, WITH 6 CALENDAR DAYS REMAINING 68F OR GREATER.
THIS IS THE 4TH GREATEST JUNE TOTAL SINCE RECORDS MOVED TO THE
AIRPORT IN THE SUMMER OF 1943.

PRECIPITATION WAS WELL BELOW NORMAL THIS MONTH, WITH 2.21 INCHES
MEASURED. THE FIRST TWO WEEKS OF JUNE MEASURED JUST 0.28 INCHES OF
RAIN, WHICH IS THE DRIEST START TO JUNE SINCE 1977. THE WETTEST DAY
THIS MONTH WAS FATHER`S DAY, THE 18TH WHEN A HALF TO ONE INCH OF
RAINFALL FELL ACROSS THE METRO BUFFALO AREA.

THROUGH THE FIRST 9 DAYS OF THE MONTH AN UPPER LEVEL TROUGH OF LOW
PRESSURE DOMINATED THE GREAT LAKES REGION, WITH TEMPERATURES
GENERALLY BELOW NORMAL. HOWEVER PRECIPITATION EVENTS WERE GENERALLY
ON THE LIGHT SIDE WITHIN THIS TROUGH. BY THE 10TH AN UPPER LEVEL
RIDGE FROM THE PLAINS SHIFTED EASTWARD, AND BROUGHT BOTH SUMMER`S
HEAT AND HUMIDITY TO THE EASTERN GREAT LAKES REGION. A FEW SHOWERS
AND THUNDERSTORMS MID-MONTH CULMINATED ON THE 18TH WHEN WIDESPREAD
SEVERE THUNDERSTORMS FORMED OVER WESTERN NEW YORK WITH DAMAGING
WINDS. AN UPPER LEVEL TROUGH OF LOW PRESSURE THEN SETTLED OVER THE
REGION FOR THE FOURTH WEEK OF THE MONTH. COOL TEMPERATURES SETTLED
BACK ACROSS WESTERN NEW YORK, WITH SCATTERED SHOWERS AND
THUNDERSTORMS. AT THE HEIGHT OF THE COLD PERIOD, AFTERNOON
TEMPERATURES WERE IN THE UPPER 60S TO LOWER 70S WITH WATERSPOUTS
FORMING ON BOTH LAKE ERIE AND ONTARIO ON THE 26TH AND 27TH.

SOUTHWEST WINDS WERE PREVALENT THIS MONTH, WITH THE MONTHLY AVERAGE
WINDS SPEEDS 1.4 MPH ABOVE THE NORMAL OF 9.3 MPH. LAKE ERIE
CONTINUED ITS RECORD WARMTH PACE, WARMING FROM 59F AT MONTHS START
TO 73F AT MONTHS END.

IN ALL A FAIRLY TYPICAL MONTH WITH NO PROLONGED EXTREME EVENTS.

&&

THOMAS

$$
