000
CXUS53 KLMK 011712
CLMBWG

CLIMATE REPORT
NATIONAL WEATHER SERVICE LOUISVILLE KY
958 AM EDT THU SEP 1 2016

...................................

...THE BOWLING GREEN CLIMATE SUMMARY FOR THE MONTH OF AUGUST 2016...

CLIMATE NORMAL PERIOD 1981 TO 2010
CLIMATE RECORD PERIOD 1870 TO 2016

WEATHER         OBSERVED          NORMAL  DEPART  LAST YEAR`S
                 VALUE   DATE(S)  VALUE   FROM    VALUE  DATE(S)
                                          NORMAL
................................................................
TEMPERATURE (F)
RECORD
 HIGH             110   08/09/1930
                        08/13/1881
 LOW               42   08/31/1946
HIGHEST            95   08/28        MM      MM       95  08/04
LOWEST             59   08/23        MM      MM       53  08/26
                                                          08/25
AVG. MAXIMUM     89.5              88.9     0.6     86.4
AVG. MINIMUM     71.5              66.1     5.4     63.8
MEAN             80.5              77.5     3.0     75.1
DAYS MAX >= 90     18              13.6     4.4        5
DAYS MAX <= 32      0               0.0     0.0        0
DAYS MIN <= 32      0               0.0     0.0        0
DAYS MIN <= 0       0               0.0     0.0        0

PRECIPITATION (INCHES)
RECORD
 MAXIMUM        11.33   2014
 MINIMUM         0.70   1924
TOTALS           5.16              3.33    1.83     1.54
DAILY AVG.       0.17              0.11    0.06     0.05
DAYS >= .01        14               7.9     6.1        8
DAYS >= .10        11               5.1     5.9        4
DAYS >= .50         4               2.3     1.7        1
DAYS >= 1.00        1               1.1    -0.1        0
GREATEST
 24 HR. TOTAL    1.81   08/20 TO 08/21

SNOWFALL (INCHES)
RECORDS
 TOTAL             MM   5
TOTALS            0.0               0.0     0.0      0.0
SINCE 7/1         0.0               0.0     0.0      0.0
SNOWDEPTH AVG.      0                MM      MM        0
DAYS >= 1.0         0               0.0     0.0        0
GREATEST
 SNOW DEPTH         0   MM                             0  MM
 24 HR TOTAL      0.0   08/31 TO 08/31

DEGREE_DAYS
HEATING TOTAL       0                 1      -1        0
 SINCE 7/1          0                 1      -1        0
COOLING TOTAL     492               388     104      319
 SINCE 1/1       1559              1269     290     1383
.................................................................

WIND (MPH)
AVERAGE WIND SPEED              4.4
HIGHEST WIND SPEED/DIRECTION    25/100    DATE  08/28
HIGHEST GUST SPEED/DIRECTION    38/340    DATE  08/05

SKY COVER
POSSIBLE SUNSHINE (PERCENT)   MM
AVERAGE SKY COVER           0.30
NUMBER OF DAYS FAIR           17
NUMBER OF DAYS PC             14
NUMBER OF DAYS CLOUDY          0

AVERAGE RH (PERCENT)     75

WEATHER CONDITIONS. NUMBER OF DAYS WITH
THUNDERSTORM             11     MIXED PRECIP               0
HEAVY RAIN                9     RAIN                      10
LIGHT RAIN               13     FREEZING RAIN              0
LT FREEZING RAIN          0     HAIL                       0
HEAVY SNOW                0     SNOW                       0
LIGHT SNOW                0     SLEET                      0
FOG                      22     FOG W/VIS <= 1/4 MILE      3
HAZE                      8

-  INDICATES NEGATIVE NUMBERS.
R  INDICATES RECORD WAS SET OR TIED.
MM INDICATES DATA IS MISSING.
T  INDICATES TRACE AMOUNT.

$$

NINTH WARMEST AUGUST ON RECORD.
