000
CXUS51 KLWX 021839
CLMBWI

CLIMATE REPORT
NATIONAL WEATHER SERVICE BALTIMORE MD/WASHINGTON DC
134 PM EST TUE JAN 2 2018

...................................

...THE BALTIMORE MD CLIMATE SUMMARY FOR THE MONTH OF DECEMBER 2017...

CLIMATE NORMAL PERIOD 1981 TO 2010
CLIMATE RECORD PERIOD 1871 TO 2018

WEATHER         OBSERVED          NORMAL  DEPART  LAST YEAR`S
                 VALUE   DATE(S)  VALUE   FROM    VALUE
                                          NORMAL
.............................................................
TEMPERATURE (F)
RECORD
 HIGH              77   12/07/1998
                        12/06/1998
                        12/29/1984
 LOW               -3   12/30/1880
HIGHEST            64   12/23        65      -1
LOWEST              8   12/31        13      -5
AVG. MAXIMUM     44.4              45.3    -0.9     46.7
AVG. MINIMUM     26.5              28.1    -1.6     30.0
MEAN             35.5              36.7    -1.2
DAYS MAX >= 90      0               0.0     0.0
DAYS MAX <= 32      6               2.9     3.1
DAYS MIN <= 32     23              22.0     1.0
DAYS MIN <= 0       0               0.0     0.0

PRECIPITATION (INCHES)
RECORD
 MAXIMUM         8.06   2009
 MINIMUM         0.20   1955
TOTALS           0.95              3.37   -2.42     2.77
DAILY AVG.       0.03              0.11   -0.08
DAYS >= .01         8               9.9    -1.9
DAYS >= .10         4               5.7    -1.7
DAYS >= .50         0               2.6    -2.6
DAYS >= 1.00        0               0.9    -0.9
GREATEST
 24 HR. TOTAL    0.35   12/23 TO 12/23

SNOWFALL (INCHES)
RECORDS
 TOTAL           20.4   1966
TOTALS            4.3               3.0     1.3
SINCE 7/1         4.3               3.4     0.9
SNOWDEPTH AVG.      0
DAYS >= TRACE       6               1.7     4.3
DAYS >= 1.0         1               0.9     0.1
GREATEST
 SNOW DEPTH         2   12/10
 24 HR TOTAL      2.8

DEGREE_DAYS
HEATING TOTAL     908               877      31      818
 SINCE 7/1       1655              1781    -126     1517
COOLING TOTAL       0                 0       0        0
 SINCE 1/1       1316              1164     152     1551
..............................................................

WIND (MPH)
AVERAGE WIND SPEED              6.3
HIGHEST WIND SPEED/DIRECTION    38/280    DATE  12/25
HIGHEST GUST SPEED/DIRECTION    47/270    DATE  12/25

SKY COVER
POSSIBLE SUNSHINE (PERCENT)   MM
AVERAGE SKY COVER           0.70
NUMBER OF DAYS FAIR            3
NUMBER OF DAYS PC             15
NUMBER OF DAYS CLOUDY         13

AVERAGE RH (PERCENT)     65

WEATHER CONDITIONS. NUMBER OF DAYS WITH
THUNDERSTORM              0     MIXED PRECIP               0
HEAVY RAIN                0     RAIN                       2
LIGHT RAIN                8     FREEZING RAIN              0
LT FREEZING RAIN          0     HAIL                       0
HEAVY SNOW                0     SNOW                       1
LIGHT SNOW                6     SLEET                      0
FOG                      15     FOG W/VIS <= 1/4 MILE      1
HAZE                      5

-  INDICATES NEGATIVE NUMBERS.
R  INDICATES RECORD WAS SET OR TIED.
MM INDICATES DATA IS MISSING.
T  INDICATES TRACE AMOUNT.

&&

BALTIMORE MD...BALTIMORE-WASHINGTON INTERNATIONAL THURGOOD
MARSHALL AIRPORT...

...8TH DRIEST DECEMBER ON RECORD IN BALTIMORE MD...

THE MONTHLY AVERAGE TEMPERATURE WAS 35.5, WHICH IS 1.2 DEGREES BELOW
NORMAL. IT WAS THE COLDEST DECEMBER SINCE 2010, WHEN THE AVERAGE
TEMPERATURE WAS 32.4.

MONTHLY PRECIPITATION WAS 0.95, WHICH IS 2.42 INCHES (72 PERCENT)
BELOW NORMAL. THIS MAKES DECEMBER 2017 THE 8TH DRIEST ON RECORD. IT
WAS THE DRIEST DECEMBER SINCE 1985, WHEN 0.84 INCHES OF
PRECIPITATION FELL.

MONTHLY SNOWFALL WAS 4.3 INCHES, WHICH IS 1.3 INCHES ABOVE THE 1981-
2010 CLIMATOLOGICAL NORMAL. IT WAS THE SNOWIEST DECEMBER SINCE 2009,
WHEN 20.1 INCHES FELL.

A DAILY RECORD SNOWFALL OF 2.8 INCHES WAS SET ON DECEMBER 9TH. THIS
BROKE THE OLD RECORD OF 2.2 INCHES FROM 2005.

A DAILY RECORD LOW MAXIMUM TEMPERATURE OF 24 DEGREES WAS SET ON
DECEMBER 28TH. THIS TIED THE OLD RECORD OF 24 FROM 1993.

A DAILY RECORD LOW MINIMUM TEMPERATURE OF 10 DEGREES WAS SET ON
DECEMBER 28TH. THIS TIED THE OLD RECORD OF 10 FROM 1950.

CLIMATE RECORDS FOR THE BALTIMORE MD AREA HAVE BEEN KEPT AT
BALTIMORE-WASHINGTON INTERNATIONAL THURGOOD MARSHALL AIRPORT SINCE
1950. ADDITIONAL TEMPERATURE RECORDS OBSERVED DOWNTOWN EXTEND BACK
TO JULY OF 1872. PRECIPITATION RECORDS EXTEND BACK TO JANUARY OF
1871. SNOWFALL RECORDS BEGAN IN MARCH OF 1892.

ALL CLIMATE DATA ARE CONSIDERED PRELIMINARY UNTIL REVIEWED BY THE
NATIONAL CENTERS FOR ENVIRONMENTAL INFORMATION (NCEI).


$$

RCM
