007
CXUS51 KLWX 011344
CLMBWI

CLIMATE REPORT
NATIONAL WEATHER SERVICE BALTIMORE MD/WASHINGTON DC
844 AM EST SUN JAN 1 2017

...................................

...THE BALTIMORE MD CLIMATE SUMMARY FOR THE MONTH OF DECEMBER 2016...

CLIMATE NORMAL PERIOD 1981 TO 2010
CLIMATE RECORD PERIOD 1870 TO 2016

WEATHER         OBSERVED          NORMAL  DEPART  LAST YEAR`S
                 VALUE   DATE(S)  VALUE   FROM    VALUE
                                          NORMAL
.............................................................
TEMPERATURE (F)
RECORD
 HIGH              77   12/07/1998
                        12/06/1998
                        12/29/1984
 LOW               -3   12/30/1880
HIGHEST            66   12/27        65       1
LOWEST             13   12/16        13       0
AVG. MAXIMUM     46.7              45.3     1.4     58.3
AVG. MINIMUM     30.0              28.1     1.9     39.7
MEAN             38.3              36.7     1.6
DAYS MAX >= 90      0               0.0     0.0
DAYS MAX <= 32      1               2.9    -1.9
DAYS MIN <= 32     19              22.0    -3.0
DAYS MIN <= 0       0               0.0     0.0

PRECIPITATION (INCHES)
RECORD
 MAXIMUM         8.06   2009
 MINIMUM         0.20   1955
TOTALS           2.77              3.37   -0.60     5.85
DAILY AVG.       0.09              0.11   -0.02
DAYS >= .01        11               9.9     1.1
DAYS >= .10         6               5.7     0.3
DAYS >= .50         2               2.6    -0.6
DAYS >= 1.00        0               0.9    -0.9
GREATEST
 24 HR. TOTAL    1.06   11/30 TO 12/01

SNOWFALL (INCHES)
RECORDS
 TOTAL           20.4   1966
TOTALS              T               3.0    -3.0
SINCE 7/1           T               3.4    -3.4
SNOWDEPTH AVG.      0
DAYS >= TRACE       3               1.7     1.3
DAYS >= 1.0         0               0.9    -0.9
GREATEST
 SNOW DEPTH         0   MM
 24 HR TOTAL        T

DEGREE_DAYS
HEATING TOTAL     818               877     -59      489
 SINCE 7/1       1517              1781    -264     1209
COOLING TOTAL       0                 0       0        1
 SINCE 1/1       1551              1164     387     1417
..............................................................

WIND (MPH)
AVERAGE WIND SPEED              7.6
HIGHEST WIND SPEED/DIRECTION    36/280    DATE  12/15
HIGHEST GUST SPEED/DIRECTION    46/290    DATE  12/15

SKY COVER
POSSIBLE SUNSHINE (PERCENT)   MM
AVERAGE SKY COVER           0.60
NUMBER OF DAYS FAIR            7
NUMBER OF DAYS PC             11
NUMBER OF DAYS CLOUDY         13

AVERAGE RH (PERCENT)     64

WEATHER CONDITIONS. NUMBER OF DAYS WITH
THUNDERSTORM              0     MIXED PRECIP               0
HEAVY RAIN                0     RAIN                       5
LIGHT RAIN               11     FREEZING RAIN              1
LT FREEZING RAIN          1     HAIL                       0
HEAVY SNOW                0     SNOW                       0
LIGHT SNOW                2     SLEET                      2
FOG                      12     FOG W/VIS <= 1/4 MILE      0
HAZE                      0

-  INDICATES NEGATIVE NUMBERS.
R  INDICATES RECORD WAS SET OR TIED.
MM INDICATES DATA IS MISSING.
T  INDICATES TRACE AMOUNT.

&&

BALTIMORE MD...BALTIMORE-WASHINGTON INTERNATIONAL THURGOOD
MARSHALL AIRPORT...

THE MONTHLY AVERAGE TEMPERATURE WAS SLIGHTLY ABOVE NORMAL. MONTHLY
PRECIPITATION WAS BELOW NORMAL. SNOWFALL WAS BELOW NORMAL.

LAST MONTH RANKED AS THE SECOND CONSECUTIVE DECEMBER WITHOUT
MEASURABLE SNOWFALL. THIS IS ONLY THE SECOND TIME ON RECORD THAT TWO
DECEMBERS IN A ROW FAILED TO HAVE MEASURABLE SNOW IN THE BALTIMORE
MD AREA SINCE SNOWFALL RECORDS BEGAN IN 1892. THE OTHER TIME WAS IN
1971-72.

LAST MONTH WAS ALSO THE SIXTH STRAIGHT DECEMBER TO RANK WARMER THAN
NORMAL.

CLIMATE RECORDS HAVE BEEN KEPT AT BALTIMORE-WASHINGTON INTERNATIONAL
THURGOOD MARSHALL AIRPORT SINCE 1950. ADDITIONAL TEMPERATURE
RECORDS FOR THE BALTIMORE MD AREA EXTEND BACK TO JULY OF 1872.
PRECIPITATION RECORDS EXTEND BACK TO JANUARY OF 1871. SNOWFALL
RECORDS BEGAN IN MARCH OF 1892.

ALL CLIMATE DATA ARE CONSIDERED PRELIMINARY UNTIL REVIEWED BY THE
NATIONAL CENTERS FOR ENVIRONMENTAL INFORMATION (NCEI).

$$

DH/WOODY!
