000
CXAK58 PACD 011826
CLMCDB

CLIMATE REPORT
NATIONAL WEATHER SERVICE COLD BAY, AK
926 AM AKST MON FEB 1 2016

...................................

...THE COLD BAY AP CLIMATE SUMMARY FOR THE MONTH OF JANUARY 2016...

CLIMATE NORMAL PERIOD 1981 TO 2010
CLIMATE RECORD PERIOD 1942 TO 2016

WEATHER         OBSERVED          NORMAL  DEPART  LAST YEAR`S
                 VALUE   DATE(S)  VALUE   FROM    VALUE  DATE(S)
                                          NORMAL
................................................................
TEMPERATURE (F)
RECORD
 HIGH              51   1/13/1993
 LOW              -13   1/30/2000
HIGHEST            43   1/30         42       1      45  1/11
LOWEST             17                 5      12      16  1/20
AVG. MAXIMUM       36.5              32.9     3.6    35.5
AVG. MINIMUM       29.1              23.6     5.5    26.6
MEAN               32.8              28.2     4.6    31.0
DAYS MAX >= 90      0                 0.0     0.0     0
DAYS MAX <= 32      2                11.5    -9.5    10
DAYS MAX >= 80      0                 0.0     0.0     0
DAYS MAX >= 70      0                 0.0     0.0     0
DAYS MIN <= 32     25                24.5     0.5    23
DAYS MIN <= 0       0                 0.4    -0.4     0

PRECIPITATION (INCHES)
RECORD
 MAXIMUM            6.45   1957
 MINIMUM            0.60   1956
TOTALS              4.49              3.16    1.33    1.41
DAILY AVG.          0.14              0.10    0.04    0.05
DAYS >= .01        23                21.1     1.9    14
DAYS >= .10        13                 8.3     4.7     6
DAYS >= .50         3                 1.2     1.8     0
DAYS >= 1.0         0                 0.4    -0.4     0
GREATEST
 24 HR TOTAL        0.83   1/09                       0.25  1/15

SNOWFALL (INCHES)
RECORDS
 TOTAL             56.2   2000
 24 HR TOTAL       16.0   1-09-2004
 SNOW DEPTH        46     1-13-2000
TOTALS              9.0              14.1    -5.1     1.5
SINCE 7/1          38.7              41.6    -2.9     7.7
SNOWDEPTH AVG.      0                 3      -3       0
DAYS >= TRACE      20                21.1    -1.1    12
DAYS >= 1.0         2                 4.4    -2.4     0
DAYS >= 6.0         0                 0.3    -0.3     0
GREATEST
 SNOW DEPTH         1   1/29                          1  1/09
 24 HR TOTAL      3.5   1/08                        0.7  1/07

DEGREE_DAYS
HEATING TOTAL     991              1139    -148    1045
 SINCE 7/1       4842              5216    -374    4523
COOLING TOTAL       0                 0       0       0
 SINCE 1/1          0                 0       0       0
................................................................

WIND (MPH)
AVERAGE WIND SPEED               13.0
HIGHEST WIND SPEED/DIRECTION     56/130    DATE    01/6
HIGHEST GUST SPEED/DIRECTION     73/130    DATE    01/6

SKY COVER
POSSIBLE SUNSHINE (PERCENT)   MM
AVERAGE SKY COVER             MM
NUMBER OF DAYS FAIR           MM
NUMBER OF DAYS PC             MM
NUMBER OF DAYS CLOUDY         MM

AVERAGE RH (PERCENT)     MM

WEATHER CONDITIONS. NUMBER OF DAYS WITH
THUNDERSTORM              0     ICE PELLETS                 0
RAIN                     24     GLAZE                       0
DRIZZLE                   0     HAIL                        0
SNOW                     20     HAZE                        0
FOG                      24     FOG W/VIS <= 1/4 MILE       1
BLOWING SNOW              0


-  INDICATES NEGATIVE NUMBERS.
R  INDICATES RECORD WAS SET OR TIED.
MM INDICATES DATA IS MISSING.
T  INDICATES TRACE AMOUNT.

&&

...JANUARY HAD NORMAL TEMPERATURES WITH MORE THAN NORMAL PRECIPITATION...

TEMPERATURES...THE MAXIMUM TEMPERATURE FOR JANUARY OF 43 DEGREES WHICH WAS AVERAGE
FOR THE MONTH. THE MINIMUM TEMPERATURE WAS 17 DEGREES WHICH IS TEN DEGREES WARMER
THAN THE AVERAGE WHICH IS SEVEN DEGREES. THE MAXIMUM TEMPERATURE WAS TWO DEGREES
COOLER THAN LAST YEAR. THE MINIMUM TEMPERATURE WAS ONE DEGREE WARMER THAN LAST
YEAR.

PRECIPITATION...JANUARY PRECIPITATION TOTAL OF 4.49 INCHES WAS 1.51 INCHES ABOVE
NORMAL...AND 3.08 INCHES HIGHER THAN LAST YEARS TOTAL OF 1.41 INCHES.

SNOWFALL...JANUARY SNOWFALL TOTAL OF 9.0 INCHES WAS THREE INCHES LOWER THAN THE
NORMAL...AND 7.5 INCHES HIGHER THAN LAST YEARS TOTAL OF 1.5 INCHES.

RECORDS... ON 30 JANUARY A RECORD WAS SET IN THE AMOUNT OF PRECIPITATION THAT FELL
WHICH WAS 0.61 INCHES. THIS BROKE THE PREVIOUS RECORD OF 0.57 INCHES SET IN 1988.

$$
DAB FEB 16
