000
CXUS55 KCYS 031934
CLMCDR


CLIMATE REPORT
NATIONAL WEATHER SERVICE CHEYENNE WY
134 PM MDT THU SEP 3 2015

...................................

...THE CHADRON NE AIRPORT CLIMATE SUMMARY FOR THE MONTH OF AUGUST 2015...

CLIMATE NORMAL PERIOD 1981 TO 2010
CLIMATE RECORD PERIOD 1895 TO 2015

WEATHER         OBSERVED          NORMAL  DEPART  LAST YEAR`S
                 VALUE   DATE(S)  VALUE   FROM    VALUE
                                          NORMAL
.............................................................
TEMPERATURE (F)
RECORD
 HIGH             111   08/25/1926
 LOW               34   08/23/2015
HIGHEST           105   08/15        MM      MM       99
LOWEST             34R  08/23        MM      MM       47
AVG. MAXIMUM     88.7              89.0    -0.3     87.9
AVG. MINIMUM     54.1              55.4    -1.3     56.8
MEAN             71.4              72.2    -0.8     72.4
DAYS MAX >= 90     16              15.5               16
DAYS MAX <= 32      0               0.0                0
DAYS MIN <= 32      0               0.0                0
DAYS MIN <= 0       0               0.0                0

PRECIPITATION (INCHES)
RECORD
 MAXIMUM         5.00   1979
 MINIMUM            T   2011
TOTALS           0.81              1.58   -0.77     2.73
DAYS >= .01         5               6.7    -1.7       11
DAYS >= .10         2               3.5    -1.5        8
DAYS >= .50         1               0.9     0.1        1
DAYS >= 1.00        0               0.4    -0.4        0
GREATEST
 24 HR. TOTAL    0.58   08/17 TO 08/18

DEGREE_DAYS
HEATING TOTAL      33                20      13        3
 SINCE 7/1         36                30       6       14
COOLING TOTAL     241               243      -2      241
 SINCE 1/1        598               647     -49      585
..............................................................

WIND (MPH)
AVERAGE WIND SPEED              7.8
HIGHEST WIND SPEED/DIRECTION    38/190    DATE  08/26
HIGHEST GUST SPEED/DIRECTION    54/190    DATE  08/26

SKY COVER
POSSIBLE SUNSHINE (PERCENT)   MM
AVERAGE SKY COVER           0.10
NUMBER OF DAYS FAIR           28
NUMBER OF DAYS PC              3
NUMBER OF DAYS CLOUDY          0

AVERAGE RH (PERCENT)     56

WEATHER CONDITIONS. NUMBER OF DAYS WITH
THUNDERSTORM              0     MIXED PRECIP               0
HEAVY RAIN                2     RAIN                       2
LIGHT RAIN                9     FREEZING RAIN              0
LT FREEZING RAIN          0     HAIL                       0
HEAVY SNOW                0     SNOW                       0
LIGHT SNOW                0     SLEET                      0
FOG                       8     FOG W/VIS <= 1/4 MILE      0
HAZE                     17

-  INDICATES NEGATIVE NUMBERS.
R  INDICATES RECORD WAS SET OR TIED.
MM INDICATES DATA IS MISSING.
T  INDICATES TRACE AMOUNT.

$$
