000
CXUS55 KCYS 011925
CLMCDR


CLIMATE REPORT
NATIONAL WEATHER SERVICE CHEYENNE WY
124 PM MDT MON SEP 1 2014

...................................

...THE CHADRON NE AIRPORT CLIMATE SUMMARY FOR THE MONTH OF AUGUST 2014...

CLIMATE NORMAL PERIOD 1981 TO 2010
CLIMATE RECORD PERIOD 1895 TO 2014

WEATHER         OBSERVED          NORMAL  DEPART  LAST YEAR`S
                 VALUE   DATE(S)  VALUE   FROM    VALUE
                                          NORMAL
.............................................................
TEMPERATURE (F)
RECORD
 HIGH             114   08/27/1894
                        08/26/1894
 LOW               35   08/11/2004
                        08/16/1942
                        08/15/1942
HIGHEST            99   08/19        MM      MM      102
                        08/13
LOWEST             47   08/24        MM      MM       51
AVG. MAXIMUM     87.9              89.0    -1.1     90.5
AVG. MINIMUM     56.8              55.4     1.4     59.1
MEAN             72.4              72.2     0.2     74.8
DAYS MAX >= 90     16              15.5               16
DAYS MAX <= 32      0               0.0                0
DAYS MIN <= 32      0               0.0                0
DAYS MIN <= 0       0               0.0                0

PRECIPITATION (INCHES)
RECORD
 MAXIMUM         5.00   1979
 MINIMUM            T   2011
TOTALS           2.73              1.58    1.15     1.44
DAYS >= .01        11               6.7     4.3        6
DAYS >= .10         8               3.5     4.5        2
DAYS >= .50         1               0.9     0.1        2
DAYS >= 1.00        0               0.4    -0.4        0
GREATEST
 24 HR. TOTAL    0.94   08/27 TO 08/28

DEGREE_DAYS
HEATING TOTAL       3                20     -17        0
 SINCE 7/1         14                30     -16        0
COOLING TOTAL     241               243      -2      310
 SINCE 1/1        585               647     -62      768
..............................................................

WIND (MPH)
AVERAGE WIND SPEED              6.8
HIGHEST WIND SPEED/DIRECTION    35/350    DATE  08/23
HIGHEST GUST SPEED/DIRECTION    42/020    DATE  08/17

SKY COVER
POSSIBLE SUNSHINE (PERCENT)   MM
AVERAGE SKY COVER           0.20
NUMBER OF DAYS FAIR           25
NUMBER OF DAYS PC              6
NUMBER OF DAYS CLOUDY          0

AVERAGE RH (PERCENT)     61

WEATHER CONDITIONS. NUMBER OF DAYS WITH
THUNDERSTORM              0     MIXED PRECIP               0
HEAVY RAIN                6     RAIN                       6
LIGHT RAIN               15     FREEZING RAIN              0
LT FREEZING RAIN          0     HAIL                       0
HEAVY SNOW                0     SNOW                       0
LIGHT SNOW                0     SLEET                      0
FOG                      10     FOG W/VIS <= 1/4 MILE      2
HAZE                      3

-  INDICATES NEGATIVE NUMBERS.
R  INDICATES RECORD WAS SET OR TIED.
MM INDICATES DATA IS MISSING.
T  INDICATES TRACE AMOUNT.

$$
