000
CXUS52 KGSP 011229 CCA
CLMCLT

CLIMATE REPORT
NATIONAL WEATHER SERVICE GREENVILLE-SPARTANBURG SC
742 AM EDT MON AUG 1 2016

...................................

...THE CHARLOTTE CLIMATE SUMMARY FOR THE MONTH OF JULY 2016...

CLIMATE NORMAL PERIOD 1981 TO 2010
CLIMATE RECORD PERIOD 1878 TO 2016

WEATHER         OBSERVED          NORMAL  DEPART  LAST YEAR`S
                 VALUE   DATE(S)  VALUE   FROM    VALUE  DATE(S)
                                          NORMAL
................................................................
TEMPERATURE (F)
RECORD
 HIGH             104   07/01/2012
 LOW               53   07/10/1961
HIGHEST            99   07/27        MM      MM       99  07/10
                                                          07/09
LOWEST             67   07/17        MM      MM       67  07/11
AVG. MAXIMUM     93.9              89.0     4.9     93.2
AVG. MINIMUM     71.7              68.1     3.6     70.9
MEAN             82.8              78.5     4.3     82.1
DAYS MAX >= 90     29              13.6    15.4       26
DAYS MAX <= 32      0               0.0     0.0        0
DAYS MIN <= 32      0               0.0     0.0        0
DAYS MIN <= 0       0               0.0     0.0        0

PRECIPITATION (INCHES)
RECORD
 MAXIMUM        16.55   1916
 MINIMUM         0.53   1983
TOTALS           1.55              3.68   -2.13     1.21
DAILY AVG.       0.05              0.12   -0.07     0.04
DAYS >= .01         6              10.8    -4.8       10
DAYS >= .10         4               6.2    -2.2        3
DAYS >= .50         0               2.3    -2.3        1
DAYS >= 1.00        0               0.8    -0.8        0
GREATEST
 24 HR. TOTAL    0.70   07/15 TO 07/16           07/18 TO 07/18

 STORM TOTAL       MM                                 MM
 (MM/DD(HH))       MM                       07/18(00) TO 07/18(00)


SNOWFALL (INCHES)
RECORDS
 TOTAL             MM   MM
 24 HR TOTAL       MM
 SNOW DEPTH        MM   MM
TOTALS            0.0               0.0     0.0      0.0
 LIQUID EQUIV    0.00              0.00    0.00     0.00
SINCE 7/1         0.0               0.0     0.0      0.0
 LIQUID 7/1      0.00              0.00    0.00     0.00
SNOWDEPTH AVG.      0                MM      MM        0
DAYS >= TRACE       0               0.0     0.0        0
DAYS >= 1.0         0               0.0     0.0        0
GREATEST
 SNOW DEPTH         0   MM                             0  MM
 24 HR TOTAL      0.0   07/31 TO 07/31           07/31 TO 07/31

 STORM TOTAL       MM                                 MM
 (MM/DD(HH))            MM                    07/31(00) TO 07/31(00)

DEGREE_DAYS
HEATING TOTAL       0                 0       0        0
 SINCE 7/1          0                 0       0        0
COOLING TOTAL     563               420     143      536
 SINCE 1/1       1218               894     324     1288

FREEZE DATES
RECORD
 EARLIEST     MM
 LATEST       MM
EARLIEST      11/15                  MM
LATEST        03/03                  MM
.........................................................

WIND (MPH)
AVERAGE WIND SPEED              5.4
HIGHEST WIND SPEED/DIRECTION    29/310    DATE  07/08
HIGHEST GUST SPEED/DIRECTION    42/310    DATE  07/08

SKY COVER
POSSIBLE SUNSHINE (PERCENT)   MM
AVERAGE SKY COVER           0.50
NUMBER OF DAYS FAIR            6
NUMBER OF DAYS PC             23
NUMBER OF DAYS CLOUDY          2

AVERAGE RH (PERCENT)     66

WEATHER CONDITIONS. NUMBER OF DAYS WITH
THUNDERSTORM              11    MIXED PRECIP               0
HEAVY RAIN                4     RAIN                       3
LIGHT RAIN                8     FREEZING RAIN              0
LT FREEZING RAIN          0     HAIL                       0
HEAVY SNOW                0     SNOW                       0
LIGHT SNOW                0     SLEET                      0
FOG                       5     FOG W/VIS <= 1/4 MILE      0
HAZE                      3

-  INDICATES NEGATIVE NUMBERS.
R  INDICATES RECORD WAS SET OR TIED.
MM INDICATES DATA IS MISSING.
T  INDICATES TRACE AMOUNT.

$$

LEV
