000
CXUS55 KCYS 172007
CLMCNE


CLIMATE REPORT
NATIONAL WEATHER SERVICE CHEYENNE WY
107 PM MST SAT JAN 17 2015

...................................

...THE ALLIANCE NE AIRPORT CLIMATE SUMMARY FOR THE MONTH OF DECEMBER 2014...

CLIMATE NORMAL PERIOD 1981 TO 2010
CLIMATE RECORD PERIOD 1896 TO 2015

WEATHER         OBSERVED          NORMAL  DEPART  LAST YEAR`S
                 VALUE   DATE(S)  VALUE   FROM    VALUE
                                          NORMAL
.............................................................
TEMPERATURE (F)
RECORD
 HIGH              72   12/06/1939
 LOW              -42   12/22/1989
HIGHEST            66   12/12        MM      MM       60
LOWEST            -28   12/31        MM      MM      -25
                        12/30
AVG. MAXIMUM     38.3              38.6    -0.3     33.8
AVG. MINIMUM     10.0               8.6     1.4      7.8
MEAN             24.2              23.6     0.6     20.8
DAYS MAX >= 90      0               0.0     0.0        0
DAYS MAX <= 32     11               8.4     2.6       12
DAYS MIN <= 32     31              31.0     0.0       29
DAYS MIN <= 0       6               6.5    -0.5       10

PRECIPITATION (INCHES)
RECORD
 MAXIMUM         1.46   1978
 MINIMUM         0.00   1993
                        1992
                        1991
TOTALS           1.01              0.32    0.69     0.54
DAYS >= .01         6                MM      MM        5
DAYS >= .10         4                MM      MM        1
DAYS >= .50         0                MM      MM        0
DAYS >= 1.00        0                MM      MM        0
GREATEST
 24 HR. TOTAL    0.43   12/25 TO 12/26

DEGREE_DAYS
HEATING TOTAL    1259              1283     -24     1359
 SINCE 7/1       2967              3082    -115     3089
COOLING TOTAL       0                 0       0        0
 SINCE 1/1        499               564     -65      795
..............................................................

WIND (MPH)
AVERAGE WIND SPEED              9.9
HIGHEST WIND SPEED/DIRECTION    38/320    DATE  12/22
HIGHEST GUST SPEED/DIRECTION    50/310    DATE  12/22

SKY COVER
POSSIBLE SUNSHINE (PERCENT)   MM
AVERAGE SKY COVER           0.40
NUMBER OF DAYS FAIR           17
NUMBER OF DAYS PC              8
NUMBER OF DAYS CLOUDY          6

AVERAGE RH (PERCENT)     74

WEATHER CONDITIONS. NUMBER OF DAYS WITH
THUNDERSTORM              0     MIXED PRECIP               0
HEAVY RAIN                0     RAIN                       0
LIGHT RAIN                0     FREEZING RAIN              0
LT FREEZING RAIN          0     HAIL                       0
HEAVY SNOW                0     SNOW                       1
LIGHT SNOW                9     SLEET                      0
FOG                      17     FOG W/VIS <= 1/4 MILE      5
HAZE                      4

-  INDICATES NEGATIVE NUMBERS.
R  INDICATES RECORD WAS SET OR TIED.
MM INDICATES DATA IS MISSING.
T  INDICATES TRACE AMOUNT.
...................................

...THE CHADRON NE AIRPORT CLIMATE SUMMARY FOR THE MONTH OF DECEMBER 2014...

CLIMATE NORMAL PERIOD 1981 TO 2010
CLIMATE RECORD PERIOD 1895 TO 2015

WEATHER         OBSERVED          NORMAL  DEPART  LAST YEAR`S
                 VALUE   DATE(S)  VALUE   FROM    VALUE
                                          NORMAL
.............................................................
TEMPERATURE (F)
RECORD
 HIGH              74   12/06/1939
 LOW              -40   12/22/1989
HIGHEST            72   12/12        MM      MM       56
LOWEST            -21   12/30        MM      MM      -23
AVG. MAXIMUM     41.1              38.4     2.7     31.2
AVG. MINIMUM     11.8              10.4     1.4      6.1
MEAN             26.5              24.4     2.1     18.7
DAYS MAX >= 90      0               0.0     0.0        0
DAYS MAX <= 32      9               9.1    -0.1       14
DAYS MIN <= 32     31              30.4     0.6       31
DAYS MIN <= 0       4               6.4    -2.4       11

PRECIPITATION (INCHES)
RECORD
 MAXIMUM         1.89   1987
 MINIMUM         0.00   1992
                        1989
                        1988
TOTALS           1.37              0.52    0.85     0.66
DAYS >= .01         8               4.4     3.6        9
DAYS >= .10         5               1.8     3.2        1
DAYS >= .50         0               0.1    -0.1        0
DAYS >= 1.00        0               0.0     0.0        0
GREATEST
 24 HR. TOTAL    0.66   12/22 TO 12/23

DEGREE_DAYS
HEATING TOTAL    1185              1258     -73     1427
 SINCE 7/1       2790              2942    -152     3063
COOLING TOTAL       0                 0       0        0
 SINCE 1/1        647               712     -65      917
..............................................................

WIND (MPH)
AVERAGE WIND SPEED              7.6
HIGHEST WIND SPEED/DIRECTION    35/320    DATE  12/22
HIGHEST GUST SPEED/DIRECTION    45/320    DATE  12/22

SKY COVER
POSSIBLE SUNSHINE (PERCENT)   MM
AVERAGE SKY COVER           0.30
NUMBER OF DAYS FAIR           19
NUMBER OF DAYS PC              8
NUMBER OF DAYS CLOUDY          4

AVERAGE RH (PERCENT)     70

WEATHER CONDITIONS. NUMBER OF DAYS WITH
THUNDERSTORM              0     MIXED PRECIP               0
HEAVY RAIN                0     RAIN                       0
LIGHT RAIN                1     FREEZING RAIN              0
LT FREEZING RAIN          0     HAIL                       0
HEAVY SNOW                1     SNOW                       4
LIGHT SNOW                9     SLEET                      0
FOG                      12     FOG W/VIS <= 1/4 MILE      4
HAZE                      9

-  INDICATES NEGATIVE NUMBERS.
R  INDICATES RECORD WAS SET OR TIED.
MM INDICATES DATA IS MISSING.
T  INDICATES TRACE AMOUNT.
...................................

...THE SCOTTSBLUFF NE AIRPORT CLIMATE SUMMARY FOR THE MONTH OF DECEMBER 2014...

CLIMATE NORMAL PERIOD 1981 TO 2010
CLIMATE RECORD PERIOD 1871 TO 2015

WEATHER         OBSERVED          NORMAL  DEPART  LAST YEAR`S
                 VALUE   DATE(S)  VALUE   FROM    VALUE
                                          NORMAL
.............................................................
TEMPERATURE (F)
RECORD
 HIGH              77   12/27/1980
 LOW              -42   12/22/1989
HIGHEST            60   12/11        40      20       62
                        12/10
LOWEST            -28   12/31        13     -41      -17
AVG. MAXIMUM     39.1              39.6    -0.5     39.0
AVG. MINIMUM     12.4              12.5    -0.1     11.6
MEAN             25.8              26.1    -0.3     25.3
DAYS MAX >= 90      0               0.0     0.0        0
DAYS MAX <= 32      9               8.1     0.9        8
DAYS MIN <= 32     31              30.8     0.2       29
DAYS MIN <= 0       4               4.5    -0.5        8

PRECIPITATION (INCHES)
RECORD
 MAXIMUM         2.22   1913
 MINIMUM            T   2002
                        2001
                        1929
TOTALS           1.47              0.51    0.96     0.63
DAYS >= .01         6               5.4     0.6        5
DAYS >= .10         4               1.7     2.3        2
DAYS >= .50         0               0.0     0.0        0
DAYS >= 1.00        0               0.0     0.0        0
GREATEST
 24 HR. TOTAL    0.80   12/14 TO 12/15

DEGREE_DAYS
HEATING TOTAL    1208              1207       1     1223
 SINCE 7/1       2653              2772    -119     2728
COOLING TOTAL       0                 0       0        0
 SINCE 1/1        719               724      -5     1047
..............................................................

WIND (MPH)
AVERAGE WIND SPEED              8.2
HIGHEST WIND SPEED/DIRECTION    40/320    DATE  12/22
HIGHEST GUST SPEED/DIRECTION    49/330    DATE  12/22

SKY COVER
POSSIBLE SUNSHINE (PERCENT)   MM
AVERAGE SKY COVER           0.30
NUMBER OF DAYS FAIR           16
NUMBER OF DAYS PC             12
NUMBER OF DAYS CLOUDY          3

AVERAGE RH (PERCENT)     73

WEATHER CONDITIONS. NUMBER OF DAYS WITH
THUNDERSTORM              0     MIXED PRECIP               0
HEAVY RAIN                0     RAIN                       0
LIGHT RAIN                2     FREEZING RAIN              0
LT FREEZING RAIN          0     HAIL                       0
HEAVY SNOW                2     SNOW                       4
LIGHT SNOW               10     SLEET                      0
FOG                      15     FOG W/VIS <= 1/4 MILE      7
HAZE                      5

-  INDICATES NEGATIVE NUMBERS.
R  INDICATES RECORD WAS SET OR TIED.
MM INDICATES DATA IS MISSING.
T  INDICATES TRACE AMOUNT.
...................................

...THE SIDNEY NE AIRPORT CLIMATE SUMMARY FOR THE MONTH OF DECEMBER 2014...

CLIMATE NORMAL PERIOD 1981 TO 2010
CLIMATE RECORD PERIOD 1948 TO 2015

WEATHER         OBSERVED          NORMAL  DEPART  LAST YEAR`S
                 VALUE   DATE(S)  VALUE   FROM    VALUE
                                          NORMAL
.............................................................
TEMPERATURE (F)
RECORD
 HIGH              72   12/28/1980
                        12/18/1980
 LOW              -39   12/22/1989
HIGHEST            62   12/12        MM      MM       69
                        12/11
                        12/10
LOWEST            -21   12/31        MM      MM       -8
                        12/30
AVG. MAXIMUM     39.6              41.3    -1.7     41.0
AVG. MINIMUM     12.3              16.1    -3.8     14.7
MEAN             26.0              28.7    -2.7     27.8
DAYS MAX >= 90      0               0.0     0.0        0
DAYS MAX <= 32     11               6.9     4.1        8
DAYS MIN <= 32     31              30.1     0.9       30
DAYS MIN <= 0       6               2.4     3.6        5

PRECIPITATION (INCHES)
RECORD
 MAXIMUM         1.30   1958
 MINIMUM         0.00   1996
                        1990
                        1980
TOTALS           0.88              0.54    0.34     0.02
DAYS >= .01         7               3.8     3.2        1
DAYS >= .10         5               1.1     3.9        0
DAYS >= .50         0               0.1    -0.1        0
DAYS >= 1.00        0               0.0     0.0        0
GREATEST
 24 HR. TOTAL    0.31   12/14 TO 12/15

DEGREE_DAYS
HEATING TOTAL    1203              1125      78     1142
 SINCE 7/1       2693              2547     146     2634
COOLING TOTAL       0                 0       0        0
 SINCE 1/1        637               830    -193      918
..............................................................

WIND (MPH)
AVERAGE WIND SPEED              12.0
HIGHEST WIND SPEED/DIRECTION    46/340    DATE  12/23
HIGHEST GUST SPEED/DIRECTION    58/340    DATE  12/23

SKY COVER
POSSIBLE SUNSHINE (PERCENT)   MM
AVERAGE SKY COVER           0.30
NUMBER OF DAYS FAIR           18
NUMBER OF DAYS PC             10
NUMBER OF DAYS CLOUDY          3

AVERAGE RH (PERCENT)     69

WEATHER CONDITIONS. NUMBER OF DAYS WITH
THUNDERSTORM              0     MIXED PRECIP               0
HEAVY RAIN                0     RAIN                       0
LIGHT RAIN                0     FREEZING RAIN              0
LT FREEZING RAIN          1     HAIL                       0
HEAVY SNOW                2     SNOW                       3
LIGHT SNOW                9     SLEET                      0
FOG                      12     FOG W/VIS <= 1/4 MILE      4
HAZE                      2

-  INDICATES NEGATIVE NUMBERS.
R  INDICATES RECORD WAS SET OR TIED.
MM INDICATES DATA IS MISSING.
T  INDICATES TRACE AMOUNT.

$$
