888
CXUS52 KILM 021239
CLMCRE


CLIMATE REPORT
NATIONAL WEATHER SERVICE WILMINGTON NC
736 AM EST TUE JAN 2 2018

...................................

...THE NORTH MYRTLE BEACH SC CLIMATE SUMMARY FOR THE YEAR OF 2017...

CLIMATE NORMAL PERIOD 1981 TO 2010
CLIMATE RECORD PERIOD 1949 TO 2018

WEATHER         OBSERVED          NORMAL  DEPART  LAST YEAR`S
                 VALUE   DATE(S)  VALUE   FROM    VALUE  DATE(S)
                                          NORMAL
................................................................
TEMPERATURE (F)
RECORD
 HIGH             104   08/05/1954
                        06/26/1952
 LOW                7   01/16/1994
HIGHEST            97   07/07                         97  07/30
                                                          07/28
LOWEST             19   01/09                         22  01/20
AVG. MAXIMUM     74.2              72.4     1.8     73.9
AVG. MINIMUM     56.9              54.6     2.3     56.7
MEAN             65.5              63.5     2.0     65.3
DAYS MAX >= 90     14              15.6    -1.6       31
DAYS MAX <= 32      0               0.0     0.0        0
DAYS MIN <= 32     20              29.7    -9.7       29
DAYS MIN <= 0       0               0.0     0.0        0

PRECIPITATION (INCHES)
TOTALS          49.12             52.01   -2.89    56.19
DAILY AVG.       0.13              0.14   -0.01     0.16
DAYS >= .01       117                                 91
DAYS >= .10        76                                 58
DAYS >= .50        31                                 31
DAYS >= 1.00       16                                 17
GREATEST
 24 HR. TOTAL    3.73   MM

DEGREE_DAYS
HEATING TOTAL    1892              2448    -556     2149
 SINCE 7/1        822               868     -46      739
COOLING TOTAL    2197              1903     294     2370
 SINCE 1/1       2197              1902     295     2370
...................................................

WIND (MPH)
AVERAGE WIND SPEED              7.8
RESULTANT WIND SPEED/DIRECTION   2/205
HIGHEST WIND SPEED/DIRECTION    39/220    DATE  08/07
HIGHEST GUST SPEED/DIRECTION    56/190    DATE  08/07

SKY COVER
POSSIBLE SUNSHINE (PERCENT)   MM
AVERAGE SKY COVER           0.30
NUMBER OF DAYS FAIR          241
NUMBER OF DAYS PC             96
NUMBER OF DAYS CLOUDY         28

AVERAGE RH (PERCENT)     76

WEATHER CONDITIONS. NUMBER OF DAYS WITH
THUNDERSTORM             66     MIXED PRECIP              MM
HEAVY RAIN               57     RAIN                      74
LIGHT RAIN              145     FREEZING RAIN              0
LT FREEZING RAIN          2     HAIL                      MM
HEAVY SNOW                0     SNOW                       0
LIGHT SNOW                1     SLEET                     MM
FOG                     204     FOG W/VIS <= 1/4 MILE     36
HAZE                     11

-  INDICATES NEGATIVE NUMBERS.
R  INDICATES RECORD WAS SET OR TIED.
MM INDICATES DATA IS MISSING.
T  INDICATES TRACE AMOUNT.

$$
