431
CXUS42 KFFC 011236
CLMCSG


CLIMATE REPORT
NATIONAL WEATHER SERVICE PEACHTREE CITY GA
833 AM EDT FRI MAY 1 2015

...................................

...THE COLUMBUS CLIMATE SUMMARY FOR THE MONTH OF APRIL 2015...

CLIMATE NORMAL PERIOD 1981 TO 2010
CLIMATE RECORD PERIOD 1948 TO 2015

WEATHER         OBSERVED          NORMAL  DEPART  LAST YEAR`S
                 VALUE   DATE(S)  VALUE   FROM    VALUE  DATE(S)
                                          NORMAL
................................................................
TEMPERATURE (F)
RECORD
 HIGH              94   04/30/2012
 LOW               28   04/07/1950
HIGHEST            88   04/08        93      -5       84  04/28
                                                          04/25
LOWEST             48   04/22        30      18       37  04/16
                        04/05
AVG. MAXIMUM     77.5              76.7     0.8     75.6
AVG. MINIMUM     58.2              52.5     5.7     53.1
MEAN             67.9              64.6     3.3     64.4
DAYS MAX >= 90      0               0.3    -0.3        0
DAYS MAX <= 32      0               0.0     0.0        0
DAYS MIN <= 32      0               0.1    -0.1        0
DAYS MIN <= 0       0               0.0     0.0        0

PRECIPITATION (INCHES)
RECORD
 MAXIMUM         9.30   2014
 MINIMUM         0.49   2012
TOTALS           6.47              3.55    2.92     9.30
DAILY AVG.       0.22              0.12    0.10     0.31
DAYS >= .01        17               7.6     9.4        9
DAYS >= .10        12               5.1     6.9        7
DAYS >= .50         4               2.5     1.5        5
DAYS >= 1.00        3               1.2     1.8        3
GREATEST
 24 HR. TOTAL    1.38   04/14 TO 04/15           04/06 TO 04/07
                                                          04/30 TO 04/30
                                                          04/30 TO 04/30

SNOWFALL (INCHES)
RECORDS
 TOTAL             MM   MM
 24 HR TOTAL       MM
TOTALS            0.0               0.0     0.0      0.0
SINCE 7/1         0.0               0.4    -0.4      1.2
SNOWDEPTH AVG.      0                MM      MM        0
DAYS >= TRACE       0               0.0     0.0        0
DAYS >= 1.0         0               0.0     0.0        0
GREATEST
 24 HR TOTAL      0.0   04/30 TO 04/30           04/30 TO 04/30
                                                          04/30 TO 04/30
                                                          04/30 TO 04/30

DEGREE_DAYS
HEATING TOTAL      25                89     -64       79
 SINCE 7/1       2210              2112      98     2334
COOLING TOTAL     120                77      43       68
 SINCE 1/1        149               104      45       71
.................................................

WIND (MPH)
AVERAGE WIND SPEED              5.4
HIGHEST WIND SPEED/DIRECTION    25/230    DATE  04/25
HIGHEST GUST SPEED/DIRECTION    32/210    DATE  04/25

SKY COVER
POSSIBLE SUNSHINE (PERCENT)   MM
AVERAGE SKY COVER           0.40
NUMBER OF DAYS FAIR           15
NUMBER OF DAYS PC              8
NUMBER OF DAYS CLOUDY          7

AVERAGE RH (PERCENT)     69

WEATHER CONDITIONS. NUMBER OF DAYS WITH
THUNDERSTORM              0     MIXED PRECIP               0
HEAVY RAIN               10     RAIN                       8
LIGHT RAIN               17     FREEZING RAIN              0
LT FREEZING RAIN          0     HAIL                       0
HEAVY SNOW                0     SNOW                       0
LIGHT SNOW                0     SLEET                      0
FOG                      16     FOG W/VIS <= 1/4 MILE      1
HAZE                      1

-  INDICATES NEGATIVE NUMBERS.
R  INDICATES RECORD WAS SET OR TIED.
MM INDICATES DATA IS MISSING.
T  INDICATES TRACE AMOUNT.

$$
