000
CXUS51 KILN 011146
CLMCVG


CLIMATE REPORT
NATIONAL WEATHER SERVICE WILMINGTON OH
745 AM EDT SUN MAY 1 2016

...................................

...THE CINCINNATI CLIMATE SUMMARY FOR THE MONTH OF APRIL 2016...

CLIMATE NORMAL PERIOD 1981 TO 2010
CLIMATE RECORD PERIOD 1869 TO 2016

WEATHER         OBSERVED          NORMAL  DEPART  LAST YEAR`S
                 VALUE   DATE(S)  VALUE   FROM    VALUE  DATE(S)
                                          NORMAL
................................................................
TEMPERATURE (F)
RECORD
 HIGH              90   04/11/1930
                        04/24/1925
 LOW               15   04/09/1997
HIGHEST            83   04/19        64      19       MM  MM
                        04/18
LOWEST             26   04/03        43     -17       MM  MM
AVG. MAXIMUM     66.1              64.7     1.4       MM
AVG. MINIMUM     43.9              43.7     0.2       MM
MEAN             55.0              54.2     0.8       MM
DAYS MAX >= 90      0               0.0     0.0       MM
DAYS MAX <= 32      0               0.0     0.0       MM
DAYS MIN <= 32      5               3.3     1.7       MM
DAYS MIN <= 0       0               0.0     0.0       MM

PRECIPITATION (INCHES)
TOTALS           4.88              3.89    0.99       MM
DAILY AVG.       0.16              0.13    0.03       MM
DAYS >= .01        12              12.7    -0.7       MM
DAYS >= .10        10               8.2     1.8       MM
DAYS >= .50         4               2.7     1.3       MM
DAYS >= 1.00        2               0.8     1.2       MM
GREATEST
 24 HR. TOTAL    1.40   03/31 TO 04/01                MM
 STORM TOTAL       MM                                 MM
 (MM/DD(HH))            MM                                MM

SNOWFALL (INCHES)
TOTALS              TR              0.5    -0.5       MM
SINCE 7/1        19.2              22.1    -2.9       MM
DAYS >= TRACE       4               0.6     3.4       MM
DAYS >= 1.0         0               0.3    -0.3       MM
GREATEST
 24 HR TOTAL        TR  04/09 TO 04/09                MM
 STORM TOTAL       MM                                 MM
 (MM/DD(HH))            MM                                MM

DEGREE_DAYS
HEATING TOTAL     311               341     -30       MM
 SINCE 7/1       3973              4834    -861       MM
COOLING TOTAL      18                18       0       MM
 SINCE 1/1         18                18       0       MM
.................................................................

WIND (MPH)
AVERAGE WIND SPEED              9.1
RESULTANT WIND SPEED/DIRECTION   1/253
HIGHEST WIND SPEED/DIRECTION    45/320    DATE  04/26
HIGHEST GUST SPEED/DIRECTION    55/280    DATE  04/02

SKY COVER
AVERAGE SKY COVER           0.60

AVERAGE RH (PERCENT)     62

WEATHER CONDITIONS. NUMBER OF DAYS WITH
THUNDERSTORM              0     MIXED PRECIP               0
HEAVY RAIN                9     RAIN                       6
LIGHT RAIN               15     FREEZING RAIN              0
LT FREEZING RAIN          0     HAIL                       0
HEAVY SNOW                0     SNOW                       0
LIGHT SNOW                3     SLEET                      0
FOG                      16     FOG W/VIS <= 1/4 MILE      4
HAZE                      4

-  INDICATES NEGATIVE NUMBERS.
R  INDICATES RECORD WAS SET OR TIED.
MM INDICATES DATA IS MISSING.
T  INDICATES TRACE AMOUNT.

$$
