000
CXUS53 KUNR 011602
CLMD07


CLIMATE REPORT
NATIONAL WEATHER SERVICE RAPID CITY SD
1002 AM MDT FRI SEP 1 2017

...................................

...THE FAITH SD CLIMATE SUMMARY FOR THE MONTH OF AUGUST 2017...

CLIMATE NORMAL PERIOD 1981 TO 2010
CLIMATE RECORD PERIOD 9999 TO 9999

WEATHER         OBSERVED          NORMAL  DEPART  LAST YEAR`S
                 VALUE   DATE(S)  VALUE   FROM    VALUE  DATE(S)
                                          NORMAL
................................................................
TEMPERATURE (F)
HIGHEST            98   08/19                        100  08/22
LOWEST             47   08/04                         47  08/25
                                                          08/20
AVG. MAXIMUM     82.3              85.4    -3.1     86.0
AVG. MINIMUM     54.7              58.1    -3.4     56.5
MEAN             68.5              71.7    -3.2     71.2
DAYS MAX >= 90      4                                 11
DAYS MAX <= 32      0                                  0
DAYS MIN <= 32      0                                  0
DAYS MIN <= 0       0                                  0

PRECIPITATION (INCHES)
TOTALS           1.06              1.63   -0.57     1.23
DAILY AVG.       0.03              0.05   -0.02     0.04
DAYS >= .01        10                                  5
DAYS >= .10         2                                  2
DAYS >= .50         0                                  1
DAYS >= 1.00        0                                  0
GREATEST
 24 HR. TOTAL    0.38   08/21 TO 08/21              0.88

DEGREE_DAYS
HEATING TOTAL      12                21      -9       26
 SINCE 7/1         12                33     -21       29
COOLING TOTAL     128               230    -102      227
 SINCE 1/1        664               575      89      686
.................................................................

WIND (MPH)
AVERAGE WIND SPEED              11.2
HIGHEST WIND SPEED/DIRECTION    39/330    DATE  08/02
HIGHEST GUST SPEED/DIRECTION    48/330    DATE  08/02

AVERAGE RH (PERCENT)     65


-  INDICATES NEGATIVE NUMBERS.
R  INDICATES RECORD WAS SET OR TIED.
MM INDICATES DATA IS MISSING.
T  INDICATES TRACE AMOUNT.

$$
