000
CXUS52 KMLB 011752
CLMDAB


CLIMATE REPORT
NATIONAL WEATHER SERVICE MELBOURNE FL
1237 PM EDT TUE JUL 1 2014

...................................

...THE DAYTONA BEACH CLIMATE SUMMARY FOR THE MONTH OF JUNE 2014...

CLIMATE NORMAL PERIOD 1981 TO 2010
CLIMATE RECORD PERIOD 1923 TO 2014

WEATHER         OBSERVED          NORMAL  DEPART  LAST YEAR`S
                 VALUE   DATE(S)  VALUE   FROM    VALUE
                                          NORMAL
.............................................................
TEMPERATURE (F)
MONTHLY RECORD
 HOTTEST         84.5   1998
 COLDEST         75.9   1926
DAILY RECORD
 HIGH             102   06/24/1944
 LOW               52   06/02/1984
JUNE 2014
HIGHEST            94   06/28                         94
LOWEST             66   06/05                         71
                        06/04
AVG. MAXIMUM     88.5              88.4     0.1     88.4
AVG. MINIMUM     70.9              71.4    -0.5     73.6
MEAN             79.7              79.9    -0.2     81.0
DAYS MAX >= 90     13               9.8     3.2       12
DAYS MAX <= 32      0               0.0     0.0        0
DAYS MIN <= 32      0               0.0     0.0        0
DAYS MIN <= 0       0               0.0     0.0        0

PRECIPITATION (INCHES)
MONTHLY RECORD
 MAXIMUM        15.44   1930
 MINIMUM         0.54   1931
DAILY RECORD
 MAXIMUM         6.08   06/30/1966
JUNE 2014
TOTALS           3.75              5.83   -2.08     7.40
DAYS >= .01        10              13.3    -3.3       20
DAYS >= .10         6               8.8    -2.8       15
DAYS >= .50         4               4.2    -0.2        6
DAYS >= 1.00        2               1.4     0.6        2
GREATEST
 24 HR. TOTAL    1.31   05/31 TO 06/01

SNOWFALL (INCHES)
TOTALS            0.0               0.0     0.0      0.0
SINCE 7/1         0.0               0.0     0.0      0.0
DAYS >= TRACE       0                                  0

DEGREE_DAYS
HEATING TOTAL       0                 0       0        0
 SINCE 7/1        602               809    -207      694
COOLING TOTAL     448               447       1      488
 SINCE 1/1       1114              1048      66     1140
..............................................................

WIND (MPH)
AVERAGE WIND SPEED              6.1
HIGHEST WIND SPEED/DIRECTION    38/020    DATE  06/24
HIGHEST GUST SPEED/DIRECTION    66/360    DATE  06/24

SKY COVER
POSSIBLE SUNSHINE (PERCENT)   MM
AVERAGE SKY COVER           0.50
NUMBER OF DAYS FAIR            6
NUMBER OF DAYS PC             18
NUMBER OF DAYS CLOUDY          6

AVERAGE RH (PERCENT)     76

WEATHER CONDITIONS. NUMBER OF DAYS WITH
THUNDERSTORM             18     MIXED PRECIP               0
HEAVY RAIN                5     RAIN                       6
LIGHT RAIN               12     LT FREEZING RAIN           0
HAIL                      1     LIGHT SNOW                 0
SLEET                     0     FOG                       10
FOG W/VIS <= 1/4 MILE     0     HAZE                       1

-  INDICATES NEGATIVE NUMBERS.
R  INDICATES RECORD WAS SET OR TIED.
MM INDICATES DATA IS MISSING.
T  INDICATES TRACE AMOUNT.

$$
