000
CXUS53 KDVN 011048
CLMDBQ

CLIMATE REPORT
NATIONAL WEATHER SERVICE QUAD CITIES IA IL
429 AM CST SUN MAR 1 2015

...................................

...THE DUBUQUE CLIMATE SUMMARY FOR THE MONTH OF FEBRUARY 2015...

CLIMATE NORMAL PERIOD 1981 TO 2010
CLIMATE RECORD PERIOD 1873 TO 2015

WEATHER         OBSERVED          NORMAL  DEPART
                 VALUE   DATE(S)  VALUE   FROM
                                          NORMAL
................................................
TEMPERATURE (F)
RECORD
 HIGH              68   02/15/1921
 LOW              -31   02/09/1875
HIGHEST            40   02/07        37       3
LOWEST            -21   02/27        12     -33
AVG. MAXIMUM     20.1              31.6   -11.5
AVG. MINIMUM      0.8              15.8   -15.0
MEAN             10.5              23.7   -13.2
DAYS MAX >= 90      0               0.0     0.0
DAYS MAX <= 32     24              13.8    10.2
DAYS MIN <= 32     28              25.8     2.2
DAYS MIN <= 0      16               3.8    12.2

PRECIPITATION (INCHES)
RECORD
 MAXIMUM         4.09   1911
 MINIMUM         0.07   1995
TOTALS           1.36              1.44   -0.08
DAILY AVG.       0.05              0.05    0.00
DAYS >= .01         5               8.6    -3.6
DAYS >= .10         2
DAYS >= .50         1
DAYS >= 1.00        1               0.2     0.8
GREATEST
 24 HR. TOTAL    1.36   01/31 TO 02/01

SNOWFALL (INCHES)
RECORDS
 TOTAL           32.5   2008
TOTALS           15.4               9.0     6.4
SINCE 7/1        29.6              33.6    -4.0
SNOWDEPTH AVG.      6
DAYS >= TRACE      14               6.4     7.6
DAYS >= 1.0         2               2.8    -0.8
GREATEST
 SNOW DEPTH        11   02/02
 24 HR TOTAL     12.4   01/31 TO 02/01

DEGREE_DAYS
HEATING TOTAL    1520              1156     364
 SINCE 7/1       5848              5393     455
COOLING TOTAL       0                 0       0
 SINCE 1/1          0                 0       0
.................................................

WIND (MPH)
AVERAGE WIND SPEED              11.3
HIGHEST WIND SPEED/DIRECTION    37/330    DATE  02/14
HIGHEST GUST SPEED/DIRECTION    45/320    DATE  02/14

SKY COVER
POSSIBLE SUNSHINE (PERCENT)   MM
AVERAGE SKY COVER           0.40
NUMBER OF DAYS FAIR           12
NUMBER OF DAYS PC             10
NUMBER OF DAYS CLOUDY          6

AVERAGE RH (PERCENT)     73

WEATHER CONDITIONS. NUMBER OF DAYS WITH
THUNDERSTORM              0     HAIL                       0
SLEET                     0     FOG                       15
FOG W/VIS <= 1/4 MILE     2     HAZE                      15

-  INDICATES NEGATIVE NUMBERS.
R  INDICATES RECORD WAS SET OR TIED.
MM INDICATES DATA IS MISSING.
T  INDICATES TRACE AMOUNT.

$$

===================================================================

NOTE: SUPPLEMENTAL CLIMATE DATA WAS USED FROM A NEARBY
CLIMATOLOGICALLY REPRESENTATIVE STATION.

===================================================================

PARAMETER   DATE
---------   ----
   WTR      02/01,02/08,02/10,02/11,02/21
   SNW      ALL OBSERVED SNW ABOVE
12Z DPTH    ALL OBSERVED 12Z DPTH ABOVE
