667
CXUS51 KALY 010657
CLMDDH


CLIMATE REPORT
NATIONAL WEATHER SERVICE ALBANY NY
154 AM EST MON JAN 1 2018

...................................

...THE BENNINGTON VT CLIMATE SUMMARY FOR THE MONTH OF DECEMBER 2017...

CLIMATE NORMAL PERIOD 1981 TO 2010
CLIMATE RECORD PERIOD 9999 TO 9999

WEATHER         OBSERVED          NORMAL  DEPART  LAST YEAR`S
                 VALUE   DATE(S)  VALUE   FROM    VALUE  DATE(S)
                                          NORMAL
................................................................
TEMPERATURE (F)
HIGHEST            56   12/05                         52  12/18
LOWEST            -11R  12/30                         -9  12/16
AVG. MAXIMUM     31.4              35.7    -4.3     36.6
AVG. MINIMUM     16.8              19.5    -2.7     20.4
MEAN             24.1              27.6    -3.5     28.5
DAYS MAX >= 90      0               0.0     0.0        0
DAYS MAX <= 32     17              12.0     5.0        8
DAYS MIN <= 32     29              27.5     1.5       28
DAYS MIN <= 0       5               1.6     3.4        1

PRECIPITATION (INCHES)
TOTALS           2.14              2.79   -0.65     2.09
DAILY AVG.       0.07              0.09   -0.02     0.07
DAYS >= .01        11                                 12
DAYS >= .10         6                                  4
DAYS >= .50         1                                  0
DAYS >= 1.00        0                                  0
GREATEST
 24 HR. TOTAL    0.53   12/23 TO 12/23

DEGREE_DAYS
HEATING TOTAL    1260              1159     101     1123
 SINCE 7/1       2560              2772    -212     2493
COOLING TOTAL       0                 0       0        0
 SINCE 1/1        395               313      82      488

FREEZE DATES
EARLIEST                        10/01
LATEST                          05/10
.................................................................

WIND (MPH)
AVERAGE WIND SPEED              5.2
HIGHEST WIND SPEED/DIRECTION    30/140    DATE  12/25
HIGHEST GUST SPEED/DIRECTION    43/130    DATE  12/25

SKY COVER
AVERAGE SKY COVER           0.60

AVERAGE RH (PERCENT)     68

WEATHER CONDITIONS. NUMBER OF DAYS WITH
THUNDERSTORM              0     MIXED PRECIP               0
HEAVY RAIN                0     RAIN                       1
LIGHT RAIN                7     FREEZING RAIN              0
LT FREEZING RAIN          0     HAIL                       0
HEAVY SNOW                1     SNOW                       3
LIGHT SNOW               16     SLEET                      0
FOG                      19     FOG W/VIS <= 1/4 MILE      1
HAZE                     14

-  INDICATES NEGATIVE NUMBERS.
R  INDICATES RECORD WAS SET OR TIED.
MM INDICATES DATA IS MISSING.
T  INDICATES TRACE AMOUNT.

$$
