000
CXUS54 KFWD 010847
CLMDFW

CLIMATE REPORT
NATIONAL WEATHER SERVICE FORT WORTH TX
347 AM CDT WED OCT 1 2014

...................................

...THE DALLAS FORT WORTH CLIMATE SUMMARY FOR THE MONTH OF SEPTEMBER 2014...

CLIMATE NORMAL PERIOD 1981 TO 2010
CLIMATE RECORD PERIOD 1898 TO 2014

WEATHER         OBSERVED          NORMAL  DEPART  LAST YEAR`S
                 VALUE   DATE(S)  VALUE   FROM    VALUE  DATE(S)
                                          NORMAL
................................................................
TEMPERATURE (F)
RECORD
 HIGH             111   09/04/2000
 LOW               40   09/27/1942
                        09/28/1908
HIGHEST           101   09/10        99       2      104  09/01
LOWEST             56   09/13        53       3       59  09/23
AVG. MAXIMUM     90.1              88.4     1.7     93.1
AVG. MINIMUM     70.4              67.5     2.9     71.6
MEAN             80.3              78.0     2.3     82.4
DAYS MAX >= 90     15              13.8     1.2       22
DAYS MAX <= 32      0               0.0     0.0        0
DAYS MAX >= 100     1                                  4
DAYS MIN <= 32      0               0.0     0.0        0
DAYS MIN <= 0       0               0.0     0.0        0
DAYS MIN >= 80      0                                  1

PRECIPITATION (INCHES)
RECORD
 MAXIMUM        10.80   1932
 MINIMUM         0.09   1984
TOTALS           0.06R             2.55   -2.49     2.72
DAILY AVG.       0.00              0.09   -0.09     0.09
DAYS >= .01         2               5.5    -3.5        5
DAYS >= .10         0               3.7    -3.7        4
DAYS >= .50         0               1.7    -1.7        2
DAYS >= 1.00        0               0.8    -0.8        1
GREATEST
 24 HR. TOTAL    0.04   09/12 TO 09/12              2.03
                        09/11 TO 09/12
                        09/12 TO 09/12

DEGREE_DAYS
HEATING TOTAL       1                 6      -5        0
 SINCE 7/1          1                 6      -5        0
COOLING TOTAL     465               395      70      532
 SINCE 1/1       2721              2577     144     2760
.................................................................

WIND (MPH)
AVERAGE WIND SPEED              8.5
HIGHEST WIND SPEED/DIRECTION    29/310    DATE  09/06
HIGHEST GUST SPEED/DIRECTION    34/290    DATE  09/06

SKY COVER
POSSIBLE SUNSHINE (PERCENT)   MM
AVERAGE SKY COVER           0.50
NUMBER OF DAYS FAIR            8
NUMBER OF DAYS PC             13
NUMBER OF DAYS CLOUDY          9

AVERAGE RH (PERCENT)     61

WEATHER CONDITIONS. NUMBER OF DAYS WITH
THUNDERSTORM              3     MIXED PRECIP               0
HEAVY RAIN                0     RAIN                       0
LIGHT RAIN                7     FREEZING RAIN              0
LT FREEZING RAIN          0     HAIL                       0
HEAVY SNOW                0     SNOW                       0
LIGHT SNOW                0     SLEET                      0
FOG                       5     FOG W/VIS <= 1/4 MILE      0
HAZE                      2

-  INDICATES NEGATIVE NUMBERS.
R  INDICATES RECORD WAS SET OR TIED.
MM INDICATES DATA IS MISSING.
T  INDICATES TRACE AMOUNT.

$$
