000
CXUS53 KDDC 021337
CLMDGC


CLIMATE REPORT
NATIONAL WEATHER SERVICE DODGE CITY KS
832 AM CDT THU OCT 2 2014

...................................

...THE DODGE CITY KS CLIMATE SUMMARY FOR THE MONTH OF SEPTEMBER 2014...

CLIMATE NORMAL PERIOD 1981 TO 2010
CLIMATE RECORD PERIOD 1875 TO 2014

WEATHER         OBSERVED          NORMAL  DEPART  LAST YEAR`S
                 VALUE   DATE(S)  VALUE   FROM    VALUE  DATE(S)
                                          NORMAL
................................................................
TEMPERATURE (F)
RECORD
 HIGH             107   09/01/2011
 LOW               29   09/22/1995
                        09/30/1985
HIGHEST           100   09/09        81      19      101  09/07
LOWEST             35   09/13        57     -22       44  09/29
AVG. MAXIMUM     83.1              82.4     0.7     85.9
AVG. MINIMUM     56.1              56.0     0.1     58.8
MEAN             69.6              69.2     0.4     72.4
DAYS MAX >= 90      7               7.6    -0.6       12
DAYS MAX <= 32      0               0.0     0.0        0
DAYS MIN <= 32      0               0.1    -0.1        0
DAYS MIN <= 0       0               0.0     0.0        0

PRECIPITATION (INCHES)
RECORD
 MAXIMUM         9.26   1906
 MINIMUM         0.01   1998
                        1980
                        1947
TOTALS           1.66              1.67   -0.01     1.12
DAYS >= .01         7               5.7     1.3       10
DAYS >= .10         3               3.0     0.0        4
DAYS >= .50         1               1.1    -0.1        0
DAYS >= 1.00        0               0.5    -0.5        0
GREATEST
 24 HR. TOTAL    0.96   09/23 TO 09/23           09/27 TO 09/28

SNOWFALL (INCHES)
RECORDS
 TOTAL            1.4   1995
 24 HR TOTAL      1.4
 SNOW DEPTH        MM   MM
TOTALS            0.0               0.0     0.0      0.0
SINCE 7/1         0.0               0.0     0.0      0.0
SNOWDEPTH AVG.      0                MM      MM        0
DAYS >= 1.0         0               0.0     0.0        0
GREATEST
 SNOW DEPTH         0   MM                             0  MM
 24 HR TOTAL      0.0   09/30 TO 09/30           09/30 TO 09/30

DEGREE_DAYS
HEATING TOTAL      49                61     -12       16
 SINCE 7/1         62                65      -3       16
COOLING TOTAL     194               187       7      246
 SINCE 1/1       1439              1433       6     1610
.................................................

WIND (MPH)
AVERAGE WIND SPEED              12.8
RESULTANT WIND SPEED/DIRECTION   7/167
HIGHEST WIND SPEED/DIRECTION    36/320    DATE  09/23
HIGHEST GUST SPEED/DIRECTION    48/320    DATE  09/23

SKY COVER
POSSIBLE SUNSHINE (PERCENT)   MM
AVERAGE SKY COVER           0.30
NUMBER OF DAYS FAIR           21
NUMBER OF DAYS PC              8
NUMBER OF DAYS CLOUDY          1


WEATHER CONDITIONS. NUMBER OF DAYS WITH
THUNDERSTORM              4     MIXED PRECIP               0
HEAVY RAIN                2     RAIN                       3
LIGHT RAIN               10     FREEZING RAIN              0
LT FREEZING RAIN          0     HAIL                       0
HEAVY SNOW                0     SNOW                       0
LIGHT SNOW                0     SLEET                      0
FOG                      13     FOG W/VIS <= 1/4 MILE      1
HAZE                      6

-  INDICATES NEGATIVE NUMBERS.
R  INDICATES RECORD WAS SET OR TIED.
MM INDICATES DATA IS MISSING.
T  INDICATES TRACE AMOUNT.

$$
