000
CXUS53 KEAX 012146 RRA
CLMDMO

CLIMATE REPORT
NATIONAL WEATHER SERVICE KANSAS CITY/PLEASANT HILL MO
346 PM CST FRI DEC 1 2017

...................................

...THE SEDALIA CLIMATE SUMMARY FOR THE MONTH OF NOVEMBER 2017...

CLIMATE NORMAL PERIOD 1981 TO 2010
CLIMATE RECORD PERIOD 9999 TO 9999

WEATHER         OBSERVED          NORMAL  DEPART  LAST YEAR`S
                 VALUE   DATE(S)  VALUE   FROM    VALUE  DATE(S)
                                          NORMAL
................................................................
TEMPERATURE (F)
HIGHEST            76   11/24        75       1       84  11/01
LOWEST             20   11/22        17       3       25  11/20
AVG. MAXIMUM     57.7              55.7     2.0     62.9
AVG. MINIMUM     37.3              37.6    -0.3     41.9
MEAN             47.5              46.6     0.9     52.4
DAYS MAX >= 90      0               0.0     0.0        0
DAYS MAX <= 32      0               1.0    -1.0        0
DAYS MIN <= 32     11              14.4    -3.4        4
DAYS MIN <= 0       0               0.1    -0.1        0

PRECIPITATION (INCHES)
TOTALS           0.59              3.10   -2.51     0.42
DAILY AVG.       0.02              0.10   -0.08     0.01
DAYS >= .01         3               8.2    -5.2        6
DAYS >= .10         2               5.0    -3.0        2
DAYS >= .50         0               2.1    -2.1        0
DAYS >= 1.00        0               1.0    -1.0        0
GREATEST
 24 HR. TOTAL    0.29   11/15 TO 11/15

DEGREE_DAYS
HEATING TOTAL     515               554     -39      392
 SINCE 7/1        757               845     -88      507
COOLING TOTAL       0                 3      -3       23
 SINCE 1/1       1491              1490       1     1775
.................................................................

WIND (MPH)
AVERAGE WIND SPEED              9.9
HIGHEST WIND SPEED/DIRECTION    33/340    DATE  11/18
HIGHEST GUST SPEED/DIRECTION    42/330    DATE  11/18

SKY COVER
POSSIBLE SUNSHINE (PERCENT)   MM
AVERAGE SKY COVER           0.40
NUMBER OF DAYS FAIR           14
NUMBER OF DAYS PC             10
NUMBER OF DAYS CLOUDY          6

AVERAGE RH (PERCENT)     68

WEATHER CONDITIONS. NUMBER OF DAYS WITH
THUNDERSTORM              0     MIXED PRECIP               0
HEAVY RAIN                1     RAIN                       1
LIGHT RAIN                6     FREEZING RAIN              0
LT FREEZING RAIN          0     HAIL                       0
HEAVY SNOW                0     SNOW                       0
LIGHT SNOW                0     SLEET                      0
FOG                      11     FOG W/VIS <= 1/4 MILE      1
HAZE                      1

-  INDICATES NEGATIVE NUMBERS.
R  INDICATES RECORD WAS SET OR TIED.
MM INDICATES DATA IS MISSING.
T  INDICATES TRACE AMOUNT.

$$
