000
CXUS52 KCAE 020213 AAA
CLMDNL

CLIMATE REPORT...UPDATED...
NATIONAL WEATHER SERVICE COLUMBIA SC
913 PM EST SUN MAR 1 2015

...................................

...THE AUGUSTA DANIEL FIELD GA CLIMATE SUMMARY FOR THE
   MONTH OF FEBRUARY 2015...

CLIMATE NORMAL PERIOD 1981 TO 2010
CLIMATE RECORD PERIOD 9999 TO 9999

WEATHER         OBSERVED          NORMAL  DEPART
                 VALUE   DATE(S)  VALUE   FROM
                                          NORMAL
................................................
TEMPERATURE (F)
HIGHEST            71   02/08        MM      MM
LOWEST             18R  02/20        MM      MM
AVG. MAXIMUM     55.2              60.4    -5.2
AVG. MINIMUM     35.6              40.7    -5.1
MEAN             45.4              50.6    -5.2
DAYS MAX >= 90      0               0.0     0.0
DAYS MAX <= 32      0               0.0     0.0
DAYS MIN <= 32      9               4.1     4.9
DAYS MIN <= 0       0               0.0     0.0

PRECIPITATION (INCHES)
TOTALS           3.45              4.03   -0.58
DAYS >= .01        11                MM      MM
DAYS >= .10         7                MM      MM
DAYS >= .50         4                MM      MM
DAYS >= 1.00        1                MM      MM
GREATEST
 24 HR. TOTAL    1.24   02/25 TO 02/26

SNOWFALL (INCHES)
DAYS >= TRACE       0

DEGREE_DAYS
HEATING TOTAL     542               407     135
 SINCE 7/1       1855              1813      42
COOLING TOTAL       0                 3      -3
 SINCE 1/1          0                 4      -4
.................................................

WIND (MPH)
AVERAGE WIND SPEED              6.8
RESULTANT WIND SPEED/DIRECTION   1/324
HIGHEST WIND SPEED/DIRECTION    26/300    DATE  02/15
HIGHEST GUST SPEED/DIRECTION    45/300    DATE  02/02

SKY COVER
POSSIBLE SUNSHINE (PERCENT)   MM
AVERAGE SKY COVER           0.40
NUMBER OF DAYS FAIR           15
NUMBER OF DAYS PC              6
NUMBER OF DAYS CLOUDY          7

AVERAGE RH (PERCENT)     57

WEATHER CONDITIONS. NUMBER OF DAYS WITH
THUNDERSTORM              2     MIXED PRECIP               0
HEAVY RAIN                5     RAIN                       9
LIGHT RAIN               14     FREEZING RAIN              0
LT FREEZING RAIN          0     HAIL                       0
HEAVY SNOW                0     SNOW                       0
LIGHT SNOW                1     SLEET                      0
FOG                      11     FOG W/VIS <= 1/4 MILE      0
HAZE                      2

-  INDICATES NEGATIVE NUMBERS.
R  INDICATES RECORD WAS SET OR TIED.
MM INDICATES DATA IS MISSING.
T  INDICATES TRACE AMOUNT.

$$
