209
CXUS52 KCAE 011855
CLMDNL


CLIMATE REPORT
NATIONAL WEATHER SERVICE COLUMBIA SC
230 PM EDT FRI JUL 1 2016

...................................

...THE AUGUSTA DANIEL FIELD GA CLIMATE SUMMARY FOR THE MONTH OF JUNE 2016...

CLIMATE NORMAL PERIOD 1981 TO 2010
CLIMATE RECORD PERIOD 9999 TO 9999

WEATHER         OBSERVED          NORMAL  DEPART
                 VALUE   DATE(S)  VALUE   FROM
                                          NORMAL
................................................
TEMPERATURE (F)
HIGHEST           101   06/24        MM      MM
LOWEST             66   06/20        MM      MM
AVG. MAXIMUM     93.7              89.3     4.4
AVG. MINIMUM     73.8              69.6     4.2
MEAN             83.7              79.4     4.3
DAYS MAX >= 90     24              14.2     9.8
DAYS MAX <= 32      0               0.0     0.0
DAYS MIN <= 32      0               0.0     0.0
DAYS MIN <= 0       0               0.0     0.0

PRECIPITATION (INCHES)
TOTALS           1.12  #           4.29   -3.17  #
DAYS >= .01         8                MM      MM
DAYS >= .10         5                MM      MM
DAYS >= .50         0                MM      MM
DAYS >= 1.00        0                MM      MM
GREATEST
 24 HR. TOTAL    0.28   06/06 TO 06/07

SNOWFALL (INCHES)
DAYS >= TRACE       0

DEGREE_DAYS
HEATING TOTAL       0                 1      -1
 SINCE 7/1       1463              2171    -708
COOLING TOTAL     569               434     135
 SINCE 1/1       1091               791     300
.................................................

WIND (MPH)
AVERAGE WIND SPEED              5.8
RESULTANT WIND SPEED/DIRECTION   1/161
HIGHEST WIND SPEED/DIRECTION    26/310    DATE  06/14
HIGHEST GUST SPEED/DIRECTION    37/040    DATE  06/14

SKY COVER
POSSIBLE SUNSHINE (PERCENT)   MM
AVERAGE SKY COVER           0.20
NUMBER OF DAYS FAIR           25
NUMBER OF DAYS PC              3
NUMBER OF DAYS CLOUDY          2

AVERAGE RH (PERCENT)     60

WEATHER CONDITIONS. NUMBER OF DAYS WITH
THUNDERSTORM              5 *   MIXED PRECIP               0
HEAVY RAIN                4     RAIN                       4
LIGHT RAIN               12     FREEZING RAIN              0
LT FREEZING RAIN          0     HAIL                       0
HEAVY SNOW                0     SNOW                       0
LIGHT SNOW                0     SLEET                      0
FOG                       9     FOG W/VIS <= 1/4 MILE      1
HAZE                      0

-  INDICATES NEGATIVE NUMBERS.
R  INDICATES RECORD WAS SET OR TIED.
MM INDICATES DATA IS MISSING.
T  INDICATES TRACE AMOUNT.

*  INDICATES ONLY A PARTIAL TOTAL FROM THE 16TH THROUGH THE 30TH
#  INDICATES ONLY A PARTIAL TOTAL DUE TO A GAUGE OUTAGE ON THE 14TH

$$
