000
CXUS53 KGID 011632 AAA
CLMEAR

CLIMATE REPORT....UPDATED TO INCLUDE COOP DATA
NATIONAL WEATHER SERVICE HASTINGS NE
1032 AM CST MON JAN 1 2018

...................................

...THE KEARNEY CLIMATE SUMMARY FOR THE MONTH OF DECEMBER 2017...

CLIMATE NORMAL PERIOD 1981 TO 2010
CLIMATE RECORD PERIOD 1894 TO 2017

WEATHER         OBSERVED          NORMAL  DEPART  LAST YEAR`S
                 VALUE   DATE(S)  VALUE   FROM    VALUE  DATE(S)
                                          NORMAL
................................................................
TEMPERATURE (F)
HIGHEST            65   12/10        60       5       55  12/30
LOWEST            -19R  12/27        -5     -14      -13  12/18
AVG. MAXIMUM     38.3              36.8     1.5     38.0
AVG. MINIMUM     16.1              15.1     1.0     15.4
MEAN             27.2              25.9     1.3     26.7
DAYS MAX >= 90      0               0.0     0.0        0
DAYS MAX <= 32     10              10.5    -0.5       10
DAYS MIN <= 32     29              30.7    -1.7       31
DAYS MIN <= 0       4               3.0     1.0        2

PRECIPITATION (INCHES)
TOTALS             MM              0.57      MM       MM
DAILY AVG.         MM              0.02      MM
DAYS >= .01        MM               3.7      MM
DAYS >= .10        MM               1.4      MM
DAYS >= .50        MM               0.2      MM
DAYS >= 1.00       MM               0.0      MM
GREATEST
 24 HR. TOTAL      MM

DEGREE_DAYS
HEATING TOTAL    1167              1210     -43     1181
COOLING TOTAL       0                 0       0        0
.................................................................

WIND (MPH)
AVERAGE WIND SPEED              11.3
HIGHEST WIND SPEED/DIRECTION    38/320     DATE 12/04
HIGHEST GUST SPEED/DIRECTION    MM               MM

AVERAGE RH (PERCENT)     66


-  INDICATES NEGATIVE NUMBERS.
R  INDICATES RECORD WAS SET OR TIED.
MM INDICATES DATA IS MISSING.
T  INDICATES TRACE AMOUNT.

&&

THE PRECIPITATION DATA SHOWN ABOVE IS RECORDED BY THE AUTOMATED
WEATHER OBSERVING SYSTEM AT THE KEARNEY AIRPORT. THE PRECIPITATION
IS DEPICTED FOR A CALENDAR DAY FROM MIDNIGHT TO MIDNIGHT. SNOWFALL
IS NOT RECORDED BY THAT SYSTEM.

THE OFFICIAL PRECIPITATION...SNOWFALL...AND SNOW DEPTH OBSERVATION
FOR KEARNEY IS RECORDED DAILY BY THE COOPERATIVE OBSERVER AT 7 AM.
THAT INFORMATION FOLLOWS...

...KEARNEY 4NE COOPERATIVE OBSERVER REPORT FOR DECEMBER 2017...

PRECIPITATION (IN)
     MONTHLY...............................  0.21
     YEARLY................................ 25.54

SNOWFALL (IN)
     MONTHLY...............................  4.3
     SEASONAL TOTAL (SINCE JULY 1ST).......  4.7

$$

KELLEY
