000
CXUS51 KRLX 030433
CLMEKN


CLIMATE REPORT
NATIONAL WEATHER SERVICE CHARLESTON WV
1232 AM EDT FRI NOV 3 2017

...................................

...THE ELKINS WV CLIMATE SUMMARY FOR THE MONTH OF OCTOBER 2017...

CLIMATE NORMAL PERIOD 1981 TO 2010
CLIMATE RECORD PERIOD 1899 TO 2017

WEATHER         OBSERVED          NORMAL  DEPART  LAST YEAR`S
                 VALUE   DATE(S)  VALUE   FROM    VALUE  DATE(S)
                                          NORMAL
................................................................
TEMPERATURE (F)
RECORD
 HIGH              87   10/03/2005
                        10/02/1927
                        10/06/1900
 LOW               11   10/21/1952
HIGHEST            85   10/07                         83
LOWEST             27   10/27                         30
AVG. MAXIMUM     70.4              64.0     6.4     68.7
AVG. MINIMUM     41.4              38.4     3.0     43.2
MEAN             55.9              51.2     4.7     55.9
DAYS MAX >= 90      0               0.0     0.0        0
DAYS MAX <= 32      0               0.0     0.0
DAYS MIN <= 32      7               9.0    -2.0        1
DAYS MIN <= 0       0               0.0     0.0        0

PRECIPITATION (INCHES)
RECORD
 MAXIMUM         8.43   1954
 MINIMUM         0.26   1924
TOTALS           5.51              2.85    2.66     2.70
DAILY AVG.       0.18              0.09    0.09     0.09
DAYS >= .01        10              11.5    -1.5        9
DAYS >= .10         6               6.6    -0.6        6
DAYS >= .50         5               1.8     3.2        2
DAYS >= 1.00        1               0.2     0.8        1
GREATEST
 24 HR. TOTAL    2.08   10/23 TO 10/23           09/30 TO 10/01
                                                          10/31 TO 10/31
                                                          10/31 TO 10/31
 STORM TOTAL       MM                                 MM
 (MM/DD(HH))            MM                    10/01(00) TO 10/01(00)
                                                 10/31(00) TO 10/31(00)1
                                                 10/31(00) TO 10/31(00)1

SNOWFALL (INCHES)
RECORDS
 TOTAL           18.0   2012
 24 HR TOTAL     10.0   10/30/2012 TO 10/30/2012
 SNOW DEPTH        14   10/31/2012
TOTALS            0.1               0.4    -0.3      0.0
SINCE 7/1         0.1               0.4    -0.3      0.0
SNOWDEPTH AVG.      0                                  0
DAYS >= 1.0         0               0.1    -0.1        0
GREATEST
 SNOW DEPTH         0   MM                             0  MM
 24 HR TOTAL      0.1   10/29 TO 10/29           10/31 TO 10/31
                                                          10/31 TO 10/31
                                                          10/31 TO 10/31

DEGREE_DAYS
HEATING TOTAL     300               431    -131      281
 SINCE 7/1        425               591    -166      303
COOLING TOTAL      25                 4      21        5
 SINCE 1/1        544               475      69      809
..................................................

WIND (MPH)
AVERAGE WIND SPEED              3.6
HIGHEST WIND SPEED/DIRECTION    25/280    DATE  10/11
HIGHEST GUST SPEED/DIRECTION    37/280    DATE  10/11

SKY COVER
POSSIBLE SUNSHINE (PERCENT)   MM
AVERAGE SKY COVER           0.40
NUMBER OF DAYS FAIR           15
NUMBER OF DAYS PC             10
NUMBER OF DAYS CLOUDY          6

AVERAGE RH (PERCENT)     67

WEATHER CONDITIONS. NUMBER OF DAYS WITH
THUNDERSTORM              0     MIXED PRECIP               0
HEAVY RAIN                4     RAIN                       5
LIGHT RAIN               12     FREEZING RAIN              0
LT FREEZING RAIN          0     HAIL                       0
HEAVY SNOW                0     SNOW                       0
LIGHT SNOW                1     SLEET                      0
FOG                      26     FOG W/VIS <= 1/4 MILE     17
HAZE                      1

-  INDICATES NEGATIVE NUMBERS.
R  INDICATES RECORD WAS SET OR TIED.
MM INDICATES DATA IS MISSING.
T  INDICATES TRACE AMOUNT.

$$
