000
CXUS53 KTOP 011430
CLMEMP


CLIMATE REPORT
NATIONAL WEATHER SERVICE TOPEKA KS
928 AM CDT TUE SEP 1 2015

...................................

...THE EMPORIA KS CLIMATE SUMMARY FOR THE MONTH OF AUGUST 2015...

CLIMATE NORMAL PERIOD 1981 TO 2010
CLIMATE RECORD PERIOD 9999 TO 9999

WEATHER         OBSERVED          NORMAL  DEPART  LAST YEAR`S
                 VALUE   DATE(S)  VALUE   FROM    VALUE
                                          NORMAL
.............................................................
TEMPERATURE (F)
HIGHEST            94   08/03                         99
LOWEST             52R  08/25                         56
AVG. MAXIMUM     85.3              89.5    -4.2     91.9
AVG. MINIMUM     63.1              65.7    -2.6     66.7
MEAN             74.2              77.6    -3.4     79.3
DAYS MAX >= 90      7              14.6    -7.6       23
DAYS MAX <= 32      0               0.0     0.0        0
DAYS MIN <= 32      0               0.0     0.0        0
DAYS MIN <= 0       0               0.0     0.0        0

PRECIPITATION (INCHES)
TOTALS           3.58              3.82   -0.24     5.08
DAILY AVG.       0.12                               0.16
DAYS >= .01         8                                  9
DAYS >= .10         6                                  3
DAYS >= .50         3                                  3
DAYS >= 1.00        2                                  3
GREATEST
 24 HR. TOTAL    1.29   08/04 TO 08/05              2.12

DEGREE_DAYS
HEATING TOTAL       0                 1      -1        0
 SINCE 7/1          0                 1      -1        2
COOLING TOTAL     294               392     -98      453
 SINCE 1/1       1179              1208     -29     1203
..............................................................

WIND (MPH)
AVERAGE WIND SPEED              7.8
HIGHEST WIND SPEED/DIRECTION    36/330    DATE  08/23
HIGHEST GUST SPEED/DIRECTION    47/320    DATE  08/23

SKY COVER
POSSIBLE SUNSHINE (PERCENT)   MM
AVERAGE SKY COVER           0.20
NUMBER OF DAYS FAIR           23
NUMBER OF DAYS PC              8
NUMBER OF DAYS CLOUDY          0

AVERAGE RH (PERCENT)     71

WEATHER CONDITIONS. NUMBER OF DAYS WITH
THUNDERSTORM              7     MIXED PRECIP               0
HEAVY RAIN                6     RAIN                       5
LIGHT RAIN                9     FREEZING RAIN              0
LT FREEZING RAIN          0     HEAVY SNOW                 0
SNOW                      0     LIGHT SNOW                 0
FOG                      14     FOG W/VIS <= 1/4 MILE      3
HAZE                      1

-  INDICATES NEGATIVE NUMBERS.
R  INDICATES RECORD WAS SET OR TIED.
MM INDICATES DATA IS MISSING.
T  INDICATES TRACE AMOUNT.

$$
